{"id":12366,"date":"2023-12-26T21:36:38","date_gmt":"2023-12-27T00:36:38","guid":{"rendered":"https:\/\/auna.com.br\/auna\/?post_type=product&#038;p=12366"},"modified":"2023-12-27T14:51:53","modified_gmt":"2023-12-27T17:51:53","slug":"h-33","status":"publish","type":"product","link":"https:\/\/auna.com.br\/auna\/produto\/h-33\/","title":{"rendered":"H-33"},"content":{"rendered":"<p><span>\u00c0 medida que a plataforma Android se desenvolve rapidamente, n\u00f3s da Opticon trabalhamos simultaneamente para fornecer aos nossos clientes computadores m\u00f3veis de \u00faltima gera\u00e7\u00e3o.\u00a0Ap\u00f3s o lan\u00e7amento bem-sucedido do H-28, a Opticon agora oferece nosso mais novo computador m\u00f3vel com recursos Android 9, o H-33 com 4G e GPS.\u00a0Ao integrar solu\u00e7\u00f5es de leitura de c\u00f3digo de barras, an\u00e1lises e servi\u00e7os para setores como log\u00edstica, servi\u00e7os postais, sa\u00fade, merchandising e transporte, os dispositivos Android da Opticon s\u00e3o a solu\u00e7\u00e3o ideal para a for\u00e7a de trabalho m\u00f3vel de hoje.\u00a0Ambos os dispositivos est\u00e3o equipados com um leitor de c\u00f3digo de barras 2D e s\u00e3o compat\u00edveis com Bluetooth 4.1 LE e NFC.\u00a0<\/span><\/p>\n<p><span>Como computador m\u00f3vel, o H-33 \u00e9 equipado com uma c\u00e2mera traseira de 16 MP com foco autom\u00e1tico e flash LED, bateria de alta capacidade para trabalhadores em tr\u00e2nsito e um leitor de \u00faltima gera\u00e7\u00e3o com tecnologias superiores de leitura de c\u00f3digo de barras da Opticon.\u00a0O H-33 \u00e9 resistente \u00e0 poeira e \u00e0 \u00e1gua e foi constru\u00eddo para suportar os ambientes de trabalho mais dif\u00edceis com seu design robusto e classifica\u00e7\u00e3o IP67.\u00a0A tela sens\u00edvel ao toque Gorilla Glass tamb\u00e9m protege os dispositivos contra arranh\u00f5es e estilha\u00e7os.\u00a0Com a op\u00e7\u00e3o de p\u00e1ra-choque adicional, o aparelho pode suportar quedas de at\u00e9 1,8m.<\/span><\/p>\n<h3><span>Como descrevemos o H-33<\/span><\/h3>\n<p><span>Os computadores m\u00f3veis mais ergon\u00f4micos e confi\u00e1veis \u200b\u200bda Opticon que v\u00eam com sistema operacional Android 9.\u00a0O H-33 da Opticon incorpora uma brilhante tela de toque FHD colorida de 5\u201d e uma c\u00e2mera traseira de 16 MP que fornece uma interface amig\u00e1vel com a funcionalidade de um computador e um scanner.<\/span><\/p>\n<p><span>A Opticon fornece suporte completo e imediato atrav\u00e9s do seu escrit\u00f3rio local para todos os nossos dispositivos.\u00a0Com o H-33, voc\u00ea est\u00e1 investindo em um produto totalmente suportado, que inclui garantia de dois anos e contratos de servi\u00e7o adicionais dispon\u00edveis.\u00a0Para aumentar a durabilidade dos computadores m\u00f3veis, est\u00e1 dispon\u00edvel um acess\u00f3rio bumper.<\/span><\/p>\n<h3><span>Caracter\u00edsticas<\/span><\/h3>\n<p><span>Alguns destaques que fazem do H-33 sua solu\u00e7\u00e3o definitiva:<\/span><\/p>\n<ul>\n<li><span>Android 9<\/span><\/li>\n<li><span>Design robusto compat\u00edvel com 4G\/Wi-Fi<\/span><\/li>\n<li><span>Tela sens\u00edvel ao toque FHD colorida de 5 polegadas<\/span><\/li>\n<li><span>64 GB de mem\u00f3ria<\/span><\/li>\n<li><span>C\u00e2mera de 16 MP com foco autom\u00e1tico<\/span><\/li>\n<li><span>Digitaliza\u00e7\u00e3o Opticon de alto desempenho<\/span><\/li>\n<li><span>Servi\u00e7o m\u00f3vel do Google (GMS)<\/span><\/li>\n<li><span>Sempre conectado atrav\u00e9s de dados m\u00f3veis, Wi-Fi ou Bluetooth<\/span><\/li>\n<li><span>Bateria de alta capacidade de 4.000mAh<\/span><\/li>\n<li><span>Taxa de prote\u00e7\u00e3o em IP67<\/span><\/li>\n<li><span>Amortecedor opcional para prote\u00e7\u00e3o contra queda<\/span><\/li>\n<\/ul>\n","protected":false},"excerpt":{"rendered":"<p>\u00c0 medida que a plataforma Android se desenvolve rapidamente, n\u00f3s da Opticon trabalhamos simultaneamente para fornecer aos nossos clientes computadores m\u00f3veis de \u00faltima gera\u00e7\u00e3o.\u00a0Ap\u00f3s o lan\u00e7amento bem-sucedido do H-28, a Opticon agora oferece nosso mais novo computador m\u00f3vel com recursos Android 9, o H-33 com 4G e GPS.\u00a0Ao integrar solu\u00e7\u00f5es de leitura de c\u00f3digo de [&hellip;]<\/p>\n","protected":false},"featured_media":12365,"comment_status":"closed","ping_status":"closed","template":"","meta":[],"product_brand":[],"product_cat":[279],"product_tag":[],"wpstream_actors":[],"wpstream_category":[],"wpstream_movie_rating":[],"class_list":{"0":"post-12366","1":"product","2":"type-product","3":"status-publish","4":"has-post-thumbnail","6":"product_cat-celular-android","8":"first","9":"onbackorder","10":"taxable","11":"shipping-taxable","12":"product-type-simple","13":"czr-hentry"},"yoast_head":"<!-- This site is optimized with the Yoast SEO plugin v27.5 - https:\/\/yoast.com\/product\/yoast-seo-wordpress\/ -->\n<title>H-33 - AUNA Metrologia e Instrumenta\u00e7\u00e3o - Instrumentos de Medi\u00e7\u00e3o, Sensores para Monitoramento e Software para Calibra\u00e7\u00e3o, Ensaio e Inspe\u00e7\u00e3o<\/title>\n<meta name=\"robots\" content=\"index, follow, max-snippet:-1, max-image-preview:large, max-video-preview:-1\" \/>\n<link rel=\"canonical\" href=\"https:\/\/auna.com.br\/auna\/produto\/h-33\/\" \/>\n<meta property=\"og:locale\" content=\"pt_BR\" \/>\n<meta property=\"og:type\" content=\"article\" \/>\n<meta property=\"og:title\" content=\"H-33 - AUNA Metrologia e Instrumenta\u00e7\u00e3o - Instrumentos de Medi\u00e7\u00e3o, Sensores para Monitoramento e Software para Calibra\u00e7\u00e3o, Ensaio e Inspe\u00e7\u00e3o\" \/>\n<meta property=\"og:description\" content=\"\u00c0 medida que a plataforma Android se desenvolve rapidamente, n\u00f3s da Opticon trabalhamos simultaneamente para fornecer aos nossos clientes computadores m\u00f3veis de \u00faltima gera\u00e7\u00e3o.\u00a0Ap\u00f3s o lan\u00e7amento bem-sucedido do H-28, a Opticon agora oferece nosso mais novo computador m\u00f3vel com recursos Android 9, o H-33 com 4G e GPS.\u00a0Ao integrar solu\u00e7\u00f5es de leitura de c\u00f3digo de [&hellip;]\" \/>\n<meta property=\"og:url\" content=\"https:\/\/auna.com.br\/auna\/produto\/h-33\/\" \/>\n<meta property=\"og:site_name\" content=\"AUNA Metrologia e Instrumenta\u00e7\u00e3o - Instrumentos de Medi\u00e7\u00e3o, Sensores para Monitoramento e Software para Calibra\u00e7\u00e3o, Ensaio e Inspe\u00e7\u00e3o\" \/>\n<meta property=\"article:modified_time\" content=\"2023-12-27T17:51:53+00:00\" \/>\n<meta property=\"og:image\" content=\"https:\/\/auna.com.br\/auna\/wp-content\/uploads\/2023\/12\/H-31-Front-Bumper-Android-9-Website-600x600-1.png\" \/>\n\t<meta property=\"og:image:width\" content=\"600\" \/>\n\t<meta property=\"og:image:height\" content=\"600\" \/>\n\t<meta property=\"og:image:type\" content=\"image\/png\" \/>\n<meta name=\"twitter:card\" content=\"summary_large_image\" \/>\n<meta name=\"twitter:label1\" content=\"Est. tempo de leitura\" \/>\n\t<meta name=\"twitter:data1\" content=\"3 minutos\" \/>\n<script type=\"application\/ld+json\" class=\"yoast-schema-graph\">{\"@context\":\"https:\\\/\\\/schema.org\",\"@graph\":[{\"@type\":\"WebPage\",\"@id\":\"https:\\\/\\\/auna.com.br\\\/auna\\\/produto\\\/h-33\\\/\",\"url\":\"https:\\\/\\\/auna.com.br\\\/auna\\\/produto\\\/h-33\\\/\",\"name\":\"H-33 - AUNA Metrologia e Instrumenta\u00e7\u00e3o - Instrumentos de Medi\u00e7\u00e3o, Sensores para Monitoramento e Software para Calibra\u00e7\u00e3o, Ensaio e Inspe\u00e7\u00e3o\",\"isPartOf\":{\"@id\":\"https:\\\/\\\/auna.com.br\\\/auna\\\/#website\"},\"primaryImageOfPage\":{\"@id\":\"https:\\\/\\\/auna.com.br\\\/auna\\\/produto\\\/h-33\\\/#primaryimage\"},\"image\":{\"@id\":\"https:\\\/\\\/auna.com.br\\\/auna\\\/produto\\\/h-33\\\/#primaryimage\"},\"thumbnailUrl\":\"https:\\\/\\\/auna.com.br\\\/auna\\\/wp-content\\\/uploads\\\/2023\\\/12\\\/H-31-Front-Bumper-Android-9-Website-600x600-1.png\",\"datePublished\":\"2023-12-27T00:36:38+00:00\",\"dateModified\":\"2023-12-27T17:51:53+00:00\",\"breadcrumb\":{\"@id\":\"https:\\\/\\\/auna.com.br\\\/auna\\\/produto\\\/h-33\\\/#breadcrumb\"},\"inLanguage\":\"pt-BR\",\"potentialAction\":[{\"@type\":\"ReadAction\",\"target\":[\"https:\\\/\\\/auna.com.br\\\/auna\\\/produto\\\/h-33\\\/\"]}]},{\"@type\":\"ImageObject\",\"inLanguage\":\"pt-BR\",\"@id\":\"https:\\\/\\\/auna.com.br\\\/auna\\\/produto\\\/h-33\\\/#primaryimage\",\"url\":\"https:\\\/\\\/auna.com.br\\\/auna\\\/wp-content\\\/uploads\\\/2023\\\/12\\\/H-31-Front-Bumper-Android-9-Website-600x600-1.png\",\"contentUrl\":\"https:\\\/\\\/auna.com.br\\\/auna\\\/wp-content\\\/uploads\\\/2023\\\/12\\\/H-31-Front-Bumper-Android-9-Website-600x600-1.png\",\"width\":600,\"height\":600},{\"@type\":\"BreadcrumbList\",\"@id\":\"https:\\\/\\\/auna.com.br\\\/auna\\\/produto\\\/h-33\\\/#breadcrumb\",\"itemListElement\":[{\"@type\":\"ListItem\",\"position\":1,\"name\":\"In\u00edcio\",\"item\":\"https:\\\/\\\/auna.com.br\\\/auna\\\/\"},{\"@type\":\"ListItem\",\"position\":2,\"name\":\"Instrumentos\",\"item\":\"https:\\\/\\\/auna.com.br\\\/auna\\\/loja\\\/\"},{\"@type\":\"ListItem\",\"position\":3,\"name\":\"H-33\"}]},{\"@type\":\"WebSite\",\"@id\":\"https:\\\/\\\/auna.com.br\\\/auna\\\/#website\",\"url\":\"https:\\\/\\\/auna.com.br\\\/auna\\\/\",\"name\":\"AUNA Metrologia e Instrumenta\u00e7\u00e3o - Instrumentos de Medi\u00e7\u00e3o, Sensores para Monitoramento e Software para Calibra\u00e7\u00e3o, Ensaio e Inspe\u00e7\u00e3o\",\"description\":\"comercial@auna.com.br || +55 15 9 8129-4041\",\"publisher\":{\"@id\":\"https:\\\/\\\/auna.com.br\\\/auna\\\/#organization\"},\"potentialAction\":[{\"@type\":\"SearchAction\",\"target\":{\"@type\":\"EntryPoint\",\"urlTemplate\":\"https:\\\/\\\/auna.com.br\\\/auna\\\/?s={search_term_string}\"},\"query-input\":{\"@type\":\"PropertyValueSpecification\",\"valueRequired\":true,\"valueName\":\"search_term_string\"}}],\"inLanguage\":\"pt-BR\"},{\"@type\":\"Organization\",\"@id\":\"https:\\\/\\\/auna.com.br\\\/auna\\\/#organization\",\"name\":\"AUNA Metrologia e Instrumenta\u00e7\u00e3o - Instrumentos de Medi\u00e7\u00e3o, Sensores para Monitoramento e Software para Calibra\u00e7\u00e3o, Ensaio e Inspe\u00e7\u00e3o\",\"url\":\"https:\\\/\\\/auna.com.br\\\/auna\\\/\",\"logo\":{\"@type\":\"ImageObject\",\"inLanguage\":\"pt-BR\",\"@id\":\"https:\\\/\\\/auna.com.br\\\/auna\\\/#\\\/schema\\\/logo\\\/image\\\/\",\"url\":\"https:\\\/\\\/auna.com.br\\\/auna\\\/wp-content\\\/uploads\\\/2023\\\/03\\\/cropped-AUNA_Logo_Transparente.png\",\"contentUrl\":\"https:\\\/\\\/auna.com.br\\\/auna\\\/wp-content\\\/uploads\\\/2023\\\/03\\\/cropped-AUNA_Logo_Transparente.png\",\"width\":960,\"height\":430,\"caption\":\"AUNA Metrologia e Instrumenta\u00e7\u00e3o - Instrumentos de Medi\u00e7\u00e3o, Sensores para Monitoramento e Software para Calibra\u00e7\u00e3o, Ensaio e Inspe\u00e7\u00e3o\"},\"image\":{\"@id\":\"https:\\\/\\\/auna.com.br\\\/auna\\\/#\\\/schema\\\/logo\\\/image\\\/\"}}]}<\/script>\n<!-- \/ Yoast SEO plugin. -->","yoast_head_json":{"title":"H-33 - AUNA Metrologia e Instrumenta\u00e7\u00e3o - Instrumentos de Medi\u00e7\u00e3o, Sensores para Monitoramento e Software para Calibra\u00e7\u00e3o, Ensaio e Inspe\u00e7\u00e3o","robots":{"index":"index","follow":"follow","max-snippet":"max-snippet:-1","max-image-preview":"max-image-preview:large","max-video-preview":"max-video-preview:-1"},"canonical":"https:\/\/auna.com.br\/auna\/produto\/h-33\/","og_locale":"pt_BR","og_type":"article","og_title":"H-33 - AUNA Metrologia e Instrumenta\u00e7\u00e3o - Instrumentos de Medi\u00e7\u00e3o, Sensores para Monitoramento e Software para Calibra\u00e7\u00e3o, Ensaio e Inspe\u00e7\u00e3o","og_description":"\u00c0 medida que a plataforma Android se desenvolve rapidamente, n\u00f3s da Opticon trabalhamos simultaneamente para fornecer aos nossos clientes computadores m\u00f3veis de \u00faltima gera\u00e7\u00e3o.\u00a0Ap\u00f3s o lan\u00e7amento bem-sucedido do H-28, a Opticon agora oferece nosso mais novo computador m\u00f3vel com recursos Android 9, o H-33 com 4G e GPS.\u00a0Ao integrar solu\u00e7\u00f5es de leitura de c\u00f3digo de [&hellip;]","og_url":"https:\/\/auna.com.br\/auna\/produto\/h-33\/","og_site_name":"AUNA Metrologia e Instrumenta\u00e7\u00e3o - Instrumentos de Medi\u00e7\u00e3o, Sensores para Monitoramento e Software para Calibra\u00e7\u00e3o, Ensaio e Inspe\u00e7\u00e3o","article_modified_time":"2023-12-27T17:51:53+00:00","og_image":[{"width":600,"height":600,"url":"https:\/\/auna.com.br\/auna\/wp-content\/uploads\/2023\/12\/H-31-Front-Bumper-Android-9-Website-600x600-1.png","type":"image\/png"}],"twitter_card":"summary_large_image","twitter_misc":{"Est. tempo de leitura":"3 minutos"},"schema":{"@context":"https:\/\/schema.org","@graph":[{"@type":"WebPage","@id":"https:\/\/auna.com.br\/auna\/produto\/h-33\/","url":"https:\/\/auna.com.br\/auna\/produto\/h-33\/","name":"H-33 - AUNA Metrologia e Instrumenta\u00e7\u00e3o - Instrumentos de Medi\u00e7\u00e3o, Sensores para Monitoramento e Software para Calibra\u00e7\u00e3o, Ensaio e Inspe\u00e7\u00e3o","isPartOf":{"@id":"https:\/\/auna.com.br\/auna\/#website"},"primaryImageOfPage":{"@id":"https:\/\/auna.com.br\/auna\/produto\/h-33\/#primaryimage"},"image":{"@id":"https:\/\/auna.com.br\/auna\/produto\/h-33\/#primaryimage"},"thumbnailUrl":"https:\/\/auna.com.br\/auna\/wp-content\/uploads\/2023\/12\/H-31-Front-Bumper-Android-9-Website-600x600-1.png","datePublished":"2023-12-27T00:36:38+00:00","dateModified":"2023-12-27T17:51:53+00:00","breadcrumb":{"@id":"https:\/\/auna.com.br\/auna\/produto\/h-33\/#breadcrumb"},"inLanguage":"pt-BR","potentialAction":[{"@type":"ReadAction","target":["https:\/\/auna.com.br\/auna\/produto\/h-33\/"]}]},{"@type":"ImageObject","inLanguage":"pt-BR","@id":"https:\/\/auna.com.br\/auna\/produto\/h-33\/#primaryimage","url":"https:\/\/auna.com.br\/auna\/wp-content\/uploads\/2023\/12\/H-31-Front-Bumper-Android-9-Website-600x600-1.png","contentUrl":"https:\/\/auna.com.br\/auna\/wp-content\/uploads\/2023\/12\/H-31-Front-Bumper-Android-9-Website-600x600-1.png","width":600,"height":600},{"@type":"BreadcrumbList","@id":"https:\/\/auna.com.br\/auna\/produto\/h-33\/#breadcrumb","itemListElement":[{"@type":"ListItem","position":1,"name":"In\u00edcio","item":"https:\/\/auna.com.br\/auna\/"},{"@type":"ListItem","position":2,"name":"Instrumentos","item":"https:\/\/auna.com.br\/auna\/loja\/"},{"@type":"ListItem","position":3,"name":"H-33"}]},{"@type":"WebSite","@id":"https:\/\/auna.com.br\/auna\/#website","url":"https:\/\/auna.com.br\/auna\/","name":"AUNA Metrologia e Instrumenta\u00e7\u00e3o - Instrumentos de Medi\u00e7\u00e3o, Sensores para Monitoramento e Software para Calibra\u00e7\u00e3o, Ensaio e Inspe\u00e7\u00e3o","description":"comercial@auna.com.br || +55 15 9 8129-4041","publisher":{"@id":"https:\/\/auna.com.br\/auna\/#organization"},"potentialAction":[{"@type":"SearchAction","target":{"@type":"EntryPoint","urlTemplate":"https:\/\/auna.com.br\/auna\/?s={search_term_string}"},"query-input":{"@type":"PropertyValueSpecification","valueRequired":true,"valueName":"search_term_string"}}],"inLanguage":"pt-BR"},{"@type":"Organization","@id":"https:\/\/auna.com.br\/auna\/#organization","name":"AUNA Metrologia e Instrumenta\u00e7\u00e3o - Instrumentos de Medi\u00e7\u00e3o, Sensores para Monitoramento e Software para Calibra\u00e7\u00e3o, Ensaio e Inspe\u00e7\u00e3o","url":"https:\/\/auna.com.br\/auna\/","logo":{"@type":"ImageObject","inLanguage":"pt-BR","@id":"https:\/\/auna.com.br\/auna\/#\/schema\/logo\/image\/","url":"https:\/\/auna.com.br\/auna\/wp-content\/uploads\/2023\/03\/cropped-AUNA_Logo_Transparente.png","contentUrl":"https:\/\/auna.com.br\/auna\/wp-content\/uploads\/2023\/03\/cropped-AUNA_Logo_Transparente.png","width":960,"height":430,"caption":"AUNA Metrologia e Instrumenta\u00e7\u00e3o - Instrumentos de Medi\u00e7\u00e3o, Sensores para Monitoramento e Software para Calibra\u00e7\u00e3o, Ensaio e Inspe\u00e7\u00e3o"},"image":{"@id":"https:\/\/auna.com.br\/auna\/#\/schema\/logo\/image\/"}}]}},"_links":{"self":[{"href":"https:\/\/auna.com.br\/auna\/wp-json\/wp\/v2\/product\/12366","targetHints":{"allow":["GET"]}}],"collection":[{"href":"https:\/\/auna.com.br\/auna\/wp-json\/wp\/v2\/product"}],"about":[{"href":"https:\/\/auna.com.br\/auna\/wp-json\/wp\/v2\/types\/product"}],"replies":[{"embeddable":true,"href":"https:\/\/auna.com.br\/auna\/wp-json\/wp\/v2\/comments?post=12366"}],"wp:featuredmedia":[{"embeddable":true,"href":"https:\/\/auna.com.br\/auna\/wp-json\/wp\/v2\/media\/12365"}],"wp:attachment":[{"href":"https:\/\/auna.com.br\/auna\/wp-json\/wp\/v2\/media?parent=12366"}],"wp:term":[{"taxonomy":"product_brand","embeddable":true,"href":"https:\/\/auna.com.br\/auna\/wp-json\/wp\/v2\/product_brand?post=12366"},{"taxonomy":"product_cat","embeddable":true,"href":"https:\/\/auna.com.br\/auna\/wp-json\/wp\/v2\/product_cat?post=12366"},{"taxonomy":"product_tag","embeddable":true,"href":"https:\/\/auna.com.br\/auna\/wp-json\/wp\/v2\/product_tag?post=12366"},{"taxonomy":"wpstream_actors","embeddable":true,"href":"https:\/\/auna.com.br\/auna\/wp-json\/wp\/v2\/wpstream_actors?post=12366"},{"taxonomy":"wpstream_category","embeddable":true,"href":"https:\/\/auna.com.br\/auna\/wp-json\/wp\/v2\/wpstream_category?post=12366"},{"taxonomy":"wpstream_movie_rating","embeddable":true,"href":"https:\/\/auna.com.br\/auna\/wp-json\/wp\/v2\/wpstream_movie_rating?post=12366"}],"curies":[{"name":"wp","href":"https:\/\/api.w.org\/{rel}","templated":true}]}}