{"id":12385,"date":"2023-12-26T22:59:35","date_gmt":"2023-12-27T01:59:35","guid":{"rendered":"https:\/\/auna.com.br\/auna\/?post_type=product&#038;p=12385"},"modified":"2023-12-27T14:51:51","modified_gmt":"2023-12-27T17:51:51","slug":"ee-293r","status":"publish","type":"product","link":"https:\/\/auna.com.br\/auna\/produto\/ee-293r\/","title":{"rendered":"EE-293R"},"content":{"rendered":"<p><span>O EE-293R \u00e9 um display de alta resolu\u00e7\u00e3o totalmente gr\u00e1fico baseado em papel eletr\u00f4nico.\u00a0Oferecemos esta linha com display preto, branco e vermelho complementar para atrair mais aten\u00e7\u00e3o dos clientes.\u00a0Gra\u00e7as ao alto contraste do display \u00e9 ainda poss\u00edvel ler c\u00f3digos de barras no display usando um leitor de c\u00f3digo de barras Opticon.\u00a0Como o display s\u00f3 consome energia durante a transmiss\u00e3o de r\u00e1dio e atualiza\u00e7\u00f5es do display, o Opticon pode garantir uma vida \u00fatil da bateria de at\u00e9 5 anos em temperatura ambiente com 2 atualiza\u00e7\u00f5es por dia.<\/span><\/p>\n<h3><span>Comunica\u00e7\u00e3o<\/span><\/h3>\n<p><span>A solu\u00e7\u00e3o da Opticon inclui o hardware e software necess\u00e1rios para gerenciar e comunicar bidirecionalmente com os ESLs.\u00a0A infraestrutura leve \u00e9 \u200b\u200bf\u00e1cil de implantar, exigindo apenas a instala\u00e7\u00e3o da esta\u00e7\u00e3o base, eliminando servidores de back-office caros.\u00a0O software Opticon ESL Server dedicado monitorar\u00e1 todos os seus ESLs e esta\u00e7\u00f5es base automaticamente e ainda lhe dar\u00e1 controle total a partir de um local centralizado.<\/span><\/p>\n<h3><span>Instala\u00e7\u00e3o<\/span><\/h3>\n<p><span>Outra mais-valia \u00e9 a facilidade de parcelamento.\u00a0Voc\u00ea simplesmente precisa do trilho Opticon dedicado e de um trilho de prateleira que o acompanha, dependendo do seu sistema de prateleira.\u00a0Este trilho dedicado \u00e9 compat\u00edvel com a maioria dos fornecedores conhecidos de sistemas de gerenciamento de prateleiras que oferecem uma ampla variedade de acess\u00f3rios, tornando-o uma solu\u00e7\u00e3o despreocupada sem comprometer o espa\u00e7o nas prateleiras.\u00a0No cat\u00e1logo\u00a0<\/span><span>de acess\u00f3rios da linha EE<\/span><span>\u00a0voc\u00ea encontrar\u00e1 diversos trilhos e suportes compat\u00edveis com toda a linha EE.<\/span><\/p>\n<h3><span>Recursos do EE-293R<\/span><\/h3>\n<ul>\n<li><span>Tela compacta de alta resolu\u00e7\u00e3o<\/span><\/li>\n<li><span>Consumo de energia extremamente baixo<\/span><\/li>\n<li><span>Visor vermelho gratuito<\/span><\/li>\n<li><span>2,4GHz<\/span><\/li>\n<li><span>IP54<\/span><\/li>\n<\/ul>\n<p><span>Podemos imaginar que voc\u00ea deseja saber mais sobre nosso mais recente EE-293R ou sobre nossa linha EE completa.\u00a0Assista a um v\u00eddeo para saber mais sobre nossas solu\u00e7\u00f5es ESL: Clique aqui!<\/span><\/p>\n<p><span>Contate seu representante local, eles ter\u00e3o prazer em fornecer todas as informa\u00e7\u00f5es que voc\u00ea precisa.\u00a0Como temos a sua aten\u00e7\u00e3o, n\u00e3o queremos que perca a nossa popular gama PE, \u00e9 uma solu\u00e7\u00e3o ESL bastante inovadora que cria um n\u00edvel totalmente novo de experi\u00eancia do cliente, como um novo m\u00e9todo de pagamento.<\/span><\/p>\n","protected":false},"excerpt":{"rendered":"<p>O EE-293R \u00e9 um display de alta resolu\u00e7\u00e3o totalmente gr\u00e1fico baseado em papel eletr\u00f4nico.\u00a0Oferecemos esta linha com display preto, branco e vermelho complementar para atrair mais aten\u00e7\u00e3o dos clientes.\u00a0Gra\u00e7as ao alto contraste do display \u00e9 ainda poss\u00edvel ler c\u00f3digos de barras no display usando um leitor de c\u00f3digo de barras Opticon.\u00a0Como o display s\u00f3 consome [&hellip;]<\/p>\n","protected":false},"featured_media":12386,"comment_status":"closed","ping_status":"closed","template":"","meta":[],"product_brand":[],"product_cat":[280],"product_tag":[],"wpstream_actors":[],"wpstream_category":[],"wpstream_movie_rating":[],"class_list":{"0":"post-12385","1":"product","2":"type-product","3":"status-publish","4":"has-post-thumbnail","6":"product_cat-produtos-para-exibicao","8":"first","9":"onbackorder","10":"taxable","11":"shipping-taxable","12":"product-type-simple","13":"czr-hentry"},"yoast_head":"<!-- This site is optimized with the Yoast SEO plugin v27.5 - https:\/\/yoast.com\/product\/yoast-seo-wordpress\/ -->\n<title>EE-293R - AUNA Metrologia e Instrumenta\u00e7\u00e3o - Instrumentos de Medi\u00e7\u00e3o, Sensores para Monitoramento e Software para Calibra\u00e7\u00e3o, Ensaio e Inspe\u00e7\u00e3o<\/title>\n<meta name=\"robots\" content=\"index, follow, max-snippet:-1, max-image-preview:large, max-video-preview:-1\" \/>\n<link rel=\"canonical\" href=\"https:\/\/auna.com.br\/auna\/produto\/ee-293r\/\" \/>\n<meta property=\"og:locale\" content=\"pt_BR\" \/>\n<meta property=\"og:type\" content=\"article\" \/>\n<meta property=\"og:title\" content=\"EE-293R - AUNA Metrologia e Instrumenta\u00e7\u00e3o - Instrumentos de Medi\u00e7\u00e3o, Sensores para Monitoramento e Software para Calibra\u00e7\u00e3o, Ensaio e Inspe\u00e7\u00e3o\" \/>\n<meta property=\"og:description\" content=\"O EE-293R \u00e9 um display de alta resolu\u00e7\u00e3o totalmente gr\u00e1fico baseado em papel eletr\u00f4nico.\u00a0Oferecemos esta linha com display preto, branco e vermelho complementar para atrair mais aten\u00e7\u00e3o dos clientes.\u00a0Gra\u00e7as ao alto contraste do display \u00e9 ainda poss\u00edvel ler c\u00f3digos de barras no display usando um leitor de c\u00f3digo de barras Opticon.\u00a0Como o display s\u00f3 consome [&hellip;]\" \/>\n<meta property=\"og:url\" content=\"https:\/\/auna.com.br\/auna\/produto\/ee-293r\/\" \/>\n<meta property=\"og:site_name\" content=\"AUNA Metrologia e Instrumenta\u00e7\u00e3o - Instrumentos de Medi\u00e7\u00e3o, Sensores para Monitoramento e Software para Calibra\u00e7\u00e3o, Ensaio e Inspe\u00e7\u00e3o\" \/>\n<meta property=\"article:modified_time\" content=\"2023-12-27T17:51:51+00:00\" \/>\n<meta property=\"og:image\" content=\"https:\/\/auna.com.br\/auna\/wp-content\/uploads\/2023\/12\/EE-293R-Front-600x600-1.png\" \/>\n\t<meta property=\"og:image:width\" content=\"600\" \/>\n\t<meta property=\"og:image:height\" content=\"600\" \/>\n\t<meta property=\"og:image:type\" content=\"image\/png\" \/>\n<meta name=\"twitter:card\" content=\"summary_large_image\" \/>\n<meta name=\"twitter:label1\" content=\"Est. tempo de leitura\" \/>\n\t<meta name=\"twitter:data1\" content=\"3 minutos\" \/>\n<script type=\"application\/ld+json\" class=\"yoast-schema-graph\">{\"@context\":\"https:\\\/\\\/schema.org\",\"@graph\":[{\"@type\":\"WebPage\",\"@id\":\"https:\\\/\\\/auna.com.br\\\/auna\\\/produto\\\/ee-293r\\\/\",\"url\":\"https:\\\/\\\/auna.com.br\\\/auna\\\/produto\\\/ee-293r\\\/\",\"name\":\"EE-293R - AUNA Metrologia e Instrumenta\u00e7\u00e3o - Instrumentos de Medi\u00e7\u00e3o, Sensores para Monitoramento e Software para Calibra\u00e7\u00e3o, Ensaio e Inspe\u00e7\u00e3o\",\"isPartOf\":{\"@id\":\"https:\\\/\\\/auna.com.br\\\/auna\\\/#website\"},\"primaryImageOfPage\":{\"@id\":\"https:\\\/\\\/auna.com.br\\\/auna\\\/produto\\\/ee-293r\\\/#primaryimage\"},\"image\":{\"@id\":\"https:\\\/\\\/auna.com.br\\\/auna\\\/produto\\\/ee-293r\\\/#primaryimage\"},\"thumbnailUrl\":\"https:\\\/\\\/auna.com.br\\\/auna\\\/wp-content\\\/uploads\\\/2023\\\/12\\\/EE-293R-Front-600x600-1.png\",\"datePublished\":\"2023-12-27T01:59:35+00:00\",\"dateModified\":\"2023-12-27T17:51:51+00:00\",\"breadcrumb\":{\"@id\":\"https:\\\/\\\/auna.com.br\\\/auna\\\/produto\\\/ee-293r\\\/#breadcrumb\"},\"inLanguage\":\"pt-BR\",\"potentialAction\":[{\"@type\":\"ReadAction\",\"target\":[\"https:\\\/\\\/auna.com.br\\\/auna\\\/produto\\\/ee-293r\\\/\"]}]},{\"@type\":\"ImageObject\",\"inLanguage\":\"pt-BR\",\"@id\":\"https:\\\/\\\/auna.com.br\\\/auna\\\/produto\\\/ee-293r\\\/#primaryimage\",\"url\":\"https:\\\/\\\/auna.com.br\\\/auna\\\/wp-content\\\/uploads\\\/2023\\\/12\\\/EE-293R-Front-600x600-1.png\",\"contentUrl\":\"https:\\\/\\\/auna.com.br\\\/auna\\\/wp-content\\\/uploads\\\/2023\\\/12\\\/EE-293R-Front-600x600-1.png\",\"width\":600,\"height\":600},{\"@type\":\"BreadcrumbList\",\"@id\":\"https:\\\/\\\/auna.com.br\\\/auna\\\/produto\\\/ee-293r\\\/#breadcrumb\",\"itemListElement\":[{\"@type\":\"ListItem\",\"position\":1,\"name\":\"In\u00edcio\",\"item\":\"https:\\\/\\\/auna.com.br\\\/auna\\\/\"},{\"@type\":\"ListItem\",\"position\":2,\"name\":\"Instrumentos\",\"item\":\"https:\\\/\\\/auna.com.br\\\/auna\\\/loja\\\/\"},{\"@type\":\"ListItem\",\"position\":3,\"name\":\"EE-293R\"}]},{\"@type\":\"WebSite\",\"@id\":\"https:\\\/\\\/auna.com.br\\\/auna\\\/#website\",\"url\":\"https:\\\/\\\/auna.com.br\\\/auna\\\/\",\"name\":\"AUNA Metrologia e Instrumenta\u00e7\u00e3o - Instrumentos de Medi\u00e7\u00e3o, Sensores para Monitoramento e Software para Calibra\u00e7\u00e3o, Ensaio e Inspe\u00e7\u00e3o\",\"description\":\"comercial@auna.com.br || +55 15 9 8129-4041\",\"publisher\":{\"@id\":\"https:\\\/\\\/auna.com.br\\\/auna\\\/#organization\"},\"potentialAction\":[{\"@type\":\"SearchAction\",\"target\":{\"@type\":\"EntryPoint\",\"urlTemplate\":\"https:\\\/\\\/auna.com.br\\\/auna\\\/?s={search_term_string}\"},\"query-input\":{\"@type\":\"PropertyValueSpecification\",\"valueRequired\":true,\"valueName\":\"search_term_string\"}}],\"inLanguage\":\"pt-BR\"},{\"@type\":\"Organization\",\"@id\":\"https:\\\/\\\/auna.com.br\\\/auna\\\/#organization\",\"name\":\"AUNA Metrologia e Instrumenta\u00e7\u00e3o - Instrumentos de Medi\u00e7\u00e3o, Sensores para Monitoramento e Software para Calibra\u00e7\u00e3o, Ensaio e Inspe\u00e7\u00e3o\",\"url\":\"https:\\\/\\\/auna.com.br\\\/auna\\\/\",\"logo\":{\"@type\":\"ImageObject\",\"inLanguage\":\"pt-BR\",\"@id\":\"https:\\\/\\\/auna.com.br\\\/auna\\\/#\\\/schema\\\/logo\\\/image\\\/\",\"url\":\"https:\\\/\\\/auna.com.br\\\/auna\\\/wp-content\\\/uploads\\\/2023\\\/03\\\/cropped-AUNA_Logo_Transparente.png\",\"contentUrl\":\"https:\\\/\\\/auna.com.br\\\/auna\\\/wp-content\\\/uploads\\\/2023\\\/03\\\/cropped-AUNA_Logo_Transparente.png\",\"width\":960,\"height\":430,\"caption\":\"AUNA Metrologia e Instrumenta\u00e7\u00e3o - Instrumentos de Medi\u00e7\u00e3o, Sensores para Monitoramento e Software para Calibra\u00e7\u00e3o, Ensaio e Inspe\u00e7\u00e3o\"},\"image\":{\"@id\":\"https:\\\/\\\/auna.com.br\\\/auna\\\/#\\\/schema\\\/logo\\\/image\\\/\"}}]}<\/script>\n<!-- \/ Yoast SEO plugin. -->","yoast_head_json":{"title":"EE-293R - AUNA Metrologia e Instrumenta\u00e7\u00e3o - Instrumentos de Medi\u00e7\u00e3o, Sensores para Monitoramento e Software para Calibra\u00e7\u00e3o, Ensaio e Inspe\u00e7\u00e3o","robots":{"index":"index","follow":"follow","max-snippet":"max-snippet:-1","max-image-preview":"max-image-preview:large","max-video-preview":"max-video-preview:-1"},"canonical":"https:\/\/auna.com.br\/auna\/produto\/ee-293r\/","og_locale":"pt_BR","og_type":"article","og_title":"EE-293R - AUNA Metrologia e Instrumenta\u00e7\u00e3o - Instrumentos de Medi\u00e7\u00e3o, Sensores para Monitoramento e Software para Calibra\u00e7\u00e3o, Ensaio e Inspe\u00e7\u00e3o","og_description":"O EE-293R \u00e9 um display de alta resolu\u00e7\u00e3o totalmente gr\u00e1fico baseado em papel eletr\u00f4nico.\u00a0Oferecemos esta linha com display preto, branco e vermelho complementar para atrair mais aten\u00e7\u00e3o dos clientes.\u00a0Gra\u00e7as ao alto contraste do display \u00e9 ainda poss\u00edvel ler c\u00f3digos de barras no display usando um leitor de c\u00f3digo de barras Opticon.\u00a0Como o display s\u00f3 consome [&hellip;]","og_url":"https:\/\/auna.com.br\/auna\/produto\/ee-293r\/","og_site_name":"AUNA Metrologia e Instrumenta\u00e7\u00e3o - Instrumentos de Medi\u00e7\u00e3o, Sensores para Monitoramento e Software para Calibra\u00e7\u00e3o, Ensaio e Inspe\u00e7\u00e3o","article_modified_time":"2023-12-27T17:51:51+00:00","og_image":[{"width":600,"height":600,"url":"https:\/\/auna.com.br\/auna\/wp-content\/uploads\/2023\/12\/EE-293R-Front-600x600-1.png","type":"image\/png"}],"twitter_card":"summary_large_image","twitter_misc":{"Est. tempo de leitura":"3 minutos"},"schema":{"@context":"https:\/\/schema.org","@graph":[{"@type":"WebPage","@id":"https:\/\/auna.com.br\/auna\/produto\/ee-293r\/","url":"https:\/\/auna.com.br\/auna\/produto\/ee-293r\/","name":"EE-293R - AUNA Metrologia e Instrumenta\u00e7\u00e3o - Instrumentos de Medi\u00e7\u00e3o, Sensores para Monitoramento e Software para Calibra\u00e7\u00e3o, Ensaio e Inspe\u00e7\u00e3o","isPartOf":{"@id":"https:\/\/auna.com.br\/auna\/#website"},"primaryImageOfPage":{"@id":"https:\/\/auna.com.br\/auna\/produto\/ee-293r\/#primaryimage"},"image":{"@id":"https:\/\/auna.com.br\/auna\/produto\/ee-293r\/#primaryimage"},"thumbnailUrl":"https:\/\/auna.com.br\/auna\/wp-content\/uploads\/2023\/12\/EE-293R-Front-600x600-1.png","datePublished":"2023-12-27T01:59:35+00:00","dateModified":"2023-12-27T17:51:51+00:00","breadcrumb":{"@id":"https:\/\/auna.com.br\/auna\/produto\/ee-293r\/#breadcrumb"},"inLanguage":"pt-BR","potentialAction":[{"@type":"ReadAction","target":["https:\/\/auna.com.br\/auna\/produto\/ee-293r\/"]}]},{"@type":"ImageObject","inLanguage":"pt-BR","@id":"https:\/\/auna.com.br\/auna\/produto\/ee-293r\/#primaryimage","url":"https:\/\/auna.com.br\/auna\/wp-content\/uploads\/2023\/12\/EE-293R-Front-600x600-1.png","contentUrl":"https:\/\/auna.com.br\/auna\/wp-content\/uploads\/2023\/12\/EE-293R-Front-600x600-1.png","width":600,"height":600},{"@type":"BreadcrumbList","@id":"https:\/\/auna.com.br\/auna\/produto\/ee-293r\/#breadcrumb","itemListElement":[{"@type":"ListItem","position":1,"name":"In\u00edcio","item":"https:\/\/auna.com.br\/auna\/"},{"@type":"ListItem","position":2,"name":"Instrumentos","item":"https:\/\/auna.com.br\/auna\/loja\/"},{"@type":"ListItem","position":3,"name":"EE-293R"}]},{"@type":"WebSite","@id":"https:\/\/auna.com.br\/auna\/#website","url":"https:\/\/auna.com.br\/auna\/","name":"AUNA Metrologia e Instrumenta\u00e7\u00e3o - Instrumentos de Medi\u00e7\u00e3o, Sensores para Monitoramento e Software para Calibra\u00e7\u00e3o, Ensaio e Inspe\u00e7\u00e3o","description":"comercial@auna.com.br || +55 15 9 8129-4041","publisher":{"@id":"https:\/\/auna.com.br\/auna\/#organization"},"potentialAction":[{"@type":"SearchAction","target":{"@type":"EntryPoint","urlTemplate":"https:\/\/auna.com.br\/auna\/?s={search_term_string}"},"query-input":{"@type":"PropertyValueSpecification","valueRequired":true,"valueName":"search_term_string"}}],"inLanguage":"pt-BR"},{"@type":"Organization","@id":"https:\/\/auna.com.br\/auna\/#organization","name":"AUNA Metrologia e Instrumenta\u00e7\u00e3o - Instrumentos de Medi\u00e7\u00e3o, Sensores para Monitoramento e Software para Calibra\u00e7\u00e3o, Ensaio e Inspe\u00e7\u00e3o","url":"https:\/\/auna.com.br\/auna\/","logo":{"@type":"ImageObject","inLanguage":"pt-BR","@id":"https:\/\/auna.com.br\/auna\/#\/schema\/logo\/image\/","url":"https:\/\/auna.com.br\/auna\/wp-content\/uploads\/2023\/03\/cropped-AUNA_Logo_Transparente.png","contentUrl":"https:\/\/auna.com.br\/auna\/wp-content\/uploads\/2023\/03\/cropped-AUNA_Logo_Transparente.png","width":960,"height":430,"caption":"AUNA Metrologia e Instrumenta\u00e7\u00e3o - Instrumentos de Medi\u00e7\u00e3o, Sensores para Monitoramento e Software para Calibra\u00e7\u00e3o, Ensaio e Inspe\u00e7\u00e3o"},"image":{"@id":"https:\/\/auna.com.br\/auna\/#\/schema\/logo\/image\/"}}]}},"_links":{"self":[{"href":"https:\/\/auna.com.br\/auna\/wp-json\/wp\/v2\/product\/12385","targetHints":{"allow":["GET"]}}],"collection":[{"href":"https:\/\/auna.com.br\/auna\/wp-json\/wp\/v2\/product"}],"about":[{"href":"https:\/\/auna.com.br\/auna\/wp-json\/wp\/v2\/types\/product"}],"replies":[{"embeddable":true,"href":"https:\/\/auna.com.br\/auna\/wp-json\/wp\/v2\/comments?post=12385"}],"wp:featuredmedia":[{"embeddable":true,"href":"https:\/\/auna.com.br\/auna\/wp-json\/wp\/v2\/media\/12386"}],"wp:attachment":[{"href":"https:\/\/auna.com.br\/auna\/wp-json\/wp\/v2\/media?parent=12385"}],"wp:term":[{"taxonomy":"product_brand","embeddable":true,"href":"https:\/\/auna.com.br\/auna\/wp-json\/wp\/v2\/product_brand?post=12385"},{"taxonomy":"product_cat","embeddable":true,"href":"https:\/\/auna.com.br\/auna\/wp-json\/wp\/v2\/product_cat?post=12385"},{"taxonomy":"product_tag","embeddable":true,"href":"https:\/\/auna.com.br\/auna\/wp-json\/wp\/v2\/product_tag?post=12385"},{"taxonomy":"wpstream_actors","embeddable":true,"href":"https:\/\/auna.com.br\/auna\/wp-json\/wp\/v2\/wpstream_actors?post=12385"},{"taxonomy":"wpstream_category","embeddable":true,"href":"https:\/\/auna.com.br\/auna\/wp-json\/wp\/v2\/wpstream_category?post=12385"},{"taxonomy":"wpstream_movie_rating","embeddable":true,"href":"https:\/\/auna.com.br\/auna\/wp-json\/wp\/v2\/wpstream_movie_rating?post=12385"}],"curies":[{"name":"wp","href":"https:\/\/api.w.org\/{rel}","templated":true}]}}