{"id":294,"date":"2019-05-29T09:27:51","date_gmt":"2019-05-29T09:27:51","guid":{"rendered":"http:\/\/www.auna.com.br\/produtos\/?post_type=product&#038;p=294"},"modified":"2022-04-23T04:23:59","modified_gmt":"2022-04-23T07:23:59","slug":"cantoneiras-de-granito","status":"publish","type":"product","link":"https:\/\/auna.com.br\/auna\/produto\/cantoneiras-de-granito\/","title":{"rendered":"Cantoneiras de Granito"},"content":{"rendered":"<p>Cantoneiras de granito proporcionam um meio conveniente e pr\u00e1tico de fixa\u00e7\u00e3o de pe\u00e7as na posi\u00e7\u00e3o vertical. Seus excelentes acabamento e planeza torna-as adequadas para uso com acess\u00f3rios de desempenos de granito.<\/p>\n<p>Estas cantoneiras est\u00e3o dispon\u00edveis tanto com duas como com quatro faces acabadas. Por duas faces entenda-se a face inferior e uma adjacente acabadas em planeza e esquadro. Por quatro faces entenda-se as duas faces adjacentes acabadas em planeza e esquadro em rela\u00e7\u00e3o \u00e0 face inferior e a frontal, bem como s\u00e3o paralelas em s\u00ed.<\/p>\n<p><strong>Cantoneiras com Quatro Faces e Insertos<\/strong><\/p>\n<p>Cantoneiras com insertos est\u00e3o dispon\u00edveis sob consulta. Este produto \u00e9 o mesmo especificado anteriormente, com insertos met\u00e1licos em forma de disco em um dos lados. Pode ainda ter a face principal destinada a fixa\u00e7\u00e3o magnetizada e insertos roscados para outras fixa\u00e7\u00f5es.<\/p>\n<table border=\"0\" rules=\"rows\" cellspacing=\"1\" cellpadding=\"3\">\n<tbody>\n<tr>\n<td rowspan=\"2\" align=\"left\" bgcolor=\"#f1f1f1\"><\/td>\n<td colspan=\"2\" rowspan=\"2\" align=\"center\" bgcolor=\"#f1f1f1\"><strong>Dimens\u00f5es<br \/>\nComprimento x Largura x Espessura<\/strong><\/td>\n<td rowspan=\"2\" align=\"center\" bgcolor=\"#f1f1f1\"><strong>Peso<\/strong><\/td>\n<td rowspan=\"2\" align=\"center\" bgcolor=\"#f1f1f1\"><strong>Faces<\/strong><\/td>\n<td colspan=\"2\" align=\"center\" bgcolor=\"#f1f1f1\" height=\"30\"><strong>Classe de Exatid\u00e3o &#8211; N\u00ba EDP<\/strong><\/td>\n<\/tr>\n<tr>\n<td align=\"center\" bgcolor=\"#f1f1f1\" height=\"30\"><strong>AA Laborat\u00f3rio<br \/>\n0,6\u03bcm\/150mm TIR<br \/>\n(0,000025&#8243;\/6&#8243;)<\/strong><\/td>\n<td align=\"center\" bgcolor=\"#f1f1f1\"><strong>A Inspe\u00e7\u00e3o<br \/>\n1,3\u03bcm\/150mm TIR<br \/>\n(0,00005&#8243;\/6&#8243;)<\/strong><\/td>\n<\/tr>\n<tr>\n<td rowspan=\"2\" align=\"left\" bgcolor=\"#ffffff\"><\/td>\n<td rowspan=\"2\" align=\"center\">100 x 100 x 100mm<\/td>\n<td rowspan=\"2\" align=\"center\">4 x 4 x 4&#8243;<\/td>\n<td rowspan=\"2\" align=\"center\">4Kg<\/td>\n<td align=\"center\">2<\/td>\n<td align=\"center\">81564<\/td>\n<td align=\"center\">81562<\/td>\n<\/tr>\n<tr>\n<td align=\"center\">4<\/td>\n<td align=\"center\">81565<\/td>\n<td align=\"center\">81563<\/td>\n<\/tr>\n<tr>\n<td rowspan=\"2\" align=\"left\" bgcolor=\"#ffffff\"><\/td>\n<td rowspan=\"2\" align=\"center\">150 x 150 x 150mm<\/td>\n<td rowspan=\"2\" align=\"center\">6 x 6 x 6&#8243;<\/td>\n<td rowspan=\"2\" align=\"center\">11Kg<\/td>\n<td align=\"center\">2<\/td>\n<td align=\"center\">81569<\/td>\n<td align=\"center\">81566<\/td>\n<\/tr>\n<tr>\n<td align=\"center\">4<\/td>\n<td align=\"center\">81568<\/td>\n<td align=\"center\">81567<\/td>\n<\/tr>\n<tr>\n<td rowspan=\"2\" align=\"left\" bgcolor=\"#ffffff\"><\/td>\n<td rowspan=\"2\" align=\"center\">150 x 225 x 300mm<\/td>\n<td rowspan=\"2\" align=\"center\">6 x 9 x 12&#8243;<\/td>\n<td rowspan=\"2\" align=\"center\">33Kg<\/td>\n<td align=\"center\">2<\/td>\n<td align=\"center\">81572<\/td>\n<td align=\"center\">81570<\/td>\n<\/tr>\n<tr>\n<td align=\"center\">4<\/td>\n<td align=\"center\">81573<\/td>\n<td align=\"center\">81571<\/td>\n<\/tr>\n<tr>\n<td rowspan=\"2\" align=\"left\" bgcolor=\"#ffffff\"><\/td>\n<td rowspan=\"2\" align=\"center\">225 x 225 x 225mm<\/td>\n<td rowspan=\"2\" align=\"center\">9 x 9 x 9&#8243;<\/td>\n<td rowspan=\"2\" align=\"center\">36Kg<\/td>\n<td align=\"center\">2<\/td>\n<td align=\"center\">81576<\/td>\n<td align=\"center\">71574<\/td>\n<\/tr>\n<tr>\n<td align=\"center\">4<\/td>\n<td align=\"center\">81577<\/td>\n<td align=\"center\">81575<\/td>\n<\/tr>\n<tr>\n<td rowspan=\"2\" align=\"left\" bgcolor=\"#ffffff\"><\/td>\n<td rowspan=\"2\" align=\"center\">300 x 300 x 300mm<\/td>\n<td rowspan=\"2\" align=\"center\">12 x 12 x 12&#8243;<\/td>\n<td rowspan=\"2\" align=\"center\">86Kg<\/td>\n<td align=\"center\">2<\/td>\n<td align=\"center\">81579<\/td>\n<td align=\"center\">81581<\/td>\n<\/tr>\n<tr>\n<td align=\"center\">4<\/td>\n<td align=\"center\">81578<\/td>\n<td align=\"center\">81580<\/td>\n<\/tr>\n<tr>\n<td align=\"left\" bgcolor=\"#ffffff\"><\/td>\n<td align=\"center\"><\/td>\n<td align=\"center\"><\/td>\n<td align=\"center\"><\/td>\n<td align=\"center\"><\/td>\n<td align=\"center\"><\/td>\n<td align=\"center\"><\/td>\n<\/tr>\n<tr bgcolor=\"#f1f1f1\">\n<td align=\"left\"><\/td>\n<td colspan=\"6\" align=\"center\"><strong>Com Insertos<\/strong><\/td>\n<\/tr>\n<tr>\n<td align=\"left\" bgcolor=\"#ffffff\"><\/td>\n<td align=\"center\">100 x 100 x 100mm<\/td>\n<td align=\"center\">4 x 4 x 4&#8243;<\/td>\n<td align=\"center\">4Kg<\/td>\n<td align=\"center\">4<\/td>\n<td align=\"center\">81860<\/td>\n<td align=\"center\">81861<\/td>\n<\/tr>\n<tr>\n<td align=\"left\" bgcolor=\"#ffffff\"><\/td>\n<td align=\"center\">150 x 150 x 150mm<\/td>\n<td align=\"center\">6 x 6 x 6&#8243;<\/td>\n<td align=\"center\">11Kg<\/td>\n<td align=\"center\">4<\/td>\n<td align=\"center\">81864<\/td>\n<td align=\"center\">81865<\/td>\n<\/tr>\n<tr>\n<td align=\"left\" bgcolor=\"#ffffff\"><\/td>\n<td align=\"center\">150 x 225 x 300mm<\/td>\n<td align=\"center\">6 x 9 x 12&#8243;<\/td>\n<td align=\"center\">33Kg<\/td>\n<td align=\"center\">4<\/td>\n<td align=\"center\">81868<\/td>\n<td align=\"center\">81869<\/td>\n<\/tr>\n<\/tbody>\n<\/table>\n<p>&nbsp;<\/p>\n","protected":false},"excerpt":{"rendered":"<p>Cantoneiras de granito proporcionam um meio conveniente e pr\u00e1tico de fixa\u00e7\u00e3o de pe\u00e7as na posi\u00e7\u00e3o vertical. Seus excelentes acabamento e planeza torna-as adequadas para uso com acess\u00f3rios de desempenos de granito. Estas cantoneiras est\u00e3o dispon\u00edveis tanto com duas como com quatro faces acabadas. Por duas faces entenda-se a face inferior e uma adjacente acabadas em [&hellip;]<\/p>\n","protected":false},"featured_media":295,"comment_status":"closed","ping_status":"closed","template":"","meta":[],"product_brand":[],"product_cat":[40],"product_tag":[],"wpstream_actors":[],"wpstream_category":[],"wpstream_movie_rating":[],"class_list":{"0":"post-294","1":"product","2":"type-product","3":"status-publish","4":"has-post-thumbnail","6":"product_cat-superficie-de-referencia","8":"first","9":"onbackorder","10":"taxable","11":"shipping-taxable","12":"product-type-simple","13":"czr-hentry"},"yoast_head":"<!-- This site is optimized with the Yoast SEO plugin v27.5 - https:\/\/yoast.com\/product\/yoast-seo-wordpress\/ -->\n<title>Cantoneiras de Granito - AUNA Metrologia e Instrumenta\u00e7\u00e3o - Instrumentos de Medi\u00e7\u00e3o, Sensores para Monitoramento e Software para Calibra\u00e7\u00e3o, Ensaio e Inspe\u00e7\u00e3o<\/title>\n<meta name=\"robots\" content=\"index, follow, max-snippet:-1, max-image-preview:large, max-video-preview:-1\" \/>\n<link rel=\"canonical\" href=\"https:\/\/auna.com.br\/auna\/produto\/cantoneiras-de-granito\/\" \/>\n<meta property=\"og:locale\" content=\"pt_BR\" \/>\n<meta property=\"og:type\" content=\"article\" \/>\n<meta property=\"og:title\" content=\"Cantoneiras de Granito - AUNA Metrologia e Instrumenta\u00e7\u00e3o - Instrumentos de Medi\u00e7\u00e3o, Sensores para Monitoramento e Software para Calibra\u00e7\u00e3o, Ensaio e Inspe\u00e7\u00e3o\" \/>\n<meta property=\"og:description\" content=\"Cantoneiras de granito proporcionam um meio conveniente e pr\u00e1tico de fixa\u00e7\u00e3o de pe\u00e7as na posi\u00e7\u00e3o vertical. Seus excelentes acabamento e planeza torna-as adequadas para uso com acess\u00f3rios de desempenos de granito. Estas cantoneiras est\u00e3o dispon\u00edveis tanto com duas como com quatro faces acabadas. Por duas faces entenda-se a face inferior e uma adjacente acabadas em [&hellip;]\" \/>\n<meta property=\"og:url\" content=\"https:\/\/auna.com.br\/auna\/produto\/cantoneiras-de-granito\/\" \/>\n<meta property=\"og:site_name\" content=\"AUNA Metrologia e Instrumenta\u00e7\u00e3o - Instrumentos de Medi\u00e7\u00e3o, Sensores para Monitoramento e Software para Calibra\u00e7\u00e3o, Ensaio e Inspe\u00e7\u00e3o\" \/>\n<meta property=\"article:modified_time\" content=\"2022-04-23T07:23:59+00:00\" \/>\n<meta property=\"og:image\" content=\"https:\/\/auna.com.br\/auna\/wp-content\/uploads\/2019\/05\/Cantoneiras-de-Granito_ImgProd834.jpg\" \/>\n\t<meta property=\"og:image:width\" content=\"350\" \/>\n\t<meta property=\"og:image:height\" content=\"196\" \/>\n\t<meta property=\"og:image:type\" content=\"image\/jpeg\" \/>\n<meta name=\"twitter:card\" content=\"summary_large_image\" \/>\n<meta name=\"twitter:label1\" content=\"Est. tempo de leitura\" \/>\n\t<meta name=\"twitter:data1\" content=\"1 minuto\" \/>\n<script type=\"application\/ld+json\" class=\"yoast-schema-graph\">{\"@context\":\"https:\\\/\\\/schema.org\",\"@graph\":[{\"@type\":\"WebPage\",\"@id\":\"https:\\\/\\\/auna.com.br\\\/auna\\\/produto\\\/cantoneiras-de-granito\\\/\",\"url\":\"https:\\\/\\\/auna.com.br\\\/auna\\\/produto\\\/cantoneiras-de-granito\\\/\",\"name\":\"Cantoneiras de Granito - AUNA Metrologia e Instrumenta\u00e7\u00e3o - Instrumentos de Medi\u00e7\u00e3o, Sensores para Monitoramento e Software para Calibra\u00e7\u00e3o, Ensaio e Inspe\u00e7\u00e3o\",\"isPartOf\":{\"@id\":\"https:\\\/\\\/auna.com.br\\\/auna\\\/#website\"},\"primaryImageOfPage\":{\"@id\":\"https:\\\/\\\/auna.com.br\\\/auna\\\/produto\\\/cantoneiras-de-granito\\\/#primaryimage\"},\"image\":{\"@id\":\"https:\\\/\\\/auna.com.br\\\/auna\\\/produto\\\/cantoneiras-de-granito\\\/#primaryimage\"},\"thumbnailUrl\":\"https:\\\/\\\/auna.com.br\\\/auna\\\/wp-content\\\/uploads\\\/2019\\\/05\\\/Cantoneiras-de-Granito_ImgProd834.jpg\",\"datePublished\":\"2019-05-29T09:27:51+00:00\",\"dateModified\":\"2022-04-23T07:23:59+00:00\",\"breadcrumb\":{\"@id\":\"https:\\\/\\\/auna.com.br\\\/auna\\\/produto\\\/cantoneiras-de-granito\\\/#breadcrumb\"},\"inLanguage\":\"pt-BR\",\"potentialAction\":[{\"@type\":\"ReadAction\",\"target\":[\"https:\\\/\\\/auna.com.br\\\/auna\\\/produto\\\/cantoneiras-de-granito\\\/\"]}]},{\"@type\":\"ImageObject\",\"inLanguage\":\"pt-BR\",\"@id\":\"https:\\\/\\\/auna.com.br\\\/auna\\\/produto\\\/cantoneiras-de-granito\\\/#primaryimage\",\"url\":\"https:\\\/\\\/auna.com.br\\\/auna\\\/wp-content\\\/uploads\\\/2019\\\/05\\\/Cantoneiras-de-Granito_ImgProd834.jpg\",\"contentUrl\":\"https:\\\/\\\/auna.com.br\\\/auna\\\/wp-content\\\/uploads\\\/2019\\\/05\\\/Cantoneiras-de-Granito_ImgProd834.jpg\",\"width\":350,\"height\":196},{\"@type\":\"BreadcrumbList\",\"@id\":\"https:\\\/\\\/auna.com.br\\\/auna\\\/produto\\\/cantoneiras-de-granito\\\/#breadcrumb\",\"itemListElement\":[{\"@type\":\"ListItem\",\"position\":1,\"name\":\"In\u00edcio\",\"item\":\"https:\\\/\\\/auna.com.br\\\/auna\\\/\"},{\"@type\":\"ListItem\",\"position\":2,\"name\":\"Instrumentos\",\"item\":\"https:\\\/\\\/auna.com.br\\\/auna\\\/loja\\\/\"},{\"@type\":\"ListItem\",\"position\":3,\"name\":\"Cantoneiras de Granito\"}]},{\"@type\":\"WebSite\",\"@id\":\"https:\\\/\\\/auna.com.br\\\/auna\\\/#website\",\"url\":\"https:\\\/\\\/auna.com.br\\\/auna\\\/\",\"name\":\"AUNA Metrologia e Instrumenta\u00e7\u00e3o - Instrumentos de Medi\u00e7\u00e3o, Sensores para Monitoramento e Software para Calibra\u00e7\u00e3o, Ensaio e Inspe\u00e7\u00e3o\",\"description\":\"comercial@auna.com.br || +55 15 9 8129-4041\",\"publisher\":{\"@id\":\"https:\\\/\\\/auna.com.br\\\/auna\\\/#organization\"},\"potentialAction\":[{\"@type\":\"SearchAction\",\"target\":{\"@type\":\"EntryPoint\",\"urlTemplate\":\"https:\\\/\\\/auna.com.br\\\/auna\\\/?s={search_term_string}\"},\"query-input\":{\"@type\":\"PropertyValueSpecification\",\"valueRequired\":true,\"valueName\":\"search_term_string\"}}],\"inLanguage\":\"pt-BR\"},{\"@type\":\"Organization\",\"@id\":\"https:\\\/\\\/auna.com.br\\\/auna\\\/#organization\",\"name\":\"AUNA Metrologia e Instrumenta\u00e7\u00e3o - Instrumentos de Medi\u00e7\u00e3o, Sensores para Monitoramento e Software para Calibra\u00e7\u00e3o, Ensaio e Inspe\u00e7\u00e3o\",\"url\":\"https:\\\/\\\/auna.com.br\\\/auna\\\/\",\"logo\":{\"@type\":\"ImageObject\",\"inLanguage\":\"pt-BR\",\"@id\":\"https:\\\/\\\/auna.com.br\\\/auna\\\/#\\\/schema\\\/logo\\\/image\\\/\",\"url\":\"https:\\\/\\\/auna.com.br\\\/auna\\\/wp-content\\\/uploads\\\/2023\\\/03\\\/cropped-AUNA_Logo_Transparente.png\",\"contentUrl\":\"https:\\\/\\\/auna.com.br\\\/auna\\\/wp-content\\\/uploads\\\/2023\\\/03\\\/cropped-AUNA_Logo_Transparente.png\",\"width\":960,\"height\":430,\"caption\":\"AUNA Metrologia e Instrumenta\u00e7\u00e3o - Instrumentos de Medi\u00e7\u00e3o, Sensores para Monitoramento e Software para Calibra\u00e7\u00e3o, Ensaio e Inspe\u00e7\u00e3o\"},\"image\":{\"@id\":\"https:\\\/\\\/auna.com.br\\\/auna\\\/#\\\/schema\\\/logo\\\/image\\\/\"}}]}<\/script>\n<!-- \/ Yoast SEO plugin. -->","yoast_head_json":{"title":"Cantoneiras de Granito - AUNA Metrologia e Instrumenta\u00e7\u00e3o - Instrumentos de Medi\u00e7\u00e3o, Sensores para Monitoramento e Software para Calibra\u00e7\u00e3o, Ensaio e Inspe\u00e7\u00e3o","robots":{"index":"index","follow":"follow","max-snippet":"max-snippet:-1","max-image-preview":"max-image-preview:large","max-video-preview":"max-video-preview:-1"},"canonical":"https:\/\/auna.com.br\/auna\/produto\/cantoneiras-de-granito\/","og_locale":"pt_BR","og_type":"article","og_title":"Cantoneiras de Granito - AUNA Metrologia e Instrumenta\u00e7\u00e3o - Instrumentos de Medi\u00e7\u00e3o, Sensores para Monitoramento e Software para Calibra\u00e7\u00e3o, Ensaio e Inspe\u00e7\u00e3o","og_description":"Cantoneiras de granito proporcionam um meio conveniente e pr\u00e1tico de fixa\u00e7\u00e3o de pe\u00e7as na posi\u00e7\u00e3o vertical. Seus excelentes acabamento e planeza torna-as adequadas para uso com acess\u00f3rios de desempenos de granito. Estas cantoneiras est\u00e3o dispon\u00edveis tanto com duas como com quatro faces acabadas. Por duas faces entenda-se a face inferior e uma adjacente acabadas em [&hellip;]","og_url":"https:\/\/auna.com.br\/auna\/produto\/cantoneiras-de-granito\/","og_site_name":"AUNA Metrologia e Instrumenta\u00e7\u00e3o - Instrumentos de Medi\u00e7\u00e3o, Sensores para Monitoramento e Software para Calibra\u00e7\u00e3o, Ensaio e Inspe\u00e7\u00e3o","article_modified_time":"2022-04-23T07:23:59+00:00","og_image":[{"width":350,"height":196,"url":"https:\/\/auna.com.br\/auna\/wp-content\/uploads\/2019\/05\/Cantoneiras-de-Granito_ImgProd834.jpg","type":"image\/jpeg"}],"twitter_card":"summary_large_image","twitter_misc":{"Est. tempo de leitura":"1 minuto"},"schema":{"@context":"https:\/\/schema.org","@graph":[{"@type":"WebPage","@id":"https:\/\/auna.com.br\/auna\/produto\/cantoneiras-de-granito\/","url":"https:\/\/auna.com.br\/auna\/produto\/cantoneiras-de-granito\/","name":"Cantoneiras de Granito - AUNA Metrologia e Instrumenta\u00e7\u00e3o - Instrumentos de Medi\u00e7\u00e3o, Sensores para Monitoramento e Software para Calibra\u00e7\u00e3o, Ensaio e Inspe\u00e7\u00e3o","isPartOf":{"@id":"https:\/\/auna.com.br\/auna\/#website"},"primaryImageOfPage":{"@id":"https:\/\/auna.com.br\/auna\/produto\/cantoneiras-de-granito\/#primaryimage"},"image":{"@id":"https:\/\/auna.com.br\/auna\/produto\/cantoneiras-de-granito\/#primaryimage"},"thumbnailUrl":"https:\/\/auna.com.br\/auna\/wp-content\/uploads\/2019\/05\/Cantoneiras-de-Granito_ImgProd834.jpg","datePublished":"2019-05-29T09:27:51+00:00","dateModified":"2022-04-23T07:23:59+00:00","breadcrumb":{"@id":"https:\/\/auna.com.br\/auna\/produto\/cantoneiras-de-granito\/#breadcrumb"},"inLanguage":"pt-BR","potentialAction":[{"@type":"ReadAction","target":["https:\/\/auna.com.br\/auna\/produto\/cantoneiras-de-granito\/"]}]},{"@type":"ImageObject","inLanguage":"pt-BR","@id":"https:\/\/auna.com.br\/auna\/produto\/cantoneiras-de-granito\/#primaryimage","url":"https:\/\/auna.com.br\/auna\/wp-content\/uploads\/2019\/05\/Cantoneiras-de-Granito_ImgProd834.jpg","contentUrl":"https:\/\/auna.com.br\/auna\/wp-content\/uploads\/2019\/05\/Cantoneiras-de-Granito_ImgProd834.jpg","width":350,"height":196},{"@type":"BreadcrumbList","@id":"https:\/\/auna.com.br\/auna\/produto\/cantoneiras-de-granito\/#breadcrumb","itemListElement":[{"@type":"ListItem","position":1,"name":"In\u00edcio","item":"https:\/\/auna.com.br\/auna\/"},{"@type":"ListItem","position":2,"name":"Instrumentos","item":"https:\/\/auna.com.br\/auna\/loja\/"},{"@type":"ListItem","position":3,"name":"Cantoneiras de Granito"}]},{"@type":"WebSite","@id":"https:\/\/auna.com.br\/auna\/#website","url":"https:\/\/auna.com.br\/auna\/","name":"AUNA Metrologia e Instrumenta\u00e7\u00e3o - Instrumentos de Medi\u00e7\u00e3o, Sensores para Monitoramento e Software para Calibra\u00e7\u00e3o, Ensaio e Inspe\u00e7\u00e3o","description":"comercial@auna.com.br || +55 15 9 8129-4041","publisher":{"@id":"https:\/\/auna.com.br\/auna\/#organization"},"potentialAction":[{"@type":"SearchAction","target":{"@type":"EntryPoint","urlTemplate":"https:\/\/auna.com.br\/auna\/?s={search_term_string}"},"query-input":{"@type":"PropertyValueSpecification","valueRequired":true,"valueName":"search_term_string"}}],"inLanguage":"pt-BR"},{"@type":"Organization","@id":"https:\/\/auna.com.br\/auna\/#organization","name":"AUNA Metrologia e Instrumenta\u00e7\u00e3o - Instrumentos de Medi\u00e7\u00e3o, Sensores para Monitoramento e Software para Calibra\u00e7\u00e3o, Ensaio e Inspe\u00e7\u00e3o","url":"https:\/\/auna.com.br\/auna\/","logo":{"@type":"ImageObject","inLanguage":"pt-BR","@id":"https:\/\/auna.com.br\/auna\/#\/schema\/logo\/image\/","url":"https:\/\/auna.com.br\/auna\/wp-content\/uploads\/2023\/03\/cropped-AUNA_Logo_Transparente.png","contentUrl":"https:\/\/auna.com.br\/auna\/wp-content\/uploads\/2023\/03\/cropped-AUNA_Logo_Transparente.png","width":960,"height":430,"caption":"AUNA Metrologia e Instrumenta\u00e7\u00e3o - Instrumentos de Medi\u00e7\u00e3o, Sensores para Monitoramento e Software para Calibra\u00e7\u00e3o, Ensaio e Inspe\u00e7\u00e3o"},"image":{"@id":"https:\/\/auna.com.br\/auna\/#\/schema\/logo\/image\/"}}]}},"_links":{"self":[{"href":"https:\/\/auna.com.br\/auna\/wp-json\/wp\/v2\/product\/294","targetHints":{"allow":["GET"]}}],"collection":[{"href":"https:\/\/auna.com.br\/auna\/wp-json\/wp\/v2\/product"}],"about":[{"href":"https:\/\/auna.com.br\/auna\/wp-json\/wp\/v2\/types\/product"}],"replies":[{"embeddable":true,"href":"https:\/\/auna.com.br\/auna\/wp-json\/wp\/v2\/comments?post=294"}],"wp:featuredmedia":[{"embeddable":true,"href":"https:\/\/auna.com.br\/auna\/wp-json\/wp\/v2\/media\/295"}],"wp:attachment":[{"href":"https:\/\/auna.com.br\/auna\/wp-json\/wp\/v2\/media?parent=294"}],"wp:term":[{"taxonomy":"product_brand","embeddable":true,"href":"https:\/\/auna.com.br\/auna\/wp-json\/wp\/v2\/product_brand?post=294"},{"taxonomy":"product_cat","embeddable":true,"href":"https:\/\/auna.com.br\/auna\/wp-json\/wp\/v2\/product_cat?post=294"},{"taxonomy":"product_tag","embeddable":true,"href":"https:\/\/auna.com.br\/auna\/wp-json\/wp\/v2\/product_tag?post=294"},{"taxonomy":"wpstream_actors","embeddable":true,"href":"https:\/\/auna.com.br\/auna\/wp-json\/wp\/v2\/wpstream_actors?post=294"},{"taxonomy":"wpstream_category","embeddable":true,"href":"https:\/\/auna.com.br\/auna\/wp-json\/wp\/v2\/wpstream_category?post=294"},{"taxonomy":"wpstream_movie_rating","embeddable":true,"href":"https:\/\/auna.com.br\/auna\/wp-json\/wp\/v2\/wpstream_movie_rating?post=294"}],"curies":[{"name":"wp","href":"https:\/\/api.w.org\/{rel}","templated":true}]}}