{"id":298,"date":"2019-05-29T09:30:33","date_gmt":"2019-05-29T09:30:33","guid":{"rendered":"http:\/\/www.auna.com.br\/produtos\/?post_type=product&#038;p=298"},"modified":"2022-04-23T04:23:33","modified_gmt":"2022-04-23T07:23:33","slug":"desempenos-especiais","status":"publish","type":"product","link":"https:\/\/auna.com.br\/auna\/produto\/desempenos-especiais\/","title":{"rendered":"Desempenos Especiais"},"content":{"rendered":"<p><strong>Desempenos para Pe\u00e7as Grandes e Montagens<br \/>\n<\/strong>N\u00f3s fabricamos tamb\u00e9m desempenos especiais de granito para atender a necessidades espec\u00edficas. Todos os desempenos especiais de Granito True-Stone Starrett s\u00e3o fabricados a partir de blocos s\u00f3lidos de granito, extra\u00eddos e operacionados em pe\u00e7as inteiri\u00e7as e acabadas de acordo com as dimens\u00f5es e toler\u00e2ncias especificadas.<\/p>\n<p><strong>Desempenos especiais s\u00e3o usualmente requisitados em duas diferentes categorias:<br \/>\n<\/strong>A primeira categoria se destina \u00e0 inspe\u00e7\u00e3o de pe\u00e7as grandes e a montagens, tais como blocos de motores e virabrequins, carca\u00e7as de ve\u00edculos, componentes para aeron\u00e1utica e equipamentos para escava\u00e7\u00f5es.<br \/>\nConsultas sobre desempenos de granito, para uso em controle de pe\u00e7as superdimensionadas e em montagens, devem indicar:<\/p>\n<p>1. Tipo de pe\u00e7a a ser apoiada.<br \/>\n2. Distribui\u00e7\u00e3o do peso e da massa.<br \/>\n3. Classe de exatid\u00e3o de inspe\u00e7\u00e3o necess\u00e1ria.<br \/>\n4. Tipo de fixa\u00e7\u00e3o de pe\u00e7as.<br \/>\n5. \u00c1rea da f\u00e1brica onde o desempeno ser\u00e1 instalado. Necessitamos conhecer as condi\u00e7\u00f5es do piso, a altura do teto e a disponibilidade de equipamento para manipula\u00e7\u00e3o de carga pesada.<\/p>\n<p><strong>Modifica\u00e7\u00f5es no Desenho do Desempeno<br \/>\n<\/strong>A segunda categoria est\u00e1 relacionada com a modifica\u00e7\u00e3o de desempenos normais ou a fabrica\u00e7\u00e3o de desempenos especiais para dispositivos de fixa\u00e7\u00e3o de pe\u00e7as de tipos diferentes.<\/p>\n<p>Insertos rosqueados, pinos, adapta\u00e7\u00e3o de furos, rasgos em \u201cT\u201d, canais de chaveta \u2013 quase tudo que se refere \u00e0 fixa\u00e7\u00e3o convencional em calibra\u00e7\u00f5es pode tamb\u00e9m ser adaptado aos Desempenos de Granito True-Stone Starrett, estendendo sua exatid\u00e3o e versatilidade para numerosas aplica\u00e7\u00f5es. Bordas acabadas com precis\u00e3o, formando esquadro com a superf\u00edcie superior e com outras bordas, bem como escalas graduadas de precis\u00e3o, tamb\u00e9m podem ser solicitadas.<\/p>\n<p>Podemos construir e montar fixadores de pe\u00e7as ou equipamentos especiais de calibra\u00e7\u00e3o com toler\u00e2ncias apertadas, com dimens\u00f5es em mil\u00edmetros ou em fra\u00e7\u00f5es ou decimais de polegadas. Todos os desempenos especiais s\u00e3o cotados com base em uma unidade, levando-se em conta os requisitos de toler\u00e2ncia e complexidade.<br \/>\nVamos trabalhar juntos para oferecer a melhor e mais econ\u00f4mica solu\u00e7\u00e3o para o seu problema.<\/p>\n<p>O uso dos desempenos de granito especiais da True-Stone Starrett est\u00e1 limitado apenas pela imagina\u00e7\u00e3o do criativo projetista de instrumentos. Consultas sobre desempenos especiais, como o tipo mostrado acima, ser\u00e3o estudadas e as recomenda\u00e7\u00f5es fornecidas sem nenhum compromisso de sua parte.<\/p>\n","protected":false},"excerpt":{"rendered":"<p>Desempenos para Pe\u00e7as Grandes e Montagens N\u00f3s fabricamos tamb\u00e9m desempenos especiais de granito para atender a necessidades espec\u00edficas. Todos os desempenos especiais de Granito True-Stone Starrett s\u00e3o fabricados a partir de blocos s\u00f3lidos de granito, extra\u00eddos e operacionados em pe\u00e7as inteiri\u00e7as e acabadas de acordo com as dimens\u00f5es e toler\u00e2ncias especificadas. Desempenos especiais s\u00e3o usualmente [&hellip;]<\/p>\n","protected":false},"featured_media":297,"comment_status":"closed","ping_status":"closed","template":"","meta":[],"product_brand":[],"product_cat":[40],"product_tag":[],"wpstream_actors":[],"wpstream_category":[],"wpstream_movie_rating":[],"class_list":{"0":"post-298","1":"product","2":"type-product","3":"status-publish","4":"has-post-thumbnail","6":"product_cat-superficie-de-referencia","8":"first","9":"onbackorder","10":"taxable","11":"shipping-taxable","12":"product-type-simple","13":"czr-hentry"},"yoast_head":"<!-- This site is optimized with the Yoast SEO plugin v27.5 - https:\/\/yoast.com\/product\/yoast-seo-wordpress\/ -->\n<title>Desempenos Especiais - AUNA Metrologia e Instrumenta\u00e7\u00e3o - Instrumentos de Medi\u00e7\u00e3o, Sensores para Monitoramento e Software para Calibra\u00e7\u00e3o, Ensaio e Inspe\u00e7\u00e3o<\/title>\n<meta name=\"robots\" content=\"index, follow, max-snippet:-1, max-image-preview:large, max-video-preview:-1\" \/>\n<link rel=\"canonical\" href=\"https:\/\/auna.com.br\/auna\/produto\/desempenos-especiais\/\" \/>\n<meta property=\"og:locale\" content=\"pt_BR\" \/>\n<meta property=\"og:type\" content=\"article\" \/>\n<meta property=\"og:title\" content=\"Desempenos Especiais - AUNA Metrologia e Instrumenta\u00e7\u00e3o - Instrumentos de Medi\u00e7\u00e3o, Sensores para Monitoramento e Software para Calibra\u00e7\u00e3o, Ensaio e Inspe\u00e7\u00e3o\" \/>\n<meta property=\"og:description\" content=\"Desempenos para Pe\u00e7as Grandes e Montagens N\u00f3s fabricamos tamb\u00e9m desempenos especiais de granito para atender a necessidades espec\u00edficas. Todos os desempenos especiais de Granito True-Stone Starrett s\u00e3o fabricados a partir de blocos s\u00f3lidos de granito, extra\u00eddos e operacionados em pe\u00e7as inteiri\u00e7as e acabadas de acordo com as dimens\u00f5es e toler\u00e2ncias especificadas. Desempenos especiais s\u00e3o usualmente [&hellip;]\" \/>\n<meta property=\"og:url\" content=\"https:\/\/auna.com.br\/auna\/produto\/desempenos-especiais\/\" \/>\n<meta property=\"og:site_name\" content=\"AUNA Metrologia e Instrumenta\u00e7\u00e3o - Instrumentos de Medi\u00e7\u00e3o, Sensores para Monitoramento e Software para Calibra\u00e7\u00e3o, Ensaio e Inspe\u00e7\u00e3o\" \/>\n<meta property=\"article:modified_time\" content=\"2022-04-23T07:23:33+00:00\" \/>\n<meta property=\"og:image\" content=\"https:\/\/auna.com.br\/auna\/wp-content\/uploads\/2019\/05\/Desempenos-de-Granito-Preto_ImgProd607.jpg\" \/>\n\t<meta property=\"og:image:width\" content=\"320\" \/>\n\t<meta property=\"og:image:height\" content=\"179\" \/>\n\t<meta property=\"og:image:type\" content=\"image\/jpeg\" \/>\n<meta name=\"twitter:card\" content=\"summary_large_image\" \/>\n<meta name=\"twitter:label1\" content=\"Est. tempo de leitura\" \/>\n\t<meta name=\"twitter:data1\" content=\"2 minutos\" \/>\n<script type=\"application\/ld+json\" class=\"yoast-schema-graph\">{\"@context\":\"https:\\\/\\\/schema.org\",\"@graph\":[{\"@type\":\"WebPage\",\"@id\":\"https:\\\/\\\/auna.com.br\\\/auna\\\/produto\\\/desempenos-especiais\\\/\",\"url\":\"https:\\\/\\\/auna.com.br\\\/auna\\\/produto\\\/desempenos-especiais\\\/\",\"name\":\"Desempenos Especiais - AUNA Metrologia e Instrumenta\u00e7\u00e3o - Instrumentos de Medi\u00e7\u00e3o, Sensores para Monitoramento e Software para Calibra\u00e7\u00e3o, Ensaio e Inspe\u00e7\u00e3o\",\"isPartOf\":{\"@id\":\"https:\\\/\\\/auna.com.br\\\/auna\\\/#website\"},\"primaryImageOfPage\":{\"@id\":\"https:\\\/\\\/auna.com.br\\\/auna\\\/produto\\\/desempenos-especiais\\\/#primaryimage\"},\"image\":{\"@id\":\"https:\\\/\\\/auna.com.br\\\/auna\\\/produto\\\/desempenos-especiais\\\/#primaryimage\"},\"thumbnailUrl\":\"https:\\\/\\\/auna.com.br\\\/auna\\\/wp-content\\\/uploads\\\/2019\\\/05\\\/Desempenos-de-Granito-Preto_ImgProd607.jpg\",\"datePublished\":\"2019-05-29T09:30:33+00:00\",\"dateModified\":\"2022-04-23T07:23:33+00:00\",\"breadcrumb\":{\"@id\":\"https:\\\/\\\/auna.com.br\\\/auna\\\/produto\\\/desempenos-especiais\\\/#breadcrumb\"},\"inLanguage\":\"pt-BR\",\"potentialAction\":[{\"@type\":\"ReadAction\",\"target\":[\"https:\\\/\\\/auna.com.br\\\/auna\\\/produto\\\/desempenos-especiais\\\/\"]}]},{\"@type\":\"ImageObject\",\"inLanguage\":\"pt-BR\",\"@id\":\"https:\\\/\\\/auna.com.br\\\/auna\\\/produto\\\/desempenos-especiais\\\/#primaryimage\",\"url\":\"https:\\\/\\\/auna.com.br\\\/auna\\\/wp-content\\\/uploads\\\/2019\\\/05\\\/Desempenos-de-Granito-Preto_ImgProd607.jpg\",\"contentUrl\":\"https:\\\/\\\/auna.com.br\\\/auna\\\/wp-content\\\/uploads\\\/2019\\\/05\\\/Desempenos-de-Granito-Preto_ImgProd607.jpg\",\"width\":320,\"height\":179},{\"@type\":\"BreadcrumbList\",\"@id\":\"https:\\\/\\\/auna.com.br\\\/auna\\\/produto\\\/desempenos-especiais\\\/#breadcrumb\",\"itemListElement\":[{\"@type\":\"ListItem\",\"position\":1,\"name\":\"In\u00edcio\",\"item\":\"https:\\\/\\\/auna.com.br\\\/auna\\\/\"},{\"@type\":\"ListItem\",\"position\":2,\"name\":\"Instrumentos\",\"item\":\"https:\\\/\\\/auna.com.br\\\/auna\\\/loja\\\/\"},{\"@type\":\"ListItem\",\"position\":3,\"name\":\"Desempenos Especiais\"}]},{\"@type\":\"WebSite\",\"@id\":\"https:\\\/\\\/auna.com.br\\\/auna\\\/#website\",\"url\":\"https:\\\/\\\/auna.com.br\\\/auna\\\/\",\"name\":\"AUNA Metrologia e Instrumenta\u00e7\u00e3o - Instrumentos de Medi\u00e7\u00e3o, Sensores para Monitoramento e Software para Calibra\u00e7\u00e3o, Ensaio e Inspe\u00e7\u00e3o\",\"description\":\"comercial@auna.com.br || +55 15 9 8129-4041\",\"publisher\":{\"@id\":\"https:\\\/\\\/auna.com.br\\\/auna\\\/#organization\"},\"potentialAction\":[{\"@type\":\"SearchAction\",\"target\":{\"@type\":\"EntryPoint\",\"urlTemplate\":\"https:\\\/\\\/auna.com.br\\\/auna\\\/?s={search_term_string}\"},\"query-input\":{\"@type\":\"PropertyValueSpecification\",\"valueRequired\":true,\"valueName\":\"search_term_string\"}}],\"inLanguage\":\"pt-BR\"},{\"@type\":\"Organization\",\"@id\":\"https:\\\/\\\/auna.com.br\\\/auna\\\/#organization\",\"name\":\"AUNA Metrologia e Instrumenta\u00e7\u00e3o - Instrumentos de Medi\u00e7\u00e3o, Sensores para Monitoramento e Software para Calibra\u00e7\u00e3o, Ensaio e Inspe\u00e7\u00e3o\",\"url\":\"https:\\\/\\\/auna.com.br\\\/auna\\\/\",\"logo\":{\"@type\":\"ImageObject\",\"inLanguage\":\"pt-BR\",\"@id\":\"https:\\\/\\\/auna.com.br\\\/auna\\\/#\\\/schema\\\/logo\\\/image\\\/\",\"url\":\"https:\\\/\\\/auna.com.br\\\/auna\\\/wp-content\\\/uploads\\\/2023\\\/03\\\/cropped-AUNA_Logo_Transparente.png\",\"contentUrl\":\"https:\\\/\\\/auna.com.br\\\/auna\\\/wp-content\\\/uploads\\\/2023\\\/03\\\/cropped-AUNA_Logo_Transparente.png\",\"width\":960,\"height\":430,\"caption\":\"AUNA Metrologia e Instrumenta\u00e7\u00e3o - Instrumentos de Medi\u00e7\u00e3o, Sensores para Monitoramento e Software para Calibra\u00e7\u00e3o, Ensaio e Inspe\u00e7\u00e3o\"},\"image\":{\"@id\":\"https:\\\/\\\/auna.com.br\\\/auna\\\/#\\\/schema\\\/logo\\\/image\\\/\"}}]}<\/script>\n<!-- \/ Yoast SEO plugin. -->","yoast_head_json":{"title":"Desempenos Especiais - AUNA Metrologia e Instrumenta\u00e7\u00e3o - Instrumentos de Medi\u00e7\u00e3o, Sensores para Monitoramento e Software para Calibra\u00e7\u00e3o, Ensaio e Inspe\u00e7\u00e3o","robots":{"index":"index","follow":"follow","max-snippet":"max-snippet:-1","max-image-preview":"max-image-preview:large","max-video-preview":"max-video-preview:-1"},"canonical":"https:\/\/auna.com.br\/auna\/produto\/desempenos-especiais\/","og_locale":"pt_BR","og_type":"article","og_title":"Desempenos Especiais - AUNA Metrologia e Instrumenta\u00e7\u00e3o - Instrumentos de Medi\u00e7\u00e3o, Sensores para Monitoramento e Software para Calibra\u00e7\u00e3o, Ensaio e Inspe\u00e7\u00e3o","og_description":"Desempenos para Pe\u00e7as Grandes e Montagens N\u00f3s fabricamos tamb\u00e9m desempenos especiais de granito para atender a necessidades espec\u00edficas. Todos os desempenos especiais de Granito True-Stone Starrett s\u00e3o fabricados a partir de blocos s\u00f3lidos de granito, extra\u00eddos e operacionados em pe\u00e7as inteiri\u00e7as e acabadas de acordo com as dimens\u00f5es e toler\u00e2ncias especificadas. Desempenos especiais s\u00e3o usualmente [&hellip;]","og_url":"https:\/\/auna.com.br\/auna\/produto\/desempenos-especiais\/","og_site_name":"AUNA Metrologia e Instrumenta\u00e7\u00e3o - Instrumentos de Medi\u00e7\u00e3o, Sensores para Monitoramento e Software para Calibra\u00e7\u00e3o, Ensaio e Inspe\u00e7\u00e3o","article_modified_time":"2022-04-23T07:23:33+00:00","og_image":[{"width":320,"height":179,"url":"https:\/\/auna.com.br\/auna\/wp-content\/uploads\/2019\/05\/Desempenos-de-Granito-Preto_ImgProd607.jpg","type":"image\/jpeg"}],"twitter_card":"summary_large_image","twitter_misc":{"Est. tempo de leitura":"2 minutos"},"schema":{"@context":"https:\/\/schema.org","@graph":[{"@type":"WebPage","@id":"https:\/\/auna.com.br\/auna\/produto\/desempenos-especiais\/","url":"https:\/\/auna.com.br\/auna\/produto\/desempenos-especiais\/","name":"Desempenos Especiais - AUNA Metrologia e Instrumenta\u00e7\u00e3o - Instrumentos de Medi\u00e7\u00e3o, Sensores para Monitoramento e Software para Calibra\u00e7\u00e3o, Ensaio e Inspe\u00e7\u00e3o","isPartOf":{"@id":"https:\/\/auna.com.br\/auna\/#website"},"primaryImageOfPage":{"@id":"https:\/\/auna.com.br\/auna\/produto\/desempenos-especiais\/#primaryimage"},"image":{"@id":"https:\/\/auna.com.br\/auna\/produto\/desempenos-especiais\/#primaryimage"},"thumbnailUrl":"https:\/\/auna.com.br\/auna\/wp-content\/uploads\/2019\/05\/Desempenos-de-Granito-Preto_ImgProd607.jpg","datePublished":"2019-05-29T09:30:33+00:00","dateModified":"2022-04-23T07:23:33+00:00","breadcrumb":{"@id":"https:\/\/auna.com.br\/auna\/produto\/desempenos-especiais\/#breadcrumb"},"inLanguage":"pt-BR","potentialAction":[{"@type":"ReadAction","target":["https:\/\/auna.com.br\/auna\/produto\/desempenos-especiais\/"]}]},{"@type":"ImageObject","inLanguage":"pt-BR","@id":"https:\/\/auna.com.br\/auna\/produto\/desempenos-especiais\/#primaryimage","url":"https:\/\/auna.com.br\/auna\/wp-content\/uploads\/2019\/05\/Desempenos-de-Granito-Preto_ImgProd607.jpg","contentUrl":"https:\/\/auna.com.br\/auna\/wp-content\/uploads\/2019\/05\/Desempenos-de-Granito-Preto_ImgProd607.jpg","width":320,"height":179},{"@type":"BreadcrumbList","@id":"https:\/\/auna.com.br\/auna\/produto\/desempenos-especiais\/#breadcrumb","itemListElement":[{"@type":"ListItem","position":1,"name":"In\u00edcio","item":"https:\/\/auna.com.br\/auna\/"},{"@type":"ListItem","position":2,"name":"Instrumentos","item":"https:\/\/auna.com.br\/auna\/loja\/"},{"@type":"ListItem","position":3,"name":"Desempenos Especiais"}]},{"@type":"WebSite","@id":"https:\/\/auna.com.br\/auna\/#website","url":"https:\/\/auna.com.br\/auna\/","name":"AUNA Metrologia e Instrumenta\u00e7\u00e3o - Instrumentos de Medi\u00e7\u00e3o, Sensores para Monitoramento e Software para Calibra\u00e7\u00e3o, Ensaio e Inspe\u00e7\u00e3o","description":"comercial@auna.com.br || +55 15 9 8129-4041","publisher":{"@id":"https:\/\/auna.com.br\/auna\/#organization"},"potentialAction":[{"@type":"SearchAction","target":{"@type":"EntryPoint","urlTemplate":"https:\/\/auna.com.br\/auna\/?s={search_term_string}"},"query-input":{"@type":"PropertyValueSpecification","valueRequired":true,"valueName":"search_term_string"}}],"inLanguage":"pt-BR"},{"@type":"Organization","@id":"https:\/\/auna.com.br\/auna\/#organization","name":"AUNA Metrologia e Instrumenta\u00e7\u00e3o - Instrumentos de Medi\u00e7\u00e3o, Sensores para Monitoramento e Software para Calibra\u00e7\u00e3o, Ensaio e Inspe\u00e7\u00e3o","url":"https:\/\/auna.com.br\/auna\/","logo":{"@type":"ImageObject","inLanguage":"pt-BR","@id":"https:\/\/auna.com.br\/auna\/#\/schema\/logo\/image\/","url":"https:\/\/auna.com.br\/auna\/wp-content\/uploads\/2023\/03\/cropped-AUNA_Logo_Transparente.png","contentUrl":"https:\/\/auna.com.br\/auna\/wp-content\/uploads\/2023\/03\/cropped-AUNA_Logo_Transparente.png","width":960,"height":430,"caption":"AUNA Metrologia e Instrumenta\u00e7\u00e3o - Instrumentos de Medi\u00e7\u00e3o, Sensores para Monitoramento e Software para Calibra\u00e7\u00e3o, Ensaio e Inspe\u00e7\u00e3o"},"image":{"@id":"https:\/\/auna.com.br\/auna\/#\/schema\/logo\/image\/"}}]}},"_links":{"self":[{"href":"https:\/\/auna.com.br\/auna\/wp-json\/wp\/v2\/product\/298","targetHints":{"allow":["GET"]}}],"collection":[{"href":"https:\/\/auna.com.br\/auna\/wp-json\/wp\/v2\/product"}],"about":[{"href":"https:\/\/auna.com.br\/auna\/wp-json\/wp\/v2\/types\/product"}],"replies":[{"embeddable":true,"href":"https:\/\/auna.com.br\/auna\/wp-json\/wp\/v2\/comments?post=298"}],"wp:featuredmedia":[{"embeddable":true,"href":"https:\/\/auna.com.br\/auna\/wp-json\/wp\/v2\/media\/297"}],"wp:attachment":[{"href":"https:\/\/auna.com.br\/auna\/wp-json\/wp\/v2\/media?parent=298"}],"wp:term":[{"taxonomy":"product_brand","embeddable":true,"href":"https:\/\/auna.com.br\/auna\/wp-json\/wp\/v2\/product_brand?post=298"},{"taxonomy":"product_cat","embeddable":true,"href":"https:\/\/auna.com.br\/auna\/wp-json\/wp\/v2\/product_cat?post=298"},{"taxonomy":"product_tag","embeddable":true,"href":"https:\/\/auna.com.br\/auna\/wp-json\/wp\/v2\/product_tag?post=298"},{"taxonomy":"wpstream_actors","embeddable":true,"href":"https:\/\/auna.com.br\/auna\/wp-json\/wp\/v2\/wpstream_actors?post=298"},{"taxonomy":"wpstream_category","embeddable":true,"href":"https:\/\/auna.com.br\/auna\/wp-json\/wp\/v2\/wpstream_category?post=298"},{"taxonomy":"wpstream_movie_rating","embeddable":true,"href":"https:\/\/auna.com.br\/auna\/wp-json\/wp\/v2\/wpstream_movie_rating?post=298"}],"curies":[{"name":"wp","href":"https:\/\/api.w.org\/{rel}","templated":true}]}}