{"id":301,"date":"2019-05-29T09:33:06","date_gmt":"2019-05-29T09:33:06","guid":{"rendered":"http:\/\/www.auna.com.br\/produtos\/?post_type=product&#038;p=301"},"modified":"2022-04-23T04:23:10","modified_gmt":"2022-04-23T07:23:10","slug":"esquadro-master-de-granito-starrett-com-cinco-faces","status":"publish","type":"product","link":"https:\/\/auna.com.br\/auna\/produto\/esquadro-master-de-granito-starrett-com-cinco-faces\/","title":{"rendered":"Esquadro Master de Granito Starrett com Cinco Faces"},"content":{"rendered":"<p>Esquadros Master de Granito com Cinco Faces s\u00e3o muito utilizados na verifica\u00e7\u00e3o precisa dos eixos X-Y-Z de m\u00e1quinas operatrizes com CNC e m\u00e1quinas de medi\u00e7\u00e3o por coordenadas.<\/p>\n<p>Assentado na posi\u00e7\u00e3o horizontal com um indicador no cabe\u00e7ote da m\u00e1quina, o esquadrejamento de 90\u00ba dos eixos X e Y pode ser verificado. Com o esquadro na posi\u00e7\u00e3o vertical, a perpendicularidade do eixo Z pode ser verificada, deslizando o indicador ao longo da face vertical. Deslizando o indicador sobre a superf\u00edcie do topo do esquadro, enquanto em posi\u00e7\u00e3o vertical, pode-se verificar o paralelismo da mesa com o cabe\u00e7ote nos eixos X e Y.<\/p>\n<p>O Esquadro Master de cinco faces pode ainda ser usado em qualquer trabalho que envolva a verifica\u00e7\u00e3o de esquadrejamento e paralelismo.<\/p>\n<table border=\"0\" rules=\"rows\" cellspacing=\"1\" cellpadding=\"3\">\n<tbody>\n<tr>\n<td rowspan=\"2\" align=\"left\" bgcolor=\"#f1f1f1\"><\/td>\n<td colspan=\"2\" rowspan=\"2\" align=\"center\" bgcolor=\"#f1f1f1\"><strong>Dimens\u00f5es<br \/>\nAltura x Comprimento x Espessura<\/strong><\/td>\n<td rowspan=\"2\" align=\"center\" bgcolor=\"#f1f1f1\"><strong>Peso<\/strong><\/td>\n<td colspan=\"2\" align=\"center\" bgcolor=\"#f1f1f1\" height=\"30\"><strong>Classe de Exatid\u00e3o \u2013 N\u00ba EDP<\/strong><\/td>\n<\/tr>\n<tr>\n<td align=\"center\" bgcolor=\"#f1f1f1\" height=\"30\"><strong>AA Laborat\u00f3rio<br \/>\n0,6\u03bcm\/150mm TIR<br \/>\n(0,000025&#8243;\/6&#8243;)<\/strong><\/td>\n<td align=\"center\" bgcolor=\"#f1f1f1\"><strong>A Inspe\u00e7\u00e3o<br \/>\n1,3\u03bcm\/150mm TIR<br \/>\n(0,00005&#8243;\/6&#8243;)<\/strong><\/td>\n<\/tr>\n<tr>\n<td align=\"left\" bgcolor=\"#ffffff\"><\/td>\n<td align=\"center\">300 x 300 x 75mm<\/td>\n<td align=\"center\">12 x 12 x 3&#8243;<\/td>\n<td align=\"center\">19Kg<\/td>\n<td align=\"center\">81919<\/td>\n<td align=\"center\">81920<\/td>\n<\/tr>\n<tr>\n<td align=\"left\" bgcolor=\"#ffffff\"><\/td>\n<td align=\"center\">350 x 350 x 75mm<\/td>\n<td align=\"center\">14 x 14 x 3&#8243;<\/td>\n<td align=\"center\">25Kg<\/td>\n<td align=\"center\">81922<\/td>\n<td align=\"center\">81923<\/td>\n<\/tr>\n<tr>\n<td align=\"left\" bgcolor=\"#ffffff\"><\/td>\n<td align=\"center\">400 x 400 x 100mm<\/td>\n<td align=\"center\">16 x 16 x 4&#8243;<\/td>\n<td align=\"center\">44Kg<\/td>\n<td align=\"center\">81925<\/td>\n<td align=\"center\">81926<\/td>\n<\/tr>\n<tr>\n<td align=\"left\" bgcolor=\"#ffffff\"><\/td>\n<td align=\"center\">600 x 600 x 100mm<\/td>\n<td align=\"center\">24 x 24 x 4&#8243;<\/td>\n<td align=\"center\">100Kg<\/td>\n<td align=\"center\">81931<\/td>\n<td align=\"center\">81932<\/td>\n<\/tr>\n<tr>\n<td align=\"left\" bgcolor=\"#ffffff\"><\/td>\n<td align=\"center\">900 x 900 x 150mm<\/td>\n<td align=\"center\">36 x 36 x 6&#8243;<\/td>\n<td align=\"center\">388Kg<\/td>\n<td align=\"center\">81933<\/td>\n<td align=\"center\">81934<\/td>\n<\/tr>\n<\/tbody>\n<\/table>\n<p>&nbsp;<\/p>\n","protected":false},"excerpt":{"rendered":"<p>Esquadros Master de Granito com Cinco Faces s\u00e3o muito utilizados na verifica\u00e7\u00e3o precisa dos eixos X-Y-Z de m\u00e1quinas operatrizes com CNC e m\u00e1quinas de medi\u00e7\u00e3o por coordenadas. Assentado na posi\u00e7\u00e3o horizontal com um indicador no cabe\u00e7ote da m\u00e1quina, o esquadrejamento de 90\u00ba dos eixos X e Y pode ser verificado. Com o esquadro na posi\u00e7\u00e3o [&hellip;]<\/p>\n","protected":false},"featured_media":302,"comment_status":"closed","ping_status":"closed","template":"","meta":[],"product_brand":[],"product_cat":[40],"product_tag":[],"wpstream_actors":[],"wpstream_category":[],"wpstream_movie_rating":[],"class_list":{"0":"post-301","1":"product","2":"type-product","3":"status-publish","4":"has-post-thumbnail","6":"product_cat-superficie-de-referencia","8":"first","9":"onbackorder","10":"taxable","11":"shipping-taxable","12":"product-type-simple","13":"czr-hentry"},"yoast_head":"<!-- This site is optimized with the Yoast SEO plugin v27.5 - https:\/\/yoast.com\/product\/yoast-seo-wordpress\/ -->\n<title>Esquadro Master de Granito Starrett com Cinco Faces - AUNA Metrologia e Instrumenta\u00e7\u00e3o - Instrumentos de Medi\u00e7\u00e3o, Sensores para Monitoramento e Software para Calibra\u00e7\u00e3o, Ensaio e Inspe\u00e7\u00e3o<\/title>\n<meta name=\"robots\" content=\"index, follow, max-snippet:-1, max-image-preview:large, max-video-preview:-1\" \/>\n<link rel=\"canonical\" href=\"https:\/\/auna.com.br\/auna\/produto\/esquadro-master-de-granito-starrett-com-cinco-faces\/\" \/>\n<meta property=\"og:locale\" content=\"pt_BR\" \/>\n<meta property=\"og:type\" content=\"article\" \/>\n<meta property=\"og:title\" content=\"Esquadro Master de Granito Starrett com Cinco Faces - AUNA Metrologia e Instrumenta\u00e7\u00e3o - Instrumentos de Medi\u00e7\u00e3o, Sensores para Monitoramento e Software para Calibra\u00e7\u00e3o, Ensaio e Inspe\u00e7\u00e3o\" \/>\n<meta property=\"og:description\" content=\"Esquadros Master de Granito com Cinco Faces s\u00e3o muito utilizados na verifica\u00e7\u00e3o precisa dos eixos X-Y-Z de m\u00e1quinas operatrizes com CNC e m\u00e1quinas de medi\u00e7\u00e3o por coordenadas. Assentado na posi\u00e7\u00e3o horizontal com um indicador no cabe\u00e7ote da m\u00e1quina, o esquadrejamento de 90\u00ba dos eixos X e Y pode ser verificado. Com o esquadro na posi\u00e7\u00e3o [&hellip;]\" \/>\n<meta property=\"og:url\" content=\"https:\/\/auna.com.br\/auna\/produto\/esquadro-master-de-granito-starrett-com-cinco-faces\/\" \/>\n<meta property=\"og:site_name\" content=\"AUNA Metrologia e Instrumenta\u00e7\u00e3o - Instrumentos de Medi\u00e7\u00e3o, Sensores para Monitoramento e Software para Calibra\u00e7\u00e3o, Ensaio e Inspe\u00e7\u00e3o\" \/>\n<meta property=\"article:modified_time\" content=\"2022-04-23T07:23:10+00:00\" \/>\n<meta property=\"og:image\" content=\"https:\/\/auna.com.br\/auna\/wp-content\/uploads\/2019\/05\/Esquadro-Master-de-Granito-Starrett-com-Cinco-Faces_ImgProd612.jpg\" \/>\n\t<meta property=\"og:image:width\" content=\"320\" \/>\n\t<meta property=\"og:image:height\" content=\"179\" \/>\n\t<meta property=\"og:image:type\" content=\"image\/jpeg\" \/>\n<meta name=\"twitter:card\" content=\"summary_large_image\" \/>\n<meta name=\"twitter:label1\" content=\"Est. tempo de leitura\" \/>\n\t<meta name=\"twitter:data1\" content=\"1 minuto\" \/>\n<script type=\"application\/ld+json\" class=\"yoast-schema-graph\">{\"@context\":\"https:\\\/\\\/schema.org\",\"@graph\":[{\"@type\":\"WebPage\",\"@id\":\"https:\\\/\\\/auna.com.br\\\/auna\\\/produto\\\/esquadro-master-de-granito-starrett-com-cinco-faces\\\/\",\"url\":\"https:\\\/\\\/auna.com.br\\\/auna\\\/produto\\\/esquadro-master-de-granito-starrett-com-cinco-faces\\\/\",\"name\":\"Esquadro Master de Granito Starrett com Cinco Faces - AUNA Metrologia e Instrumenta\u00e7\u00e3o - Instrumentos de Medi\u00e7\u00e3o, Sensores para Monitoramento e Software para Calibra\u00e7\u00e3o, Ensaio e Inspe\u00e7\u00e3o\",\"isPartOf\":{\"@id\":\"https:\\\/\\\/auna.com.br\\\/auna\\\/#website\"},\"primaryImageOfPage\":{\"@id\":\"https:\\\/\\\/auna.com.br\\\/auna\\\/produto\\\/esquadro-master-de-granito-starrett-com-cinco-faces\\\/#primaryimage\"},\"image\":{\"@id\":\"https:\\\/\\\/auna.com.br\\\/auna\\\/produto\\\/esquadro-master-de-granito-starrett-com-cinco-faces\\\/#primaryimage\"},\"thumbnailUrl\":\"https:\\\/\\\/auna.com.br\\\/auna\\\/wp-content\\\/uploads\\\/2019\\\/05\\\/Esquadro-Master-de-Granito-Starrett-com-Cinco-Faces_ImgProd612.jpg\",\"datePublished\":\"2019-05-29T09:33:06+00:00\",\"dateModified\":\"2022-04-23T07:23:10+00:00\",\"breadcrumb\":{\"@id\":\"https:\\\/\\\/auna.com.br\\\/auna\\\/produto\\\/esquadro-master-de-granito-starrett-com-cinco-faces\\\/#breadcrumb\"},\"inLanguage\":\"pt-BR\",\"potentialAction\":[{\"@type\":\"ReadAction\",\"target\":[\"https:\\\/\\\/auna.com.br\\\/auna\\\/produto\\\/esquadro-master-de-granito-starrett-com-cinco-faces\\\/\"]}]},{\"@type\":\"ImageObject\",\"inLanguage\":\"pt-BR\",\"@id\":\"https:\\\/\\\/auna.com.br\\\/auna\\\/produto\\\/esquadro-master-de-granito-starrett-com-cinco-faces\\\/#primaryimage\",\"url\":\"https:\\\/\\\/auna.com.br\\\/auna\\\/wp-content\\\/uploads\\\/2019\\\/05\\\/Esquadro-Master-de-Granito-Starrett-com-Cinco-Faces_ImgProd612.jpg\",\"contentUrl\":\"https:\\\/\\\/auna.com.br\\\/auna\\\/wp-content\\\/uploads\\\/2019\\\/05\\\/Esquadro-Master-de-Granito-Starrett-com-Cinco-Faces_ImgProd612.jpg\",\"width\":320,\"height\":179},{\"@type\":\"BreadcrumbList\",\"@id\":\"https:\\\/\\\/auna.com.br\\\/auna\\\/produto\\\/esquadro-master-de-granito-starrett-com-cinco-faces\\\/#breadcrumb\",\"itemListElement\":[{\"@type\":\"ListItem\",\"position\":1,\"name\":\"In\u00edcio\",\"item\":\"https:\\\/\\\/auna.com.br\\\/auna\\\/\"},{\"@type\":\"ListItem\",\"position\":2,\"name\":\"Instrumentos\",\"item\":\"https:\\\/\\\/auna.com.br\\\/auna\\\/loja\\\/\"},{\"@type\":\"ListItem\",\"position\":3,\"name\":\"Esquadro Master de Granito Starrett com Cinco Faces\"}]},{\"@type\":\"WebSite\",\"@id\":\"https:\\\/\\\/auna.com.br\\\/auna\\\/#website\",\"url\":\"https:\\\/\\\/auna.com.br\\\/auna\\\/\",\"name\":\"AUNA Metrologia e Instrumenta\u00e7\u00e3o - Instrumentos de Medi\u00e7\u00e3o, Sensores para Monitoramento e Software para Calibra\u00e7\u00e3o, Ensaio e Inspe\u00e7\u00e3o\",\"description\":\"comercial@auna.com.br || +55 15 9 8129-4041\",\"publisher\":{\"@id\":\"https:\\\/\\\/auna.com.br\\\/auna\\\/#organization\"},\"potentialAction\":[{\"@type\":\"SearchAction\",\"target\":{\"@type\":\"EntryPoint\",\"urlTemplate\":\"https:\\\/\\\/auna.com.br\\\/auna\\\/?s={search_term_string}\"},\"query-input\":{\"@type\":\"PropertyValueSpecification\",\"valueRequired\":true,\"valueName\":\"search_term_string\"}}],\"inLanguage\":\"pt-BR\"},{\"@type\":\"Organization\",\"@id\":\"https:\\\/\\\/auna.com.br\\\/auna\\\/#organization\",\"name\":\"AUNA Metrologia e Instrumenta\u00e7\u00e3o - Instrumentos de Medi\u00e7\u00e3o, Sensores para Monitoramento e Software para Calibra\u00e7\u00e3o, Ensaio e Inspe\u00e7\u00e3o\",\"url\":\"https:\\\/\\\/auna.com.br\\\/auna\\\/\",\"logo\":{\"@type\":\"ImageObject\",\"inLanguage\":\"pt-BR\",\"@id\":\"https:\\\/\\\/auna.com.br\\\/auna\\\/#\\\/schema\\\/logo\\\/image\\\/\",\"url\":\"https:\\\/\\\/auna.com.br\\\/auna\\\/wp-content\\\/uploads\\\/2023\\\/03\\\/cropped-AUNA_Logo_Transparente.png\",\"contentUrl\":\"https:\\\/\\\/auna.com.br\\\/auna\\\/wp-content\\\/uploads\\\/2023\\\/03\\\/cropped-AUNA_Logo_Transparente.png\",\"width\":960,\"height\":430,\"caption\":\"AUNA Metrologia e Instrumenta\u00e7\u00e3o - Instrumentos de Medi\u00e7\u00e3o, Sensores para Monitoramento e Software para Calibra\u00e7\u00e3o, Ensaio e Inspe\u00e7\u00e3o\"},\"image\":{\"@id\":\"https:\\\/\\\/auna.com.br\\\/auna\\\/#\\\/schema\\\/logo\\\/image\\\/\"}}]}<\/script>\n<!-- \/ Yoast SEO plugin. -->","yoast_head_json":{"title":"Esquadro Master de Granito Starrett com Cinco Faces - AUNA Metrologia e Instrumenta\u00e7\u00e3o - Instrumentos de Medi\u00e7\u00e3o, Sensores para Monitoramento e Software para Calibra\u00e7\u00e3o, Ensaio e Inspe\u00e7\u00e3o","robots":{"index":"index","follow":"follow","max-snippet":"max-snippet:-1","max-image-preview":"max-image-preview:large","max-video-preview":"max-video-preview:-1"},"canonical":"https:\/\/auna.com.br\/auna\/produto\/esquadro-master-de-granito-starrett-com-cinco-faces\/","og_locale":"pt_BR","og_type":"article","og_title":"Esquadro Master de Granito Starrett com Cinco Faces - AUNA Metrologia e Instrumenta\u00e7\u00e3o - Instrumentos de Medi\u00e7\u00e3o, Sensores para Monitoramento e Software para Calibra\u00e7\u00e3o, Ensaio e Inspe\u00e7\u00e3o","og_description":"Esquadros Master de Granito com Cinco Faces s\u00e3o muito utilizados na verifica\u00e7\u00e3o precisa dos eixos X-Y-Z de m\u00e1quinas operatrizes com CNC e m\u00e1quinas de medi\u00e7\u00e3o por coordenadas. Assentado na posi\u00e7\u00e3o horizontal com um indicador no cabe\u00e7ote da m\u00e1quina, o esquadrejamento de 90\u00ba dos eixos X e Y pode ser verificado. Com o esquadro na posi\u00e7\u00e3o [&hellip;]","og_url":"https:\/\/auna.com.br\/auna\/produto\/esquadro-master-de-granito-starrett-com-cinco-faces\/","og_site_name":"AUNA Metrologia e Instrumenta\u00e7\u00e3o - Instrumentos de Medi\u00e7\u00e3o, Sensores para Monitoramento e Software para Calibra\u00e7\u00e3o, Ensaio e Inspe\u00e7\u00e3o","article_modified_time":"2022-04-23T07:23:10+00:00","og_image":[{"width":320,"height":179,"url":"https:\/\/auna.com.br\/auna\/wp-content\/uploads\/2019\/05\/Esquadro-Master-de-Granito-Starrett-com-Cinco-Faces_ImgProd612.jpg","type":"image\/jpeg"}],"twitter_card":"summary_large_image","twitter_misc":{"Est. tempo de leitura":"1 minuto"},"schema":{"@context":"https:\/\/schema.org","@graph":[{"@type":"WebPage","@id":"https:\/\/auna.com.br\/auna\/produto\/esquadro-master-de-granito-starrett-com-cinco-faces\/","url":"https:\/\/auna.com.br\/auna\/produto\/esquadro-master-de-granito-starrett-com-cinco-faces\/","name":"Esquadro Master de Granito Starrett com Cinco Faces - AUNA Metrologia e Instrumenta\u00e7\u00e3o - Instrumentos de Medi\u00e7\u00e3o, Sensores para Monitoramento e Software para Calibra\u00e7\u00e3o, Ensaio e Inspe\u00e7\u00e3o","isPartOf":{"@id":"https:\/\/auna.com.br\/auna\/#website"},"primaryImageOfPage":{"@id":"https:\/\/auna.com.br\/auna\/produto\/esquadro-master-de-granito-starrett-com-cinco-faces\/#primaryimage"},"image":{"@id":"https:\/\/auna.com.br\/auna\/produto\/esquadro-master-de-granito-starrett-com-cinco-faces\/#primaryimage"},"thumbnailUrl":"https:\/\/auna.com.br\/auna\/wp-content\/uploads\/2019\/05\/Esquadro-Master-de-Granito-Starrett-com-Cinco-Faces_ImgProd612.jpg","datePublished":"2019-05-29T09:33:06+00:00","dateModified":"2022-04-23T07:23:10+00:00","breadcrumb":{"@id":"https:\/\/auna.com.br\/auna\/produto\/esquadro-master-de-granito-starrett-com-cinco-faces\/#breadcrumb"},"inLanguage":"pt-BR","potentialAction":[{"@type":"ReadAction","target":["https:\/\/auna.com.br\/auna\/produto\/esquadro-master-de-granito-starrett-com-cinco-faces\/"]}]},{"@type":"ImageObject","inLanguage":"pt-BR","@id":"https:\/\/auna.com.br\/auna\/produto\/esquadro-master-de-granito-starrett-com-cinco-faces\/#primaryimage","url":"https:\/\/auna.com.br\/auna\/wp-content\/uploads\/2019\/05\/Esquadro-Master-de-Granito-Starrett-com-Cinco-Faces_ImgProd612.jpg","contentUrl":"https:\/\/auna.com.br\/auna\/wp-content\/uploads\/2019\/05\/Esquadro-Master-de-Granito-Starrett-com-Cinco-Faces_ImgProd612.jpg","width":320,"height":179},{"@type":"BreadcrumbList","@id":"https:\/\/auna.com.br\/auna\/produto\/esquadro-master-de-granito-starrett-com-cinco-faces\/#breadcrumb","itemListElement":[{"@type":"ListItem","position":1,"name":"In\u00edcio","item":"https:\/\/auna.com.br\/auna\/"},{"@type":"ListItem","position":2,"name":"Instrumentos","item":"https:\/\/auna.com.br\/auna\/loja\/"},{"@type":"ListItem","position":3,"name":"Esquadro Master de Granito Starrett com Cinco Faces"}]},{"@type":"WebSite","@id":"https:\/\/auna.com.br\/auna\/#website","url":"https:\/\/auna.com.br\/auna\/","name":"AUNA Metrologia e Instrumenta\u00e7\u00e3o - Instrumentos de Medi\u00e7\u00e3o, Sensores para Monitoramento e Software para Calibra\u00e7\u00e3o, Ensaio e Inspe\u00e7\u00e3o","description":"comercial@auna.com.br || +55 15 9 8129-4041","publisher":{"@id":"https:\/\/auna.com.br\/auna\/#organization"},"potentialAction":[{"@type":"SearchAction","target":{"@type":"EntryPoint","urlTemplate":"https:\/\/auna.com.br\/auna\/?s={search_term_string}"},"query-input":{"@type":"PropertyValueSpecification","valueRequired":true,"valueName":"search_term_string"}}],"inLanguage":"pt-BR"},{"@type":"Organization","@id":"https:\/\/auna.com.br\/auna\/#organization","name":"AUNA Metrologia e Instrumenta\u00e7\u00e3o - Instrumentos de Medi\u00e7\u00e3o, Sensores para Monitoramento e Software para Calibra\u00e7\u00e3o, Ensaio e Inspe\u00e7\u00e3o","url":"https:\/\/auna.com.br\/auna\/","logo":{"@type":"ImageObject","inLanguage":"pt-BR","@id":"https:\/\/auna.com.br\/auna\/#\/schema\/logo\/image\/","url":"https:\/\/auna.com.br\/auna\/wp-content\/uploads\/2023\/03\/cropped-AUNA_Logo_Transparente.png","contentUrl":"https:\/\/auna.com.br\/auna\/wp-content\/uploads\/2023\/03\/cropped-AUNA_Logo_Transparente.png","width":960,"height":430,"caption":"AUNA Metrologia e Instrumenta\u00e7\u00e3o - Instrumentos de Medi\u00e7\u00e3o, Sensores para Monitoramento e Software para Calibra\u00e7\u00e3o, Ensaio e Inspe\u00e7\u00e3o"},"image":{"@id":"https:\/\/auna.com.br\/auna\/#\/schema\/logo\/image\/"}}]}},"_links":{"self":[{"href":"https:\/\/auna.com.br\/auna\/wp-json\/wp\/v2\/product\/301","targetHints":{"allow":["GET"]}}],"collection":[{"href":"https:\/\/auna.com.br\/auna\/wp-json\/wp\/v2\/product"}],"about":[{"href":"https:\/\/auna.com.br\/auna\/wp-json\/wp\/v2\/types\/product"}],"replies":[{"embeddable":true,"href":"https:\/\/auna.com.br\/auna\/wp-json\/wp\/v2\/comments?post=301"}],"wp:featuredmedia":[{"embeddable":true,"href":"https:\/\/auna.com.br\/auna\/wp-json\/wp\/v2\/media\/302"}],"wp:attachment":[{"href":"https:\/\/auna.com.br\/auna\/wp-json\/wp\/v2\/media?parent=301"}],"wp:term":[{"taxonomy":"product_brand","embeddable":true,"href":"https:\/\/auna.com.br\/auna\/wp-json\/wp\/v2\/product_brand?post=301"},{"taxonomy":"product_cat","embeddable":true,"href":"https:\/\/auna.com.br\/auna\/wp-json\/wp\/v2\/product_cat?post=301"},{"taxonomy":"product_tag","embeddable":true,"href":"https:\/\/auna.com.br\/auna\/wp-json\/wp\/v2\/product_tag?post=301"},{"taxonomy":"wpstream_actors","embeddable":true,"href":"https:\/\/auna.com.br\/auna\/wp-json\/wp\/v2\/wpstream_actors?post=301"},{"taxonomy":"wpstream_category","embeddable":true,"href":"https:\/\/auna.com.br\/auna\/wp-json\/wp\/v2\/wpstream_category?post=301"},{"taxonomy":"wpstream_movie_rating","embeddable":true,"href":"https:\/\/auna.com.br\/auna\/wp-json\/wp\/v2\/wpstream_movie_rating?post=301"}],"curies":[{"name":"wp","href":"https:\/\/api.w.org\/{rel}","templated":true}]}}