{"id":4026,"date":"2019-10-29T23:10:19","date_gmt":"2019-10-29T23:10:19","guid":{"rendered":"https:\/\/www.aunarepresentacoes.com.br\/?post_type=product&#038;p=4026"},"modified":"2022-04-20T14:32:38","modified_gmt":"2022-04-20T17:32:38","slug":"fonte-de-tensao-eletrica-ftr","status":"publish","type":"product","link":"https:\/\/auna.com.br\/auna\/produto\/fonte-de-tensao-eletrica-ftr\/","title":{"rendered":"Fonte de Tens\u00e3o El\u00e9trica FTR"},"content":{"rendered":"<p><span style=\"color: #525252;\">Fonte de tens\u00e3o el\u00e9trica de 24 Vcc, regulada e isolada, destinada a alimenta\u00e7\u00e3o de equipamentos el\u00e9tricos industriais.<\/span><\/p>\n<p><span style=\"color: #525252;\">A fonte \u00e9 pr\u00f3pria para ser instalada em pain\u00e9is ou quadros el\u00e9tricos. No local deve-se evitar vibra\u00e7\u00f5es, umidade e temperatura excessivas e interfer\u00eancias eletromagn\u00e9ticas.<\/span><\/p>\n<ul>\n<li><span style=\"color: #686868;\">Tens\u00e3o de entrada (INPUT): 100~240 Vca\/cc \/ 50~60 Hz;<\/span><\/li>\n<li><span style=\"color: #686868;\">Tens\u00e3o de sa\u00edda (OUTPUT): 24 Vcc, \u00b1 2 %;<\/span><\/li>\n<li><span style=\"color: #686868;\">Pot\u00eancia na sa\u00edda: 3 W;<\/span><\/li>\n<li><span style=\"color: #686868;\">Tens\u00e3o de Isolamento entre Entrada\/Sa\u00edda: 600 V;<\/span><\/li>\n<li><span style=\"color: #686868;\">Grau de Prote\u00e7\u00e3o: IP40;<\/span><\/li>\n<li><span style=\"color: #686868;\">Ambiente de Opera\u00e7\u00e3o: 0 \u00b0C a 55 \u00b0C;<\/span><\/li>\n<li><span style=\"color: #686868;\">Umidade Ambiente: 20 a 85 % UR, sem condensa\u00e7\u00e3o;<\/span><\/li>\n<li><span style=\"color: #686868;\">Modo de Fixa\u00e7\u00e3o: Trilhos TS32 e TS35;<\/span><\/li>\n<li><span style=\"color: #686868;\">Sec\u00e7\u00e3o do fio utilizado: 0,14 mm\u00b2 a 1,5 mm\u00b2;<\/span><\/li>\n<li><span style=\"color: #686868;\">Torque recomendado: 0,8 Nm \/ 7,0 lb-in;<\/span><\/li>\n<li><span style=\"color: #686868;\">Gabinete: ABS (60%) + PC (40%) \/ UL94, V-0;<\/span><\/li>\n<li><span style=\"color: #686868;\">Prote\u00e7\u00e3o contra curto-circuito;<\/span><\/li>\n<li><span style=\"color: #686868;\">Uso interno.<\/span><\/li>\n<\/ul>\n","protected":false},"excerpt":{"rendered":"<p>Fonte de tens\u00e3o el\u00e9trica de 24 Vcc, regulada e isolada, destinada a alimenta\u00e7\u00e3o de equipamentos el\u00e9tricos industriais. A fonte \u00e9 pr\u00f3pria para ser instalada em pain\u00e9is ou quadros el\u00e9tricos. No local deve-se evitar vibra\u00e7\u00f5es, umidade e temperatura excessivas e interfer\u00eancias eletromagn\u00e9ticas. Tens\u00e3o de entrada (INPUT): 100~240 Vca\/cc \/ 50~60 Hz; Tens\u00e3o de sa\u00edda (OUTPUT): 24 [&hellip;]<\/p>\n","protected":false},"featured_media":4027,"comment_status":"closed","ping_status":"closed","template":"","meta":[],"product_brand":[],"product_cat":[99],"product_tag":[],"wpstream_actors":[],"wpstream_category":[],"wpstream_movie_rating":[],"class_list":{"0":"post-4026","1":"product","2":"type-product","3":"status-publish","4":"has-post-thumbnail","6":"product_cat-acessorios-2","8":"first","9":"onbackorder","10":"taxable","11":"shipping-taxable","12":"product-type-simple","13":"czr-hentry"},"yoast_head":"<!-- This site is optimized with the Yoast SEO plugin v27.5 - https:\/\/yoast.com\/product\/yoast-seo-wordpress\/ -->\n<title>Fonte de Tens\u00e3o El\u00e9trica FTR - AUNA Metrologia e Instrumenta\u00e7\u00e3o - Instrumentos de Medi\u00e7\u00e3o, Sensores para Monitoramento e Software para Calibra\u00e7\u00e3o, Ensaio e Inspe\u00e7\u00e3o<\/title>\n<meta name=\"description\" content=\"Fonte de tens\u00e3o el\u00e9trica de 24 Vcc, regulada e isolada, destinada a alimenta\u00e7\u00e3o de equipamentos el\u00e9tricos industriais.\" \/>\n<meta name=\"robots\" content=\"index, follow, max-snippet:-1, max-image-preview:large, max-video-preview:-1\" \/>\n<link rel=\"canonical\" href=\"https:\/\/auna.com.br\/auna\/produto\/fonte-de-tensao-eletrica-ftr\/\" \/>\n<meta property=\"og:locale\" content=\"pt_BR\" \/>\n<meta property=\"og:type\" content=\"article\" \/>\n<meta property=\"og:title\" content=\"Fonte de Tens\u00e3o El\u00e9trica FTR - AUNA Metrologia e Instrumenta\u00e7\u00e3o - Instrumentos de Medi\u00e7\u00e3o, Sensores para Monitoramento e Software para Calibra\u00e7\u00e3o, Ensaio e Inspe\u00e7\u00e3o\" \/>\n<meta property=\"og:description\" content=\"Fonte de tens\u00e3o el\u00e9trica de 24 Vcc, regulada e isolada, destinada a alimenta\u00e7\u00e3o de equipamentos el\u00e9tricos industriais.\" \/>\n<meta property=\"og:url\" content=\"https:\/\/auna.com.br\/auna\/produto\/fonte-de-tensao-eletrica-ftr\/\" \/>\n<meta property=\"og:site_name\" content=\"AUNA Metrologia e Instrumenta\u00e7\u00e3o - Instrumentos de Medi\u00e7\u00e3o, Sensores para Monitoramento e Software para Calibra\u00e7\u00e3o, Ensaio e Inspe\u00e7\u00e3o\" \/>\n<meta property=\"article:modified_time\" content=\"2022-04-20T17:32:38+00:00\" \/>\n<meta property=\"og:image\" content=\"https:\/\/auna.com.br\/auna\/wp-content\/uploads\/2019\/10\/t2-ftr.jpg\" \/>\n\t<meta property=\"og:image:width\" content=\"400\" \/>\n\t<meta property=\"og:image:height\" content=\"400\" \/>\n\t<meta property=\"og:image:type\" content=\"image\/jpeg\" \/>\n<meta name=\"twitter:card\" content=\"summary_large_image\" \/>\n<meta name=\"twitter:label1\" content=\"Est. tempo de leitura\" \/>\n\t<meta name=\"twitter:data1\" content=\"1 minuto\" \/>\n<script type=\"application\/ld+json\" class=\"yoast-schema-graph\">{\"@context\":\"https:\\\/\\\/schema.org\",\"@graph\":[{\"@type\":\"WebPage\",\"@id\":\"https:\\\/\\\/auna.com.br\\\/auna\\\/produto\\\/fonte-de-tensao-eletrica-ftr\\\/\",\"url\":\"https:\\\/\\\/auna.com.br\\\/auna\\\/produto\\\/fonte-de-tensao-eletrica-ftr\\\/\",\"name\":\"Fonte de Tens\u00e3o El\u00e9trica FTR - AUNA Metrologia e Instrumenta\u00e7\u00e3o - Instrumentos de Medi\u00e7\u00e3o, Sensores para Monitoramento e Software para Calibra\u00e7\u00e3o, Ensaio e Inspe\u00e7\u00e3o\",\"isPartOf\":{\"@id\":\"https:\\\/\\\/auna.com.br\\\/auna\\\/#website\"},\"primaryImageOfPage\":{\"@id\":\"https:\\\/\\\/auna.com.br\\\/auna\\\/produto\\\/fonte-de-tensao-eletrica-ftr\\\/#primaryimage\"},\"image\":{\"@id\":\"https:\\\/\\\/auna.com.br\\\/auna\\\/produto\\\/fonte-de-tensao-eletrica-ftr\\\/#primaryimage\"},\"thumbnailUrl\":\"https:\\\/\\\/auna.com.br\\\/auna\\\/wp-content\\\/uploads\\\/2019\\\/10\\\/t2-ftr.jpg\",\"datePublished\":\"2019-10-29T23:10:19+00:00\",\"dateModified\":\"2022-04-20T17:32:38+00:00\",\"description\":\"Fonte de tens\u00e3o el\u00e9trica de 24 Vcc, regulada e isolada, destinada a alimenta\u00e7\u00e3o de equipamentos el\u00e9tricos industriais.\",\"breadcrumb\":{\"@id\":\"https:\\\/\\\/auna.com.br\\\/auna\\\/produto\\\/fonte-de-tensao-eletrica-ftr\\\/#breadcrumb\"},\"inLanguage\":\"pt-BR\",\"potentialAction\":[{\"@type\":\"ReadAction\",\"target\":[\"https:\\\/\\\/auna.com.br\\\/auna\\\/produto\\\/fonte-de-tensao-eletrica-ftr\\\/\"]}]},{\"@type\":\"ImageObject\",\"inLanguage\":\"pt-BR\",\"@id\":\"https:\\\/\\\/auna.com.br\\\/auna\\\/produto\\\/fonte-de-tensao-eletrica-ftr\\\/#primaryimage\",\"url\":\"https:\\\/\\\/auna.com.br\\\/auna\\\/wp-content\\\/uploads\\\/2019\\\/10\\\/t2-ftr.jpg\",\"contentUrl\":\"https:\\\/\\\/auna.com.br\\\/auna\\\/wp-content\\\/uploads\\\/2019\\\/10\\\/t2-ftr.jpg\",\"width\":400,\"height\":400},{\"@type\":\"BreadcrumbList\",\"@id\":\"https:\\\/\\\/auna.com.br\\\/auna\\\/produto\\\/fonte-de-tensao-eletrica-ftr\\\/#breadcrumb\",\"itemListElement\":[{\"@type\":\"ListItem\",\"position\":1,\"name\":\"In\u00edcio\",\"item\":\"https:\\\/\\\/auna.com.br\\\/auna\\\/\"},{\"@type\":\"ListItem\",\"position\":2,\"name\":\"Instrumentos\",\"item\":\"https:\\\/\\\/auna.com.br\\\/auna\\\/loja\\\/\"},{\"@type\":\"ListItem\",\"position\":3,\"name\":\"Fonte de Tens\u00e3o El\u00e9trica FTR\"}]},{\"@type\":\"WebSite\",\"@id\":\"https:\\\/\\\/auna.com.br\\\/auna\\\/#website\",\"url\":\"https:\\\/\\\/auna.com.br\\\/auna\\\/\",\"name\":\"AUNA Metrologia e Instrumenta\u00e7\u00e3o - Instrumentos de Medi\u00e7\u00e3o, Sensores para Monitoramento e Software para Calibra\u00e7\u00e3o, Ensaio e Inspe\u00e7\u00e3o\",\"description\":\"comercial@auna.com.br || +55 15 9 8129-4041\",\"publisher\":{\"@id\":\"https:\\\/\\\/auna.com.br\\\/auna\\\/#organization\"},\"potentialAction\":[{\"@type\":\"SearchAction\",\"target\":{\"@type\":\"EntryPoint\",\"urlTemplate\":\"https:\\\/\\\/auna.com.br\\\/auna\\\/?s={search_term_string}\"},\"query-input\":{\"@type\":\"PropertyValueSpecification\",\"valueRequired\":true,\"valueName\":\"search_term_string\"}}],\"inLanguage\":\"pt-BR\"},{\"@type\":\"Organization\",\"@id\":\"https:\\\/\\\/auna.com.br\\\/auna\\\/#organization\",\"name\":\"AUNA Metrologia e Instrumenta\u00e7\u00e3o - Instrumentos de Medi\u00e7\u00e3o, Sensores para Monitoramento e Software para Calibra\u00e7\u00e3o, Ensaio e Inspe\u00e7\u00e3o\",\"url\":\"https:\\\/\\\/auna.com.br\\\/auna\\\/\",\"logo\":{\"@type\":\"ImageObject\",\"inLanguage\":\"pt-BR\",\"@id\":\"https:\\\/\\\/auna.com.br\\\/auna\\\/#\\\/schema\\\/logo\\\/image\\\/\",\"url\":\"https:\\\/\\\/auna.com.br\\\/auna\\\/wp-content\\\/uploads\\\/2023\\\/03\\\/cropped-AUNA_Logo_Transparente.png\",\"contentUrl\":\"https:\\\/\\\/auna.com.br\\\/auna\\\/wp-content\\\/uploads\\\/2023\\\/03\\\/cropped-AUNA_Logo_Transparente.png\",\"width\":960,\"height\":430,\"caption\":\"AUNA Metrologia e Instrumenta\u00e7\u00e3o - Instrumentos de Medi\u00e7\u00e3o, Sensores para Monitoramento e Software para Calibra\u00e7\u00e3o, Ensaio e Inspe\u00e7\u00e3o\"},\"image\":{\"@id\":\"https:\\\/\\\/auna.com.br\\\/auna\\\/#\\\/schema\\\/logo\\\/image\\\/\"}}]}<\/script>\n<!-- \/ Yoast SEO plugin. -->","yoast_head_json":{"title":"Fonte de Tens\u00e3o El\u00e9trica FTR - AUNA Metrologia e Instrumenta\u00e7\u00e3o - Instrumentos de Medi\u00e7\u00e3o, Sensores para Monitoramento e Software para Calibra\u00e7\u00e3o, Ensaio e Inspe\u00e7\u00e3o","description":"Fonte de tens\u00e3o el\u00e9trica de 24 Vcc, regulada e isolada, destinada a alimenta\u00e7\u00e3o de equipamentos el\u00e9tricos industriais.","robots":{"index":"index","follow":"follow","max-snippet":"max-snippet:-1","max-image-preview":"max-image-preview:large","max-video-preview":"max-video-preview:-1"},"canonical":"https:\/\/auna.com.br\/auna\/produto\/fonte-de-tensao-eletrica-ftr\/","og_locale":"pt_BR","og_type":"article","og_title":"Fonte de Tens\u00e3o El\u00e9trica FTR - AUNA Metrologia e Instrumenta\u00e7\u00e3o - Instrumentos de Medi\u00e7\u00e3o, Sensores para Monitoramento e Software para Calibra\u00e7\u00e3o, Ensaio e Inspe\u00e7\u00e3o","og_description":"Fonte de tens\u00e3o el\u00e9trica de 24 Vcc, regulada e isolada, destinada a alimenta\u00e7\u00e3o de equipamentos el\u00e9tricos industriais.","og_url":"https:\/\/auna.com.br\/auna\/produto\/fonte-de-tensao-eletrica-ftr\/","og_site_name":"AUNA Metrologia e Instrumenta\u00e7\u00e3o - Instrumentos de Medi\u00e7\u00e3o, Sensores para Monitoramento e Software para Calibra\u00e7\u00e3o, Ensaio e Inspe\u00e7\u00e3o","article_modified_time":"2022-04-20T17:32:38+00:00","og_image":[{"width":400,"height":400,"url":"https:\/\/auna.com.br\/auna\/wp-content\/uploads\/2019\/10\/t2-ftr.jpg","type":"image\/jpeg"}],"twitter_card":"summary_large_image","twitter_misc":{"Est. tempo de leitura":"1 minuto"},"schema":{"@context":"https:\/\/schema.org","@graph":[{"@type":"WebPage","@id":"https:\/\/auna.com.br\/auna\/produto\/fonte-de-tensao-eletrica-ftr\/","url":"https:\/\/auna.com.br\/auna\/produto\/fonte-de-tensao-eletrica-ftr\/","name":"Fonte de Tens\u00e3o El\u00e9trica FTR - AUNA Metrologia e Instrumenta\u00e7\u00e3o - Instrumentos de Medi\u00e7\u00e3o, Sensores para Monitoramento e Software para Calibra\u00e7\u00e3o, Ensaio e Inspe\u00e7\u00e3o","isPartOf":{"@id":"https:\/\/auna.com.br\/auna\/#website"},"primaryImageOfPage":{"@id":"https:\/\/auna.com.br\/auna\/produto\/fonte-de-tensao-eletrica-ftr\/#primaryimage"},"image":{"@id":"https:\/\/auna.com.br\/auna\/produto\/fonte-de-tensao-eletrica-ftr\/#primaryimage"},"thumbnailUrl":"https:\/\/auna.com.br\/auna\/wp-content\/uploads\/2019\/10\/t2-ftr.jpg","datePublished":"2019-10-29T23:10:19+00:00","dateModified":"2022-04-20T17:32:38+00:00","description":"Fonte de tens\u00e3o el\u00e9trica de 24 Vcc, regulada e isolada, destinada a alimenta\u00e7\u00e3o de equipamentos el\u00e9tricos industriais.","breadcrumb":{"@id":"https:\/\/auna.com.br\/auna\/produto\/fonte-de-tensao-eletrica-ftr\/#breadcrumb"},"inLanguage":"pt-BR","potentialAction":[{"@type":"ReadAction","target":["https:\/\/auna.com.br\/auna\/produto\/fonte-de-tensao-eletrica-ftr\/"]}]},{"@type":"ImageObject","inLanguage":"pt-BR","@id":"https:\/\/auna.com.br\/auna\/produto\/fonte-de-tensao-eletrica-ftr\/#primaryimage","url":"https:\/\/auna.com.br\/auna\/wp-content\/uploads\/2019\/10\/t2-ftr.jpg","contentUrl":"https:\/\/auna.com.br\/auna\/wp-content\/uploads\/2019\/10\/t2-ftr.jpg","width":400,"height":400},{"@type":"BreadcrumbList","@id":"https:\/\/auna.com.br\/auna\/produto\/fonte-de-tensao-eletrica-ftr\/#breadcrumb","itemListElement":[{"@type":"ListItem","position":1,"name":"In\u00edcio","item":"https:\/\/auna.com.br\/auna\/"},{"@type":"ListItem","position":2,"name":"Instrumentos","item":"https:\/\/auna.com.br\/auna\/loja\/"},{"@type":"ListItem","position":3,"name":"Fonte de Tens\u00e3o El\u00e9trica FTR"}]},{"@type":"WebSite","@id":"https:\/\/auna.com.br\/auna\/#website","url":"https:\/\/auna.com.br\/auna\/","name":"AUNA Metrologia e Instrumenta\u00e7\u00e3o - Instrumentos de Medi\u00e7\u00e3o, Sensores para Monitoramento e Software para Calibra\u00e7\u00e3o, Ensaio e Inspe\u00e7\u00e3o","description":"comercial@auna.com.br || +55 15 9 8129-4041","publisher":{"@id":"https:\/\/auna.com.br\/auna\/#organization"},"potentialAction":[{"@type":"SearchAction","target":{"@type":"EntryPoint","urlTemplate":"https:\/\/auna.com.br\/auna\/?s={search_term_string}"},"query-input":{"@type":"PropertyValueSpecification","valueRequired":true,"valueName":"search_term_string"}}],"inLanguage":"pt-BR"},{"@type":"Organization","@id":"https:\/\/auna.com.br\/auna\/#organization","name":"AUNA Metrologia e Instrumenta\u00e7\u00e3o - Instrumentos de Medi\u00e7\u00e3o, Sensores para Monitoramento e Software para Calibra\u00e7\u00e3o, Ensaio e Inspe\u00e7\u00e3o","url":"https:\/\/auna.com.br\/auna\/","logo":{"@type":"ImageObject","inLanguage":"pt-BR","@id":"https:\/\/auna.com.br\/auna\/#\/schema\/logo\/image\/","url":"https:\/\/auna.com.br\/auna\/wp-content\/uploads\/2023\/03\/cropped-AUNA_Logo_Transparente.png","contentUrl":"https:\/\/auna.com.br\/auna\/wp-content\/uploads\/2023\/03\/cropped-AUNA_Logo_Transparente.png","width":960,"height":430,"caption":"AUNA Metrologia e Instrumenta\u00e7\u00e3o - Instrumentos de Medi\u00e7\u00e3o, Sensores para Monitoramento e Software para Calibra\u00e7\u00e3o, Ensaio e Inspe\u00e7\u00e3o"},"image":{"@id":"https:\/\/auna.com.br\/auna\/#\/schema\/logo\/image\/"}}]}},"_links":{"self":[{"href":"https:\/\/auna.com.br\/auna\/wp-json\/wp\/v2\/product\/4026","targetHints":{"allow":["GET"]}}],"collection":[{"href":"https:\/\/auna.com.br\/auna\/wp-json\/wp\/v2\/product"}],"about":[{"href":"https:\/\/auna.com.br\/auna\/wp-json\/wp\/v2\/types\/product"}],"replies":[{"embeddable":true,"href":"https:\/\/auna.com.br\/auna\/wp-json\/wp\/v2\/comments?post=4026"}],"wp:featuredmedia":[{"embeddable":true,"href":"https:\/\/auna.com.br\/auna\/wp-json\/wp\/v2\/media\/4027"}],"wp:attachment":[{"href":"https:\/\/auna.com.br\/auna\/wp-json\/wp\/v2\/media?parent=4026"}],"wp:term":[{"taxonomy":"product_brand","embeddable":true,"href":"https:\/\/auna.com.br\/auna\/wp-json\/wp\/v2\/product_brand?post=4026"},{"taxonomy":"product_cat","embeddable":true,"href":"https:\/\/auna.com.br\/auna\/wp-json\/wp\/v2\/product_cat?post=4026"},{"taxonomy":"product_tag","embeddable":true,"href":"https:\/\/auna.com.br\/auna\/wp-json\/wp\/v2\/product_tag?post=4026"},{"taxonomy":"wpstream_actors","embeddable":true,"href":"https:\/\/auna.com.br\/auna\/wp-json\/wp\/v2\/wpstream_actors?post=4026"},{"taxonomy":"wpstream_category","embeddable":true,"href":"https:\/\/auna.com.br\/auna\/wp-json\/wp\/v2\/wpstream_category?post=4026"},{"taxonomy":"wpstream_movie_rating","embeddable":true,"href":"https:\/\/auna.com.br\/auna\/wp-json\/wp\/v2\/wpstream_movie_rating?post=4026"}],"curies":[{"name":"wp","href":"https:\/\/api.w.org\/{rel}","templated":true}]}}