{"id":571,"date":"2019-06-01T12:44:20","date_gmt":"2019-06-01T12:44:20","guid":{"rendered":"http:\/\/www.auna.com.br\/produtos\/?post_type=product&#038;p=571"},"modified":"2022-04-23T03:38:54","modified_gmt":"2022-04-23T06:38:54","slug":"forno-bloco-seco-additel-875-350","status":"publish","type":"product","link":"https:\/\/auna.com.br\/auna\/produto\/forno-bloco-seco-additel-875-350\/","title":{"rendered":"Additel 875-350"},"content":{"rendered":"<ul>\n<li>Port\u00e1til, robusto e r\u00e1pido \u00e0 temperatura;<\/li>\n<li>Desempenho em n\u00edvel de metrologia em estabilidade, uniformidade, precis\u00e3o e efeito de carga;<\/li>\n<li>Controle de zona dupla;<\/li>\n<li>A op\u00e7\u00e3o de calibrador de processo (PC) permite leitura de 2 sensores em teste al\u00e9m do term\u00f4metro de refer\u00eancia, documenta\u00e7\u00e3o de tarefas e comunica\u00e7\u00e3o HART;<\/li>\n<li>Display colorido de f\u00e1cil utiliza\u00e7\u00e3o;<\/li>\n<li>Escolha sua pr\u00f3pria faixa de opera\u00e7\u00e3o;<\/li>\n<li>Defina o controle atrav\u00e9s de sensor de refer\u00eancia interna ou externa;<\/li>\n<li>Recurso de auto-calibra\u00e7\u00e3o.<\/li>\n<\/ul>\n<p>Se voc\u00ea leva a s\u00e9rio as ferramentas port\u00e1teis para calibra\u00e7\u00e3o de temperatura, ent\u00e3o voc\u00ea sabe que um bom calibrador de bloco seco \u00e9 mais do que apenas uma fonte de calor est\u00e1vel. Os Calibradores de Bloco Seco Additel S\u00e9rie ADT-875 combinam excelente desempenho em estabilidade, uniformidade radial e axial. \u00c9 r\u00e1pido, robusto e port\u00e1til. Mas n\u00f3s n\u00e3o paramos por a\u00ed! A vers\u00e3o com Calibrador de Processo (op\u00e7\u00e3o PC) adiciona os recursos da leitura de tr\u00eas sinais simult\u00e2neos al\u00e9m da capacidade de documenta\u00e7\u00e3o dps resultados da calibra\u00e7\u00e3o. Tamb\u00e9m incorporamos uma op\u00e7\u00e3o exclusiva para que o cliente adquira o instrumento na faixa de temperatura exclusiva de sua utiliza\u00e7\u00e3o. Esta op\u00e7\u00e3o \u00e9 denominada de &#8220;Escolha sua Pr\u00f3pria faixa&#8221; (op\u00e7\u00e3o CYOR). Quando voc\u00ea adquire o instrumento com op\u00e7\u00e3o CYOR, escolhe a faixa de temperatura m\u00e1xima e m\u00ednima necess\u00e1ria para sua aplica\u00e7\u00e3o e n\u00f3s calibramos e otimizamos o desempenho do bloco seco em seu intervalo selecionado. O ADT875 possui um grande display colorido e operado por toque, possui ainda a mais atual tecnologia de controle de zona dupla e muito mais. Voc\u00ea vai se encantar com esses novos blocos secos!<\/p>\n<p><strong>Op\u00e7\u00e3o PC &#8211; Calibrador de Processo &#8211; \u00daNICO SEM LEITURA PARA DOIS INSTRUMENTOS SIMULTANEAMENTE<\/strong><\/p>\n<div>\n<div>Cada um das tr\u00eas vers\u00f5es dispon\u00edveis (ADT875-155, ADT875-350 E ADT875-660) pode ser fornecido adicionado da op\u00e7\u00e3o PC Calibrador de Processo. Essa op\u00e7\u00e3o de calibrador de processo combina os diversos recursos encontrados em um calibrador de processo incluindo documenta\u00e7\u00e3o dos resultados e comunica\u00e7\u00e3o HART. Inclui ainda a capacidade de medir um Sensor de Temperatura PRT de refer\u00eancia e dois instrumentos a serem testados simultaneamente sendo que o sinal destes instrumentos podem ser corrente (mA), tens\u00e3o (mV\/V), chaveamento, RTD ou termopar. Cada canal para medi\u00e7\u00e3o dos instrumentos a serem testados disp\u00f5e de uma fonte fixa 24Vdc para alimenta\u00e7\u00e3o de loop. Al\u00e9m dessas fun\u00e7\u00f5es de medi\u00e7\u00e3o, este calibrador possui a capacidade de documenta\u00e7\u00e3o completa para a cria\u00e7\u00e3o de tarefas e dos resultados da calibra\u00e7\u00e3o salvando Como Encontrado e Como Deixado, al\u00e9m da comunica\u00e7\u00e3o HART. O recurso &#8220;snap shot&#8221; permite capturar todas as informa\u00e7\u00f5es exibidas na tela com o toque de um bot\u00e3o. Esta unidade tamb\u00e9m permite o registro de dados de todos os canais atrav\u00e9s de um datalogger e tamb\u00e9m fun\u00e7\u00e3o de passo autom\u00e1tico e rampa. Utilizando o Sensor de Temperatura PRT de refer\u00eancia, voc\u00ea pode selecionar se o controle da temperatura de seu bloco seco ser\u00e1 efetuado levando-se em considera\u00e7\u00e3o o sensor de controle interno ou o sensor de Refer\u00eancai Externo.<\/div>\n<div><\/div>\n<\/div>\n<div>\n<div>\n<div><\/div>\n<div><strong>Auto Calibra\u00e7\u00e3o<\/strong><\/div>\n<div>Acreditamos que a utiliza\u00e7\u00e3o de um sensor de refer\u00eancia Externo como seu padr\u00e3o \u00e9 a melhor maneira de realizar a sua calibra\u00e7\u00e3o de temperatura. Mas tamb\u00e9m reconhecemos que este m\u00e9todo sem sempre \u00e9 necess\u00e1rio ou conveniente dependendo de sua aplica\u00e7\u00e3o, e desta forma o sensor de controle interno ser\u00e1 o utilizado. Tradicionalmente o sensor de controle \u00e9 menos preciso que a refer\u00eancia externa e isto poder\u00e1 contribuir para adicionar incertezas de estabilidade \u00e0 longo prazo. A Additel incorporou nestes novos blocos secos um recurso de auto calibra\u00e7\u00e3o que permite executar uma calibra\u00e7\u00e3o automatizada do sensor de controle interno utilizando sua refer\u00eancia externa. Com pouqu\u00edssimas sele\u00e7\u00f5es, a calibra\u00e7\u00e3o ser\u00e1 executada de forma autom\u00e1tica, ajustando uma nova calibra\u00e7\u00e3o para seu sensor de controle, contribuindo na melhora da exatid\u00e3o de seu teste e voc\u00ea n\u00e3o precisar\u00e1 considerar a estabilidade a longo prazo em seus c\u00e1lculos finais de incerteza.\u00a0Conhe\u00e7a mais sobre a auto Calibra\u00e7\u00e3o acessando este\u00a0<a title=\"ADT875autocalibracao\" href=\"https:\/\/www.youtube.com\/watch?v=2jwsFOYQmZg\" target=\"_blank\" rel=\"noopener noreferrer\"><strong>link<\/strong><\/a><\/div>\n<\/div>\n<\/div>\n","protected":false},"excerpt":{"rendered":"<p>Port\u00e1til, robusto e r\u00e1pido \u00e0 temperatura; Desempenho em n\u00edvel de metrologia em estabilidade, uniformidade, precis\u00e3o e efeito de carga; Controle de zona dupla; A op\u00e7\u00e3o de calibrador de processo (PC) permite leitura de 2 sensores em teste al\u00e9m do term\u00f4metro de refer\u00eancia, documenta\u00e7\u00e3o de tarefas e comunica\u00e7\u00e3o HART; Display colorido de f\u00e1cil utiliza\u00e7\u00e3o; Escolha sua [&hellip;]<\/p>\n","protected":false},"featured_media":573,"comment_status":"open","ping_status":"closed","template":"","meta":[],"product_brand":[],"product_cat":[85],"product_tag":[],"wpstream_actors":[],"wpstream_category":[],"wpstream_movie_rating":[],"class_list":{"0":"post-571","1":"product","2":"type-product","3":"status-publish","4":"has-post-thumbnail","6":"product_cat-blocos-secos","8":"first","9":"onbackorder","10":"taxable","11":"shipping-taxable","12":"product-type-simple","13":"czr-hentry"},"yoast_head":"<!-- This site is optimized with the Yoast SEO plugin v27.5 - https:\/\/yoast.com\/product\/yoast-seo-wordpress\/ -->\n<title>Additel 875-350 - AUNA Metrologia e Instrumenta\u00e7\u00e3o - Instrumentos de Medi\u00e7\u00e3o, Sensores para Monitoramento e Software para Calibra\u00e7\u00e3o, Ensaio e Inspe\u00e7\u00e3o<\/title>\n<meta name=\"description\" content=\"Forno de bloco seco port\u00e1til e robusto. Permiti executar a calibra\u00e7\u00e3o dois instrumentos em pontos diferentes. Opcional comunicador HART.\" \/>\n<meta name=\"robots\" content=\"index, follow, max-snippet:-1, max-image-preview:large, max-video-preview:-1\" \/>\n<link rel=\"canonical\" href=\"https:\/\/auna.com.br\/auna\/produto\/forno-bloco-seco-additel-875-350\/\" \/>\n<meta property=\"og:locale\" content=\"pt_BR\" \/>\n<meta property=\"og:type\" content=\"article\" \/>\n<meta property=\"og:title\" content=\"Additel 875-350 - AUNA Metrologia e Instrumenta\u00e7\u00e3o - Instrumentos de Medi\u00e7\u00e3o, Sensores para Monitoramento e Software para Calibra\u00e7\u00e3o, Ensaio e Inspe\u00e7\u00e3o\" \/>\n<meta property=\"og:description\" content=\"Forno de bloco seco port\u00e1til e robusto. Permiti executar a calibra\u00e7\u00e3o dois instrumentos em pontos diferentes. Opcional comunicador HART.\" \/>\n<meta property=\"og:url\" content=\"https:\/\/auna.com.br\/auna\/produto\/forno-bloco-seco-additel-875-350\/\" \/>\n<meta property=\"og:site_name\" content=\"AUNA Metrologia e Instrumenta\u00e7\u00e3o - Instrumentos de Medi\u00e7\u00e3o, Sensores para Monitoramento e Software para Calibra\u00e7\u00e3o, Ensaio e Inspe\u00e7\u00e3o\" \/>\n<meta property=\"article:modified_time\" content=\"2022-04-23T06:38:54+00:00\" \/>\n<meta property=\"og:image\" content=\"https:\/\/auna.com.br\/auna\/wp-content\/uploads\/2019\/06\/875-155-1_3_1.jpg\" \/>\n\t<meta property=\"og:image:width\" content=\"400\" \/>\n\t<meta property=\"og:image:height\" content=\"400\" \/>\n\t<meta property=\"og:image:type\" content=\"image\/jpeg\" \/>\n<meta name=\"twitter:card\" content=\"summary_large_image\" \/>\n<meta name=\"twitter:label1\" content=\"Est. tempo de leitura\" \/>\n\t<meta name=\"twitter:data1\" content=\"4 minutos\" \/>\n<script type=\"application\/ld+json\" class=\"yoast-schema-graph\">{\"@context\":\"https:\\\/\\\/schema.org\",\"@graph\":[{\"@type\":\"WebPage\",\"@id\":\"https:\\\/\\\/auna.com.br\\\/auna\\\/produto\\\/forno-bloco-seco-additel-875-350\\\/\",\"url\":\"https:\\\/\\\/auna.com.br\\\/auna\\\/produto\\\/forno-bloco-seco-additel-875-350\\\/\",\"name\":\"Additel 875-350 - AUNA Metrologia e Instrumenta\u00e7\u00e3o - Instrumentos de Medi\u00e7\u00e3o, Sensores para Monitoramento e Software para Calibra\u00e7\u00e3o, Ensaio e Inspe\u00e7\u00e3o\",\"isPartOf\":{\"@id\":\"https:\\\/\\\/auna.com.br\\\/auna\\\/#website\"},\"primaryImageOfPage\":{\"@id\":\"https:\\\/\\\/auna.com.br\\\/auna\\\/produto\\\/forno-bloco-seco-additel-875-350\\\/#primaryimage\"},\"image\":{\"@id\":\"https:\\\/\\\/auna.com.br\\\/auna\\\/produto\\\/forno-bloco-seco-additel-875-350\\\/#primaryimage\"},\"thumbnailUrl\":\"https:\\\/\\\/auna.com.br\\\/auna\\\/wp-content\\\/uploads\\\/2019\\\/06\\\/875-155-1_3_1.jpg\",\"datePublished\":\"2019-06-01T12:44:20+00:00\",\"dateModified\":\"2022-04-23T06:38:54+00:00\",\"description\":\"Forno de bloco seco port\u00e1til e robusto. Permiti executar a calibra\u00e7\u00e3o dois instrumentos em pontos diferentes. Opcional comunicador HART.\",\"breadcrumb\":{\"@id\":\"https:\\\/\\\/auna.com.br\\\/auna\\\/produto\\\/forno-bloco-seco-additel-875-350\\\/#breadcrumb\"},\"inLanguage\":\"pt-BR\",\"potentialAction\":[{\"@type\":\"ReadAction\",\"target\":[\"https:\\\/\\\/auna.com.br\\\/auna\\\/produto\\\/forno-bloco-seco-additel-875-350\\\/\"]}]},{\"@type\":\"ImageObject\",\"inLanguage\":\"pt-BR\",\"@id\":\"https:\\\/\\\/auna.com.br\\\/auna\\\/produto\\\/forno-bloco-seco-additel-875-350\\\/#primaryimage\",\"url\":\"https:\\\/\\\/auna.com.br\\\/auna\\\/wp-content\\\/uploads\\\/2019\\\/06\\\/875-155-1_3_1.jpg\",\"contentUrl\":\"https:\\\/\\\/auna.com.br\\\/auna\\\/wp-content\\\/uploads\\\/2019\\\/06\\\/875-155-1_3_1.jpg\",\"width\":400,\"height\":400},{\"@type\":\"BreadcrumbList\",\"@id\":\"https:\\\/\\\/auna.com.br\\\/auna\\\/produto\\\/forno-bloco-seco-additel-875-350\\\/#breadcrumb\",\"itemListElement\":[{\"@type\":\"ListItem\",\"position\":1,\"name\":\"In\u00edcio\",\"item\":\"https:\\\/\\\/auna.com.br\\\/auna\\\/\"},{\"@type\":\"ListItem\",\"position\":2,\"name\":\"Instrumentos\",\"item\":\"https:\\\/\\\/auna.com.br\\\/auna\\\/loja\\\/\"},{\"@type\":\"ListItem\",\"position\":3,\"name\":\"Additel 875-350\"}]},{\"@type\":\"WebSite\",\"@id\":\"https:\\\/\\\/auna.com.br\\\/auna\\\/#website\",\"url\":\"https:\\\/\\\/auna.com.br\\\/auna\\\/\",\"name\":\"AUNA Metrologia e Instrumenta\u00e7\u00e3o - Instrumentos de Medi\u00e7\u00e3o, Sensores para Monitoramento e Software para Calibra\u00e7\u00e3o, Ensaio e Inspe\u00e7\u00e3o\",\"description\":\"comercial@auna.com.br || +55 15 9 8129-4041\",\"publisher\":{\"@id\":\"https:\\\/\\\/auna.com.br\\\/auna\\\/#organization\"},\"potentialAction\":[{\"@type\":\"SearchAction\",\"target\":{\"@type\":\"EntryPoint\",\"urlTemplate\":\"https:\\\/\\\/auna.com.br\\\/auna\\\/?s={search_term_string}\"},\"query-input\":{\"@type\":\"PropertyValueSpecification\",\"valueRequired\":true,\"valueName\":\"search_term_string\"}}],\"inLanguage\":\"pt-BR\"},{\"@type\":\"Organization\",\"@id\":\"https:\\\/\\\/auna.com.br\\\/auna\\\/#organization\",\"name\":\"AUNA Metrologia e Instrumenta\u00e7\u00e3o - Instrumentos de Medi\u00e7\u00e3o, Sensores para Monitoramento e Software para Calibra\u00e7\u00e3o, Ensaio e Inspe\u00e7\u00e3o\",\"url\":\"https:\\\/\\\/auna.com.br\\\/auna\\\/\",\"logo\":{\"@type\":\"ImageObject\",\"inLanguage\":\"pt-BR\",\"@id\":\"https:\\\/\\\/auna.com.br\\\/auna\\\/#\\\/schema\\\/logo\\\/image\\\/\",\"url\":\"https:\\\/\\\/auna.com.br\\\/auna\\\/wp-content\\\/uploads\\\/2023\\\/03\\\/cropped-AUNA_Logo_Transparente.png\",\"contentUrl\":\"https:\\\/\\\/auna.com.br\\\/auna\\\/wp-content\\\/uploads\\\/2023\\\/03\\\/cropped-AUNA_Logo_Transparente.png\",\"width\":960,\"height\":430,\"caption\":\"AUNA Metrologia e Instrumenta\u00e7\u00e3o - Instrumentos de Medi\u00e7\u00e3o, Sensores para Monitoramento e Software para Calibra\u00e7\u00e3o, Ensaio e Inspe\u00e7\u00e3o\"},\"image\":{\"@id\":\"https:\\\/\\\/auna.com.br\\\/auna\\\/#\\\/schema\\\/logo\\\/image\\\/\"}}]}<\/script>\n<!-- \/ Yoast SEO plugin. -->","yoast_head_json":{"title":"Additel 875-350 - AUNA Metrologia e Instrumenta\u00e7\u00e3o - Instrumentos de Medi\u00e7\u00e3o, Sensores para Monitoramento e Software para Calibra\u00e7\u00e3o, Ensaio e Inspe\u00e7\u00e3o","description":"Forno de bloco seco port\u00e1til e robusto. Permiti executar a calibra\u00e7\u00e3o dois instrumentos em pontos diferentes. Opcional comunicador HART.","robots":{"index":"index","follow":"follow","max-snippet":"max-snippet:-1","max-image-preview":"max-image-preview:large","max-video-preview":"max-video-preview:-1"},"canonical":"https:\/\/auna.com.br\/auna\/produto\/forno-bloco-seco-additel-875-350\/","og_locale":"pt_BR","og_type":"article","og_title":"Additel 875-350 - AUNA Metrologia e Instrumenta\u00e7\u00e3o - Instrumentos de Medi\u00e7\u00e3o, Sensores para Monitoramento e Software para Calibra\u00e7\u00e3o, Ensaio e Inspe\u00e7\u00e3o","og_description":"Forno de bloco seco port\u00e1til e robusto. Permiti executar a calibra\u00e7\u00e3o dois instrumentos em pontos diferentes. Opcional comunicador HART.","og_url":"https:\/\/auna.com.br\/auna\/produto\/forno-bloco-seco-additel-875-350\/","og_site_name":"AUNA Metrologia e Instrumenta\u00e7\u00e3o - Instrumentos de Medi\u00e7\u00e3o, Sensores para Monitoramento e Software para Calibra\u00e7\u00e3o, Ensaio e Inspe\u00e7\u00e3o","article_modified_time":"2022-04-23T06:38:54+00:00","og_image":[{"width":400,"height":400,"url":"https:\/\/auna.com.br\/auna\/wp-content\/uploads\/2019\/06\/875-155-1_3_1.jpg","type":"image\/jpeg"}],"twitter_card":"summary_large_image","twitter_misc":{"Est. tempo de leitura":"4 minutos"},"schema":{"@context":"https:\/\/schema.org","@graph":[{"@type":"WebPage","@id":"https:\/\/auna.com.br\/auna\/produto\/forno-bloco-seco-additel-875-350\/","url":"https:\/\/auna.com.br\/auna\/produto\/forno-bloco-seco-additel-875-350\/","name":"Additel 875-350 - AUNA Metrologia e Instrumenta\u00e7\u00e3o - Instrumentos de Medi\u00e7\u00e3o, Sensores para Monitoramento e Software para Calibra\u00e7\u00e3o, Ensaio e Inspe\u00e7\u00e3o","isPartOf":{"@id":"https:\/\/auna.com.br\/auna\/#website"},"primaryImageOfPage":{"@id":"https:\/\/auna.com.br\/auna\/produto\/forno-bloco-seco-additel-875-350\/#primaryimage"},"image":{"@id":"https:\/\/auna.com.br\/auna\/produto\/forno-bloco-seco-additel-875-350\/#primaryimage"},"thumbnailUrl":"https:\/\/auna.com.br\/auna\/wp-content\/uploads\/2019\/06\/875-155-1_3_1.jpg","datePublished":"2019-06-01T12:44:20+00:00","dateModified":"2022-04-23T06:38:54+00:00","description":"Forno de bloco seco port\u00e1til e robusto. Permiti executar a calibra\u00e7\u00e3o dois instrumentos em pontos diferentes. Opcional comunicador HART.","breadcrumb":{"@id":"https:\/\/auna.com.br\/auna\/produto\/forno-bloco-seco-additel-875-350\/#breadcrumb"},"inLanguage":"pt-BR","potentialAction":[{"@type":"ReadAction","target":["https:\/\/auna.com.br\/auna\/produto\/forno-bloco-seco-additel-875-350\/"]}]},{"@type":"ImageObject","inLanguage":"pt-BR","@id":"https:\/\/auna.com.br\/auna\/produto\/forno-bloco-seco-additel-875-350\/#primaryimage","url":"https:\/\/auna.com.br\/auna\/wp-content\/uploads\/2019\/06\/875-155-1_3_1.jpg","contentUrl":"https:\/\/auna.com.br\/auna\/wp-content\/uploads\/2019\/06\/875-155-1_3_1.jpg","width":400,"height":400},{"@type":"BreadcrumbList","@id":"https:\/\/auna.com.br\/auna\/produto\/forno-bloco-seco-additel-875-350\/#breadcrumb","itemListElement":[{"@type":"ListItem","position":1,"name":"In\u00edcio","item":"https:\/\/auna.com.br\/auna\/"},{"@type":"ListItem","position":2,"name":"Instrumentos","item":"https:\/\/auna.com.br\/auna\/loja\/"},{"@type":"ListItem","position":3,"name":"Additel 875-350"}]},{"@type":"WebSite","@id":"https:\/\/auna.com.br\/auna\/#website","url":"https:\/\/auna.com.br\/auna\/","name":"AUNA Metrologia e Instrumenta\u00e7\u00e3o - Instrumentos de Medi\u00e7\u00e3o, Sensores para Monitoramento e Software para Calibra\u00e7\u00e3o, Ensaio e Inspe\u00e7\u00e3o","description":"comercial@auna.com.br || +55 15 9 8129-4041","publisher":{"@id":"https:\/\/auna.com.br\/auna\/#organization"},"potentialAction":[{"@type":"SearchAction","target":{"@type":"EntryPoint","urlTemplate":"https:\/\/auna.com.br\/auna\/?s={search_term_string}"},"query-input":{"@type":"PropertyValueSpecification","valueRequired":true,"valueName":"search_term_string"}}],"inLanguage":"pt-BR"},{"@type":"Organization","@id":"https:\/\/auna.com.br\/auna\/#organization","name":"AUNA Metrologia e Instrumenta\u00e7\u00e3o - Instrumentos de Medi\u00e7\u00e3o, Sensores para Monitoramento e Software para Calibra\u00e7\u00e3o, Ensaio e Inspe\u00e7\u00e3o","url":"https:\/\/auna.com.br\/auna\/","logo":{"@type":"ImageObject","inLanguage":"pt-BR","@id":"https:\/\/auna.com.br\/auna\/#\/schema\/logo\/image\/","url":"https:\/\/auna.com.br\/auna\/wp-content\/uploads\/2023\/03\/cropped-AUNA_Logo_Transparente.png","contentUrl":"https:\/\/auna.com.br\/auna\/wp-content\/uploads\/2023\/03\/cropped-AUNA_Logo_Transparente.png","width":960,"height":430,"caption":"AUNA Metrologia e Instrumenta\u00e7\u00e3o - Instrumentos de Medi\u00e7\u00e3o, Sensores para Monitoramento e Software para Calibra\u00e7\u00e3o, Ensaio e Inspe\u00e7\u00e3o"},"image":{"@id":"https:\/\/auna.com.br\/auna\/#\/schema\/logo\/image\/"}}]}},"_links":{"self":[{"href":"https:\/\/auna.com.br\/auna\/wp-json\/wp\/v2\/product\/571","targetHints":{"allow":["GET"]}}],"collection":[{"href":"https:\/\/auna.com.br\/auna\/wp-json\/wp\/v2\/product"}],"about":[{"href":"https:\/\/auna.com.br\/auna\/wp-json\/wp\/v2\/types\/product"}],"replies":[{"embeddable":true,"href":"https:\/\/auna.com.br\/auna\/wp-json\/wp\/v2\/comments?post=571"}],"wp:featuredmedia":[{"embeddable":true,"href":"https:\/\/auna.com.br\/auna\/wp-json\/wp\/v2\/media\/573"}],"wp:attachment":[{"href":"https:\/\/auna.com.br\/auna\/wp-json\/wp\/v2\/media?parent=571"}],"wp:term":[{"taxonomy":"product_brand","embeddable":true,"href":"https:\/\/auna.com.br\/auna\/wp-json\/wp\/v2\/product_brand?post=571"},{"taxonomy":"product_cat","embeddable":true,"href":"https:\/\/auna.com.br\/auna\/wp-json\/wp\/v2\/product_cat?post=571"},{"taxonomy":"product_tag","embeddable":true,"href":"https:\/\/auna.com.br\/auna\/wp-json\/wp\/v2\/product_tag?post=571"},{"taxonomy":"wpstream_actors","embeddable":true,"href":"https:\/\/auna.com.br\/auna\/wp-json\/wp\/v2\/wpstream_actors?post=571"},{"taxonomy":"wpstream_category","embeddable":true,"href":"https:\/\/auna.com.br\/auna\/wp-json\/wp\/v2\/wpstream_category?post=571"},{"taxonomy":"wpstream_movie_rating","embeddable":true,"href":"https:\/\/auna.com.br\/auna\/wp-json\/wp\/v2\/wpstream_movie_rating?post=571"}],"curies":[{"name":"wp","href":"https:\/\/api.w.org\/{rel}","templated":true}]}}