{"id":6464,"date":"2020-06-07T20:33:42","date_gmt":"2020-06-07T20:33:42","guid":{"rendered":"https:\/\/www.aunarepresentacoes.com.br\/?post_type=product&#038;p=6464"},"modified":"2022-04-19T05:53:32","modified_gmt":"2022-04-19T08:53:32","slug":"forno-additel-mc6-t150","status":"publish","type":"product","link":"https:\/\/auna.com.br\/auna\/produto\/forno-additel-mc6-t150\/","title":{"rendered":"Forno MC6-T150"},"content":{"rendered":"<p style=\"color: #636363;\"><strong style=\"font-weight: bold;\">MC6-T &#8211; LAN\u00c7AMENTO Calibrador Multifun\u00e7\u00f5es e Programador com Bloco Seco Incorporadol.<\/strong><\/p>\n<p style=\"color: #636363;\">O Beamex\u00ae MC6-T \u00e9 um Avan\u00e7ado Calibrador Multifun\u00e7\u00f5es de campo de alta exatid\u00e3o, um comunicador completo tudo isto incorporado com um Bloco Seco de alta exatid\u00e3o e estabilidade. Oferece capacidade para Calibra\u00e7\u00e3o de press\u00e3o (atrav\u00e9s de m\u00f3dulos de press\u00e3o externos), temperatura (simula\u00e7\u00e3o el\u00e9trica e gera\u00e7\u00e3o de temperatura) e diversos sinais el\u00e9tricos. O MC6-T tamb\u00e9m possui um comunicador de campo completo com interface para comunica\u00e7\u00e3o e parametriza\u00e7\u00e3o de instrumentos com protocolos HART, Fieldbus Foundation e Profibus PA. A funcionalidade e facilidade de uso est\u00e3o entre as principais caracter\u00edsticas do MC6-T. Possui um grande display com 5,7&#8243; colorido e operado por toque, com interface do usu\u00e1rio multi-idiomas. O inv\u00f3lucro \u00e9 robusto tendo um desenho ergon\u00f4mico e baixo peso sendo o calibrador ideal para utiliza\u00e7\u00e3o em campo nas mais diversas ind\u00fastrias tais como farmac\u00eautica, energia, \u00f3leo &amp; g\u00e1s, alimentos e bebidas, servi\u00e7os bem como ind\u00fastrias qu\u00edmicas e petroqu\u00edmicas. O MC6-T comunica-se com o Software de Gerenciamento de Calibra\u00e7\u00f5es Beamex\u00ae CMX, permitindo uma calibra\u00e7\u00e3o totalmente automatizada, documentada e sem papel. Interface com Blocos Secos e Controladores de Press\u00e3o permitem automatizar a calibra\u00e7\u00e3o (interfaces com instrumentos Beamex e tamb\u00e9m modelos de outras marcas).<\/p>\n<p style=\"color: #636363;\">O MC6-T possui duas vers\u00f5es com rela\u00e7\u00e3o \u00e0 faixa de gera\u00e7\u00e3o de temperatura:<\/p>\n<ul>\n<li style=\"color: #636363;\"><strong style=\"font-weight: bold;\"><a style=\"color: #2a2b5b;\" title=\"MC6-T150\" href=\"http:\/\/incal-instrumentos.com.br\/produtos\/beamex\/mc6-t150.html\" target=\"_blank\" rel=\"noopener\">MC6-T150<\/a><\/strong> faixa de gera\u00e7\u00e3o de -30\u00b0C a 150\u00b0C; <a style=\"color: #2a2b5b;\" title=\"MC6-T660\" href=\"http:\/\/incal-instrumentos.com.br\/produtos\/beamex\/mc6-t660.html\" target=\"_blank\" rel=\"noopener\"><strong>MC6-T660<\/strong><\/a> faixa de gera\u00e7\u00e3o de 50\u00b0C a 660\u00b0C.<\/li>\n<\/ul>\n<p style=\"color: #636363;\">A vers\u00e3o MC6-T150 \u00e9 ideal para calibra\u00e7\u00e3o de sensores de pequenas dimens\u00f5es ou sensores flangeados sanit\u00e1rios atrav\u00e9s de um insert dedicado especialmente desenvolvido para esta finalidade.<\/p>\n","protected":false},"excerpt":{"rendered":"<p style=\"color: #636363;\">Avan\u00e7ado Calibrador Multifun\u00e7\u00f5es de campo de alta exatid\u00e3o, um comunicador completo tudo isto incorporado com um Bloco Seco de alta exatid\u00e3o e estabilidade. Possui comunicador HART, Fieldbus Foundation e Profibus PA.<\/p>\n","protected":false},"featured_media":6466,"comment_status":"closed","ping_status":"closed","template":"","meta":[],"product_brand":[],"product_cat":[85,54],"product_tag":[],"wpstream_actors":[],"wpstream_category":[],"wpstream_movie_rating":[],"class_list":{"0":"post-6464","1":"product","2":"type-product","3":"status-publish","4":"has-post-thumbnail","6":"product_cat-blocos-secos","7":"product_cat-bloco-seco-calibracao-temperatura","9":"first","10":"onbackorder","11":"taxable","12":"shipping-taxable","13":"product-type-simple","14":"czr-hentry"},"yoast_head":"<!-- This site is optimized with the Yoast SEO plugin v27.5 - https:\/\/yoast.com\/product\/yoast-seo-wordpress\/ -->\n<title>Forno MC6-T150 - AUNA Metrologia e Instrumenta\u00e7\u00e3o - Instrumentos de Medi\u00e7\u00e3o, Sensores para Monitoramento e Software para Calibra\u00e7\u00e3o, Ensaio e Inspe\u00e7\u00e3o<\/title>\n<meta name=\"description\" content=\"Avan\u00e7ado Calibrador Multifun\u00e7\u00f5es de campo de alta exatid\u00e3o, um comunicador completo tudo isto incorporado com um Bloco Seco de alta exatid\u00e3o e estabilidade.\" \/>\n<meta name=\"robots\" content=\"index, follow, max-snippet:-1, max-image-preview:large, max-video-preview:-1\" \/>\n<link rel=\"canonical\" href=\"https:\/\/auna.com.br\/auna\/produto\/forno-additel-mc6-t150\/\" \/>\n<meta property=\"og:locale\" content=\"pt_BR\" \/>\n<meta property=\"og:type\" content=\"article\" \/>\n<meta property=\"og:title\" content=\"Forno MC6-T150 - AUNA Metrologia e Instrumenta\u00e7\u00e3o - Instrumentos de Medi\u00e7\u00e3o, Sensores para Monitoramento e Software para Calibra\u00e7\u00e3o, Ensaio e Inspe\u00e7\u00e3o\" \/>\n<meta property=\"og:description\" content=\"Avan\u00e7ado Calibrador Multifun\u00e7\u00f5es de campo de alta exatid\u00e3o, um comunicador completo tudo isto incorporado com um Bloco Seco de alta exatid\u00e3o e estabilidade.\" \/>\n<meta property=\"og:url\" content=\"https:\/\/auna.com.br\/auna\/produto\/forno-additel-mc6-t150\/\" \/>\n<meta property=\"og:site_name\" content=\"AUNA Metrologia e Instrumenta\u00e7\u00e3o - Instrumentos de Medi\u00e7\u00e3o, Sensores para Monitoramento e Software para Calibra\u00e7\u00e3o, Ensaio e Inspe\u00e7\u00e3o\" \/>\n<meta property=\"article:modified_time\" content=\"2022-04-19T08:53:32+00:00\" \/>\n<meta property=\"og:image\" content=\"https:\/\/auna.com.br\/auna\/wp-content\/uploads\/2020\/06\/FORNO_MC6_T150.jpg\" \/>\n\t<meta property=\"og:image:width\" content=\"470\" \/>\n\t<meta property=\"og:image:height\" content=\"502\" \/>\n\t<meta property=\"og:image:type\" content=\"image\/jpeg\" \/>\n<meta name=\"twitter:card\" content=\"summary_large_image\" \/>\n<meta name=\"twitter:label1\" content=\"Est. tempo de leitura\" \/>\n\t<meta name=\"twitter:data1\" content=\"2 minutos\" \/>\n<script type=\"application\/ld+json\" class=\"yoast-schema-graph\">{\"@context\":\"https:\\\/\\\/schema.org\",\"@graph\":[{\"@type\":\"WebPage\",\"@id\":\"https:\\\/\\\/auna.com.br\\\/auna\\\/produto\\\/forno-additel-mc6-t150\\\/\",\"url\":\"https:\\\/\\\/auna.com.br\\\/auna\\\/produto\\\/forno-additel-mc6-t150\\\/\",\"name\":\"Forno MC6-T150 - AUNA Metrologia e Instrumenta\u00e7\u00e3o - Instrumentos de Medi\u00e7\u00e3o, Sensores para Monitoramento e Software para Calibra\u00e7\u00e3o, Ensaio e Inspe\u00e7\u00e3o\",\"isPartOf\":{\"@id\":\"https:\\\/\\\/auna.com.br\\\/auna\\\/#website\"},\"primaryImageOfPage\":{\"@id\":\"https:\\\/\\\/auna.com.br\\\/auna\\\/produto\\\/forno-additel-mc6-t150\\\/#primaryimage\"},\"image\":{\"@id\":\"https:\\\/\\\/auna.com.br\\\/auna\\\/produto\\\/forno-additel-mc6-t150\\\/#primaryimage\"},\"thumbnailUrl\":\"https:\\\/\\\/auna.com.br\\\/auna\\\/wp-content\\\/uploads\\\/2020\\\/06\\\/FORNO_MC6_T150.jpg\",\"datePublished\":\"2020-06-07T20:33:42+00:00\",\"dateModified\":\"2022-04-19T08:53:32+00:00\",\"description\":\"Avan\u00e7ado Calibrador Multifun\u00e7\u00f5es de campo de alta exatid\u00e3o, um comunicador completo tudo isto incorporado com um Bloco Seco de alta exatid\u00e3o e estabilidade.\",\"breadcrumb\":{\"@id\":\"https:\\\/\\\/auna.com.br\\\/auna\\\/produto\\\/forno-additel-mc6-t150\\\/#breadcrumb\"},\"inLanguage\":\"pt-BR\",\"potentialAction\":[{\"@type\":\"ReadAction\",\"target\":[\"https:\\\/\\\/auna.com.br\\\/auna\\\/produto\\\/forno-additel-mc6-t150\\\/\"]}]},{\"@type\":\"ImageObject\",\"inLanguage\":\"pt-BR\",\"@id\":\"https:\\\/\\\/auna.com.br\\\/auna\\\/produto\\\/forno-additel-mc6-t150\\\/#primaryimage\",\"url\":\"https:\\\/\\\/auna.com.br\\\/auna\\\/wp-content\\\/uploads\\\/2020\\\/06\\\/FORNO_MC6_T150.jpg\",\"contentUrl\":\"https:\\\/\\\/auna.com.br\\\/auna\\\/wp-content\\\/uploads\\\/2020\\\/06\\\/FORNO_MC6_T150.jpg\",\"width\":470,\"height\":502},{\"@type\":\"BreadcrumbList\",\"@id\":\"https:\\\/\\\/auna.com.br\\\/auna\\\/produto\\\/forno-additel-mc6-t150\\\/#breadcrumb\",\"itemListElement\":[{\"@type\":\"ListItem\",\"position\":1,\"name\":\"In\u00edcio\",\"item\":\"https:\\\/\\\/auna.com.br\\\/auna\\\/\"},{\"@type\":\"ListItem\",\"position\":2,\"name\":\"Instrumentos\",\"item\":\"https:\\\/\\\/auna.com.br\\\/auna\\\/loja\\\/\"},{\"@type\":\"ListItem\",\"position\":3,\"name\":\"Forno MC6-T150\"}]},{\"@type\":\"WebSite\",\"@id\":\"https:\\\/\\\/auna.com.br\\\/auna\\\/#website\",\"url\":\"https:\\\/\\\/auna.com.br\\\/auna\\\/\",\"name\":\"AUNA Metrologia e Instrumenta\u00e7\u00e3o - Instrumentos de Medi\u00e7\u00e3o, Sensores para Monitoramento e Software para Calibra\u00e7\u00e3o, Ensaio e Inspe\u00e7\u00e3o\",\"description\":\"comercial@auna.com.br || +55 15 9 8129-4041\",\"publisher\":{\"@id\":\"https:\\\/\\\/auna.com.br\\\/auna\\\/#organization\"},\"potentialAction\":[{\"@type\":\"SearchAction\",\"target\":{\"@type\":\"EntryPoint\",\"urlTemplate\":\"https:\\\/\\\/auna.com.br\\\/auna\\\/?s={search_term_string}\"},\"query-input\":{\"@type\":\"PropertyValueSpecification\",\"valueRequired\":true,\"valueName\":\"search_term_string\"}}],\"inLanguage\":\"pt-BR\"},{\"@type\":\"Organization\",\"@id\":\"https:\\\/\\\/auna.com.br\\\/auna\\\/#organization\",\"name\":\"AUNA Metrologia e Instrumenta\u00e7\u00e3o - Instrumentos de Medi\u00e7\u00e3o, Sensores para Monitoramento e Software para Calibra\u00e7\u00e3o, Ensaio e Inspe\u00e7\u00e3o\",\"url\":\"https:\\\/\\\/auna.com.br\\\/auna\\\/\",\"logo\":{\"@type\":\"ImageObject\",\"inLanguage\":\"pt-BR\",\"@id\":\"https:\\\/\\\/auna.com.br\\\/auna\\\/#\\\/schema\\\/logo\\\/image\\\/\",\"url\":\"https:\\\/\\\/auna.com.br\\\/auna\\\/wp-content\\\/uploads\\\/2023\\\/03\\\/cropped-AUNA_Logo_Transparente.png\",\"contentUrl\":\"https:\\\/\\\/auna.com.br\\\/auna\\\/wp-content\\\/uploads\\\/2023\\\/03\\\/cropped-AUNA_Logo_Transparente.png\",\"width\":960,\"height\":430,\"caption\":\"AUNA Metrologia e Instrumenta\u00e7\u00e3o - Instrumentos de Medi\u00e7\u00e3o, Sensores para Monitoramento e Software para Calibra\u00e7\u00e3o, Ensaio e Inspe\u00e7\u00e3o\"},\"image\":{\"@id\":\"https:\\\/\\\/auna.com.br\\\/auna\\\/#\\\/schema\\\/logo\\\/image\\\/\"}}]}<\/script>\n<!-- \/ Yoast SEO plugin. -->","yoast_head_json":{"title":"Forno MC6-T150 - AUNA Metrologia e Instrumenta\u00e7\u00e3o - Instrumentos de Medi\u00e7\u00e3o, Sensores para Monitoramento e Software para Calibra\u00e7\u00e3o, Ensaio e Inspe\u00e7\u00e3o","description":"Avan\u00e7ado Calibrador Multifun\u00e7\u00f5es de campo de alta exatid\u00e3o, um comunicador completo tudo isto incorporado com um Bloco Seco de alta exatid\u00e3o e estabilidade.","robots":{"index":"index","follow":"follow","max-snippet":"max-snippet:-1","max-image-preview":"max-image-preview:large","max-video-preview":"max-video-preview:-1"},"canonical":"https:\/\/auna.com.br\/auna\/produto\/forno-additel-mc6-t150\/","og_locale":"pt_BR","og_type":"article","og_title":"Forno MC6-T150 - AUNA Metrologia e Instrumenta\u00e7\u00e3o - Instrumentos de Medi\u00e7\u00e3o, Sensores para Monitoramento e Software para Calibra\u00e7\u00e3o, Ensaio e Inspe\u00e7\u00e3o","og_description":"Avan\u00e7ado Calibrador Multifun\u00e7\u00f5es de campo de alta exatid\u00e3o, um comunicador completo tudo isto incorporado com um Bloco Seco de alta exatid\u00e3o e estabilidade.","og_url":"https:\/\/auna.com.br\/auna\/produto\/forno-additel-mc6-t150\/","og_site_name":"AUNA Metrologia e Instrumenta\u00e7\u00e3o - Instrumentos de Medi\u00e7\u00e3o, Sensores para Monitoramento e Software para Calibra\u00e7\u00e3o, Ensaio e Inspe\u00e7\u00e3o","article_modified_time":"2022-04-19T08:53:32+00:00","og_image":[{"width":470,"height":502,"url":"https:\/\/auna.com.br\/auna\/wp-content\/uploads\/2020\/06\/FORNO_MC6_T150.jpg","type":"image\/jpeg"}],"twitter_card":"summary_large_image","twitter_misc":{"Est. tempo de leitura":"2 minutos"},"schema":{"@context":"https:\/\/schema.org","@graph":[{"@type":"WebPage","@id":"https:\/\/auna.com.br\/auna\/produto\/forno-additel-mc6-t150\/","url":"https:\/\/auna.com.br\/auna\/produto\/forno-additel-mc6-t150\/","name":"Forno MC6-T150 - AUNA Metrologia e Instrumenta\u00e7\u00e3o - Instrumentos de Medi\u00e7\u00e3o, Sensores para Monitoramento e Software para Calibra\u00e7\u00e3o, Ensaio e Inspe\u00e7\u00e3o","isPartOf":{"@id":"https:\/\/auna.com.br\/auna\/#website"},"primaryImageOfPage":{"@id":"https:\/\/auna.com.br\/auna\/produto\/forno-additel-mc6-t150\/#primaryimage"},"image":{"@id":"https:\/\/auna.com.br\/auna\/produto\/forno-additel-mc6-t150\/#primaryimage"},"thumbnailUrl":"https:\/\/auna.com.br\/auna\/wp-content\/uploads\/2020\/06\/FORNO_MC6_T150.jpg","datePublished":"2020-06-07T20:33:42+00:00","dateModified":"2022-04-19T08:53:32+00:00","description":"Avan\u00e7ado Calibrador Multifun\u00e7\u00f5es de campo de alta exatid\u00e3o, um comunicador completo tudo isto incorporado com um Bloco Seco de alta exatid\u00e3o e estabilidade.","breadcrumb":{"@id":"https:\/\/auna.com.br\/auna\/produto\/forno-additel-mc6-t150\/#breadcrumb"},"inLanguage":"pt-BR","potentialAction":[{"@type":"ReadAction","target":["https:\/\/auna.com.br\/auna\/produto\/forno-additel-mc6-t150\/"]}]},{"@type":"ImageObject","inLanguage":"pt-BR","@id":"https:\/\/auna.com.br\/auna\/produto\/forno-additel-mc6-t150\/#primaryimage","url":"https:\/\/auna.com.br\/auna\/wp-content\/uploads\/2020\/06\/FORNO_MC6_T150.jpg","contentUrl":"https:\/\/auna.com.br\/auna\/wp-content\/uploads\/2020\/06\/FORNO_MC6_T150.jpg","width":470,"height":502},{"@type":"BreadcrumbList","@id":"https:\/\/auna.com.br\/auna\/produto\/forno-additel-mc6-t150\/#breadcrumb","itemListElement":[{"@type":"ListItem","position":1,"name":"In\u00edcio","item":"https:\/\/auna.com.br\/auna\/"},{"@type":"ListItem","position":2,"name":"Instrumentos","item":"https:\/\/auna.com.br\/auna\/loja\/"},{"@type":"ListItem","position":3,"name":"Forno MC6-T150"}]},{"@type":"WebSite","@id":"https:\/\/auna.com.br\/auna\/#website","url":"https:\/\/auna.com.br\/auna\/","name":"AUNA Metrologia e Instrumenta\u00e7\u00e3o - Instrumentos de Medi\u00e7\u00e3o, Sensores para Monitoramento e Software para Calibra\u00e7\u00e3o, Ensaio e Inspe\u00e7\u00e3o","description":"comercial@auna.com.br || +55 15 9 8129-4041","publisher":{"@id":"https:\/\/auna.com.br\/auna\/#organization"},"potentialAction":[{"@type":"SearchAction","target":{"@type":"EntryPoint","urlTemplate":"https:\/\/auna.com.br\/auna\/?s={search_term_string}"},"query-input":{"@type":"PropertyValueSpecification","valueRequired":true,"valueName":"search_term_string"}}],"inLanguage":"pt-BR"},{"@type":"Organization","@id":"https:\/\/auna.com.br\/auna\/#organization","name":"AUNA Metrologia e Instrumenta\u00e7\u00e3o - Instrumentos de Medi\u00e7\u00e3o, Sensores para Monitoramento e Software para Calibra\u00e7\u00e3o, Ensaio e Inspe\u00e7\u00e3o","url":"https:\/\/auna.com.br\/auna\/","logo":{"@type":"ImageObject","inLanguage":"pt-BR","@id":"https:\/\/auna.com.br\/auna\/#\/schema\/logo\/image\/","url":"https:\/\/auna.com.br\/auna\/wp-content\/uploads\/2023\/03\/cropped-AUNA_Logo_Transparente.png","contentUrl":"https:\/\/auna.com.br\/auna\/wp-content\/uploads\/2023\/03\/cropped-AUNA_Logo_Transparente.png","width":960,"height":430,"caption":"AUNA Metrologia e Instrumenta\u00e7\u00e3o - Instrumentos de Medi\u00e7\u00e3o, Sensores para Monitoramento e Software para Calibra\u00e7\u00e3o, Ensaio e Inspe\u00e7\u00e3o"},"image":{"@id":"https:\/\/auna.com.br\/auna\/#\/schema\/logo\/image\/"}}]}},"_links":{"self":[{"href":"https:\/\/auna.com.br\/auna\/wp-json\/wp\/v2\/product\/6464","targetHints":{"allow":["GET"]}}],"collection":[{"href":"https:\/\/auna.com.br\/auna\/wp-json\/wp\/v2\/product"}],"about":[{"href":"https:\/\/auna.com.br\/auna\/wp-json\/wp\/v2\/types\/product"}],"replies":[{"embeddable":true,"href":"https:\/\/auna.com.br\/auna\/wp-json\/wp\/v2\/comments?post=6464"}],"wp:featuredmedia":[{"embeddable":true,"href":"https:\/\/auna.com.br\/auna\/wp-json\/wp\/v2\/media\/6466"}],"wp:attachment":[{"href":"https:\/\/auna.com.br\/auna\/wp-json\/wp\/v2\/media?parent=6464"}],"wp:term":[{"taxonomy":"product_brand","embeddable":true,"href":"https:\/\/auna.com.br\/auna\/wp-json\/wp\/v2\/product_brand?post=6464"},{"taxonomy":"product_cat","embeddable":true,"href":"https:\/\/auna.com.br\/auna\/wp-json\/wp\/v2\/product_cat?post=6464"},{"taxonomy":"product_tag","embeddable":true,"href":"https:\/\/auna.com.br\/auna\/wp-json\/wp\/v2\/product_tag?post=6464"},{"taxonomy":"wpstream_actors","embeddable":true,"href":"https:\/\/auna.com.br\/auna\/wp-json\/wp\/v2\/wpstream_actors?post=6464"},{"taxonomy":"wpstream_category","embeddable":true,"href":"https:\/\/auna.com.br\/auna\/wp-json\/wp\/v2\/wpstream_category?post=6464"},{"taxonomy":"wpstream_movie_rating","embeddable":true,"href":"https:\/\/auna.com.br\/auna\/wp-json\/wp\/v2\/wpstream_movie_rating?post=6464"}],"curies":[{"name":"wp","href":"https:\/\/api.w.org\/{rel}","templated":true}]}}