{"id":6812,"date":"2020-10-17T18:38:11","date_gmt":"2020-10-17T18:38:11","guid":{"rendered":"https:\/\/www.aunarepresentacoes.com.br\/?post_type=product&#038;p=6812"},"modified":"2022-04-18T16:40:00","modified_gmt":"2022-04-18T19:40:00","slug":"additel-878-160","status":"publish","type":"product","link":"https:\/\/auna.com.br\/auna\/produto\/additel-878-160\/","title":{"rendered":"Additel 878-160"},"content":{"rendered":"<p><strong style=\"font-weight: bold; color: #636363;\">Additel 878-160 &#8211; Calibrador de Temperatura tipo Bloco Seco de Refer\u00eancia -40\u00b0C a 160\u00b0C.<\/strong><\/p>\n<p><span style=\"color: #636363;\">\u2022 Port\u00e1til, robusto e r\u00e1pido \u00e0 temperatura;<\/span><\/p>\n<p><span style=\"color: #636363;\">\u2022 Desempenho metrol\u00f3gico em estabilidade, uniformidade, precis\u00e3o e efeito de carga; <\/span><\/p>\n<p><span style=\"color: #636363;\">\u2022 Controle de zona dupla;<\/span><\/p>\n<p><span style=\"color: #636363;\">\u2022 A op\u00e7\u00e3o de calibrador de processo (PC) permite leitura de 2 sensores em teste al\u00e9m do term\u00f4metro de refer\u00eancia, documenta\u00e7\u00e3o de tarefas e comunica\u00e7\u00e3o HART;<\/span><\/p>\n<p><span style=\"color: #636363;\">\u2022 Display colorido, acionamento por toque e de f\u00e1cil utiliza\u00e7\u00e3o;<\/span><\/p>\n<p><span style=\"color: #636363;\">\u2022 Defina o controle atrav\u00e9s de sensor de refer\u00eancia interna ou externa; <\/span><span style=\"color: #636363;\">\u2022 Recurso de auto-calibra\u00e7\u00e3o.<\/span><\/p>\n<p><span style=\"color: #636363;\">Estamos levando a calibra\u00e7\u00e3o de temperatura para um n\u00edvel acima com os nossos Calibradores de Bloco Seco de refer\u00eancia Additel 878. Se voc\u00ea est\u00e1 procurando pelo melhor\u00a0bloco seco do mercado, n\u00e3o procure mais! O compromisso da Additel com a melhoria\u00a0cont\u00ednua, recursos de qualidade e redu\u00e7\u00e3o no tempo de trabalho est\u00e3o presentes nesta\u00a0s\u00e9rie ADT878. Com tr\u00eas modelos para escolha com faixas de opera\u00e7\u00e3o desde -40 a 700\u00b0C,\u00a0voc\u00ea encontrar\u00e1 o modelo adequado para suas necessidades de calibra\u00e7\u00e3o. A op\u00e7\u00e3o PC\u00a0Calibrador de Processo adiciona entrada para probe padr\u00e3o externa, dois canais para leitura\u00a0de instrumentos em teste e recursos para auxiliar em todo o processo desde a medi\u00e7\u00e3o ou\u00a0calibra\u00e7\u00e3o de sensores de temperatura, auto-calibra\u00e7\u00e3o da refer\u00eancia interna e configura\u00e7\u00e3o\u00a0de instrumentos HART. Display com acionamento por toque de grandes dimens\u00f5es, controle\u00a0por zona dupla e o compromisso de melhor atender o cliente. Temos certeza que voc\u00ea ficar\u00e1\u00a0surpreso com o excelente desempenho destes revolucion\u00e1rios Blocos Secos de refer\u00eancia!<\/span><\/p>\n","protected":false},"excerpt":{"rendered":"<p>Port\u00e1til, robusto e r\u00e1pido \u00e0 temperatura, controle de zona dupla, op\u00e7\u00e3o de calibrador de processo que permite a leitura de 2 sensores em teste al\u00e9m do term\u00f4metro de refer\u00eancia, comunica\u00e7\u00e3o HART.<\/p>\n","protected":false},"featured_media":6807,"comment_status":"closed","ping_status":"closed","template":"","meta":[],"product_brand":[],"product_cat":[85,54],"product_tag":[],"wpstream_actors":[],"wpstream_category":[],"wpstream_movie_rating":[],"class_list":{"0":"post-6812","1":"product","2":"type-product","3":"status-publish","4":"has-post-thumbnail","6":"product_cat-blocos-secos","7":"product_cat-bloco-seco-calibracao-temperatura","9":"first","10":"onbackorder","11":"taxable","12":"shipping-taxable","13":"product-type-simple","14":"czr-hentry"},"yoast_head":"<!-- This site is optimized with the Yoast SEO plugin v27.5 - https:\/\/yoast.com\/product\/yoast-seo-wordpress\/ -->\n<title>Additel 878-160 - AUNA Metrologia e Instrumenta\u00e7\u00e3o - Instrumentos de Medi\u00e7\u00e3o, Sensores para Monitoramento e Software para Calibra\u00e7\u00e3o, Ensaio e Inspe\u00e7\u00e3o<\/title>\n<meta name=\"description\" content=\"Port\u00e1til, robusto e r\u00e1pido \u00e0 temperatura, controle de zona dupla, op\u00e7\u00e3o de calibrador de processo que permite a leitura de 2 sensores em teste al\u00e9m do term\u00f4metro de refer\u00eancia, comunica\u00e7\u00e3o HART.\" \/>\n<meta name=\"robots\" content=\"index, follow, max-snippet:-1, max-image-preview:large, max-video-preview:-1\" \/>\n<link rel=\"canonical\" href=\"https:\/\/auna.com.br\/auna\/produto\/additel-878-160\/\" \/>\n<meta property=\"og:locale\" content=\"pt_BR\" \/>\n<meta property=\"og:type\" content=\"article\" \/>\n<meta property=\"og:title\" content=\"Additel 878-160 - AUNA Metrologia e Instrumenta\u00e7\u00e3o - Instrumentos de Medi\u00e7\u00e3o, Sensores para Monitoramento e Software para Calibra\u00e7\u00e3o, Ensaio e Inspe\u00e7\u00e3o\" \/>\n<meta property=\"og:description\" content=\"Port\u00e1til, robusto e r\u00e1pido \u00e0 temperatura, controle de zona dupla, op\u00e7\u00e3o de calibrador de processo que permite a leitura de 2 sensores em teste al\u00e9m do term\u00f4metro de refer\u00eancia, comunica\u00e7\u00e3o HART.\" \/>\n<meta property=\"og:url\" content=\"https:\/\/auna.com.br\/auna\/produto\/additel-878-160\/\" \/>\n<meta property=\"og:site_name\" content=\"AUNA Metrologia e Instrumenta\u00e7\u00e3o - Instrumentos de Medi\u00e7\u00e3o, Sensores para Monitoramento e Software para Calibra\u00e7\u00e3o, Ensaio e Inspe\u00e7\u00e3o\" \/>\n<meta property=\"article:modified_time\" content=\"2022-04-18T19:40:00+00:00\" \/>\n<meta property=\"og:image\" content=\"https:\/\/auna.com.br\/auna\/wp-content\/uploads\/2020\/10\/ADT878700.jpg\" \/>\n\t<meta property=\"og:image:width\" content=\"346\" \/>\n\t<meta property=\"og:image:height\" content=\"550\" \/>\n\t<meta property=\"og:image:type\" content=\"image\/jpeg\" \/>\n<meta name=\"twitter:card\" content=\"summary_large_image\" \/>\n<meta name=\"twitter:label1\" content=\"Est. tempo de leitura\" \/>\n\t<meta name=\"twitter:data1\" content=\"2 minutos\" \/>\n<script type=\"application\/ld+json\" class=\"yoast-schema-graph\">{\"@context\":\"https:\\\/\\\/schema.org\",\"@graph\":[{\"@type\":\"WebPage\",\"@id\":\"https:\\\/\\\/auna.com.br\\\/auna\\\/produto\\\/additel-878-160\\\/\",\"url\":\"https:\\\/\\\/auna.com.br\\\/auna\\\/produto\\\/additel-878-160\\\/\",\"name\":\"Additel 878-160 - AUNA Metrologia e Instrumenta\u00e7\u00e3o - Instrumentos de Medi\u00e7\u00e3o, Sensores para Monitoramento e Software para Calibra\u00e7\u00e3o, Ensaio e Inspe\u00e7\u00e3o\",\"isPartOf\":{\"@id\":\"https:\\\/\\\/auna.com.br\\\/auna\\\/#website\"},\"primaryImageOfPage\":{\"@id\":\"https:\\\/\\\/auna.com.br\\\/auna\\\/produto\\\/additel-878-160\\\/#primaryimage\"},\"image\":{\"@id\":\"https:\\\/\\\/auna.com.br\\\/auna\\\/produto\\\/additel-878-160\\\/#primaryimage\"},\"thumbnailUrl\":\"https:\\\/\\\/auna.com.br\\\/auna\\\/wp-content\\\/uploads\\\/2020\\\/10\\\/ADT878700.jpg\",\"datePublished\":\"2020-10-17T18:38:11+00:00\",\"dateModified\":\"2022-04-18T19:40:00+00:00\",\"description\":\"Port\u00e1til, robusto e r\u00e1pido \u00e0 temperatura, controle de zona dupla, op\u00e7\u00e3o de calibrador de processo que permite a leitura de 2 sensores em teste al\u00e9m do term\u00f4metro de refer\u00eancia, comunica\u00e7\u00e3o HART.\",\"breadcrumb\":{\"@id\":\"https:\\\/\\\/auna.com.br\\\/auna\\\/produto\\\/additel-878-160\\\/#breadcrumb\"},\"inLanguage\":\"pt-BR\",\"potentialAction\":[{\"@type\":\"ReadAction\",\"target\":[\"https:\\\/\\\/auna.com.br\\\/auna\\\/produto\\\/additel-878-160\\\/\"]}]},{\"@type\":\"ImageObject\",\"inLanguage\":\"pt-BR\",\"@id\":\"https:\\\/\\\/auna.com.br\\\/auna\\\/produto\\\/additel-878-160\\\/#primaryimage\",\"url\":\"https:\\\/\\\/auna.com.br\\\/auna\\\/wp-content\\\/uploads\\\/2020\\\/10\\\/ADT878700.jpg\",\"contentUrl\":\"https:\\\/\\\/auna.com.br\\\/auna\\\/wp-content\\\/uploads\\\/2020\\\/10\\\/ADT878700.jpg\",\"width\":346,\"height\":550},{\"@type\":\"BreadcrumbList\",\"@id\":\"https:\\\/\\\/auna.com.br\\\/auna\\\/produto\\\/additel-878-160\\\/#breadcrumb\",\"itemListElement\":[{\"@type\":\"ListItem\",\"position\":1,\"name\":\"In\u00edcio\",\"item\":\"https:\\\/\\\/auna.com.br\\\/auna\\\/\"},{\"@type\":\"ListItem\",\"position\":2,\"name\":\"Instrumentos\",\"item\":\"https:\\\/\\\/auna.com.br\\\/auna\\\/loja\\\/\"},{\"@type\":\"ListItem\",\"position\":3,\"name\":\"Additel 878-160\"}]},{\"@type\":\"WebSite\",\"@id\":\"https:\\\/\\\/auna.com.br\\\/auna\\\/#website\",\"url\":\"https:\\\/\\\/auna.com.br\\\/auna\\\/\",\"name\":\"AUNA Metrologia e Instrumenta\u00e7\u00e3o - Instrumentos de Medi\u00e7\u00e3o, Sensores para Monitoramento e Software para Calibra\u00e7\u00e3o, Ensaio e Inspe\u00e7\u00e3o\",\"description\":\"comercial@auna.com.br || +55 15 9 8129-4041\",\"publisher\":{\"@id\":\"https:\\\/\\\/auna.com.br\\\/auna\\\/#organization\"},\"potentialAction\":[{\"@type\":\"SearchAction\",\"target\":{\"@type\":\"EntryPoint\",\"urlTemplate\":\"https:\\\/\\\/auna.com.br\\\/auna\\\/?s={search_term_string}\"},\"query-input\":{\"@type\":\"PropertyValueSpecification\",\"valueRequired\":true,\"valueName\":\"search_term_string\"}}],\"inLanguage\":\"pt-BR\"},{\"@type\":\"Organization\",\"@id\":\"https:\\\/\\\/auna.com.br\\\/auna\\\/#organization\",\"name\":\"AUNA Metrologia e Instrumenta\u00e7\u00e3o - Instrumentos de Medi\u00e7\u00e3o, Sensores para Monitoramento e Software para Calibra\u00e7\u00e3o, Ensaio e Inspe\u00e7\u00e3o\",\"url\":\"https:\\\/\\\/auna.com.br\\\/auna\\\/\",\"logo\":{\"@type\":\"ImageObject\",\"inLanguage\":\"pt-BR\",\"@id\":\"https:\\\/\\\/auna.com.br\\\/auna\\\/#\\\/schema\\\/logo\\\/image\\\/\",\"url\":\"https:\\\/\\\/auna.com.br\\\/auna\\\/wp-content\\\/uploads\\\/2023\\\/03\\\/cropped-AUNA_Logo_Transparente.png\",\"contentUrl\":\"https:\\\/\\\/auna.com.br\\\/auna\\\/wp-content\\\/uploads\\\/2023\\\/03\\\/cropped-AUNA_Logo_Transparente.png\",\"width\":960,\"height\":430,\"caption\":\"AUNA Metrologia e Instrumenta\u00e7\u00e3o - Instrumentos de Medi\u00e7\u00e3o, Sensores para Monitoramento e Software para Calibra\u00e7\u00e3o, Ensaio e Inspe\u00e7\u00e3o\"},\"image\":{\"@id\":\"https:\\\/\\\/auna.com.br\\\/auna\\\/#\\\/schema\\\/logo\\\/image\\\/\"}}]}<\/script>\n<!-- \/ Yoast SEO plugin. -->","yoast_head_json":{"title":"Additel 878-160 - AUNA Metrologia e Instrumenta\u00e7\u00e3o - Instrumentos de Medi\u00e7\u00e3o, Sensores para Monitoramento e Software para Calibra\u00e7\u00e3o, Ensaio e Inspe\u00e7\u00e3o","description":"Port\u00e1til, robusto e r\u00e1pido \u00e0 temperatura, controle de zona dupla, op\u00e7\u00e3o de calibrador de processo que permite a leitura de 2 sensores em teste al\u00e9m do term\u00f4metro de refer\u00eancia, comunica\u00e7\u00e3o HART.","robots":{"index":"index","follow":"follow","max-snippet":"max-snippet:-1","max-image-preview":"max-image-preview:large","max-video-preview":"max-video-preview:-1"},"canonical":"https:\/\/auna.com.br\/auna\/produto\/additel-878-160\/","og_locale":"pt_BR","og_type":"article","og_title":"Additel 878-160 - AUNA Metrologia e Instrumenta\u00e7\u00e3o - Instrumentos de Medi\u00e7\u00e3o, Sensores para Monitoramento e Software para Calibra\u00e7\u00e3o, Ensaio e Inspe\u00e7\u00e3o","og_description":"Port\u00e1til, robusto e r\u00e1pido \u00e0 temperatura, controle de zona dupla, op\u00e7\u00e3o de calibrador de processo que permite a leitura de 2 sensores em teste al\u00e9m do term\u00f4metro de refer\u00eancia, comunica\u00e7\u00e3o HART.","og_url":"https:\/\/auna.com.br\/auna\/produto\/additel-878-160\/","og_site_name":"AUNA Metrologia e Instrumenta\u00e7\u00e3o - Instrumentos de Medi\u00e7\u00e3o, Sensores para Monitoramento e Software para Calibra\u00e7\u00e3o, Ensaio e Inspe\u00e7\u00e3o","article_modified_time":"2022-04-18T19:40:00+00:00","og_image":[{"width":346,"height":550,"url":"https:\/\/auna.com.br\/auna\/wp-content\/uploads\/2020\/10\/ADT878700.jpg","type":"image\/jpeg"}],"twitter_card":"summary_large_image","twitter_misc":{"Est. tempo de leitura":"2 minutos"},"schema":{"@context":"https:\/\/schema.org","@graph":[{"@type":"WebPage","@id":"https:\/\/auna.com.br\/auna\/produto\/additel-878-160\/","url":"https:\/\/auna.com.br\/auna\/produto\/additel-878-160\/","name":"Additel 878-160 - AUNA Metrologia e Instrumenta\u00e7\u00e3o - Instrumentos de Medi\u00e7\u00e3o, Sensores para Monitoramento e Software para Calibra\u00e7\u00e3o, Ensaio e Inspe\u00e7\u00e3o","isPartOf":{"@id":"https:\/\/auna.com.br\/auna\/#website"},"primaryImageOfPage":{"@id":"https:\/\/auna.com.br\/auna\/produto\/additel-878-160\/#primaryimage"},"image":{"@id":"https:\/\/auna.com.br\/auna\/produto\/additel-878-160\/#primaryimage"},"thumbnailUrl":"https:\/\/auna.com.br\/auna\/wp-content\/uploads\/2020\/10\/ADT878700.jpg","datePublished":"2020-10-17T18:38:11+00:00","dateModified":"2022-04-18T19:40:00+00:00","description":"Port\u00e1til, robusto e r\u00e1pido \u00e0 temperatura, controle de zona dupla, op\u00e7\u00e3o de calibrador de processo que permite a leitura de 2 sensores em teste al\u00e9m do term\u00f4metro de refer\u00eancia, comunica\u00e7\u00e3o HART.","breadcrumb":{"@id":"https:\/\/auna.com.br\/auna\/produto\/additel-878-160\/#breadcrumb"},"inLanguage":"pt-BR","potentialAction":[{"@type":"ReadAction","target":["https:\/\/auna.com.br\/auna\/produto\/additel-878-160\/"]}]},{"@type":"ImageObject","inLanguage":"pt-BR","@id":"https:\/\/auna.com.br\/auna\/produto\/additel-878-160\/#primaryimage","url":"https:\/\/auna.com.br\/auna\/wp-content\/uploads\/2020\/10\/ADT878700.jpg","contentUrl":"https:\/\/auna.com.br\/auna\/wp-content\/uploads\/2020\/10\/ADT878700.jpg","width":346,"height":550},{"@type":"BreadcrumbList","@id":"https:\/\/auna.com.br\/auna\/produto\/additel-878-160\/#breadcrumb","itemListElement":[{"@type":"ListItem","position":1,"name":"In\u00edcio","item":"https:\/\/auna.com.br\/auna\/"},{"@type":"ListItem","position":2,"name":"Instrumentos","item":"https:\/\/auna.com.br\/auna\/loja\/"},{"@type":"ListItem","position":3,"name":"Additel 878-160"}]},{"@type":"WebSite","@id":"https:\/\/auna.com.br\/auna\/#website","url":"https:\/\/auna.com.br\/auna\/","name":"AUNA Metrologia e Instrumenta\u00e7\u00e3o - Instrumentos de Medi\u00e7\u00e3o, Sensores para Monitoramento e Software para Calibra\u00e7\u00e3o, Ensaio e Inspe\u00e7\u00e3o","description":"comercial@auna.com.br || +55 15 9 8129-4041","publisher":{"@id":"https:\/\/auna.com.br\/auna\/#organization"},"potentialAction":[{"@type":"SearchAction","target":{"@type":"EntryPoint","urlTemplate":"https:\/\/auna.com.br\/auna\/?s={search_term_string}"},"query-input":{"@type":"PropertyValueSpecification","valueRequired":true,"valueName":"search_term_string"}}],"inLanguage":"pt-BR"},{"@type":"Organization","@id":"https:\/\/auna.com.br\/auna\/#organization","name":"AUNA Metrologia e Instrumenta\u00e7\u00e3o - Instrumentos de Medi\u00e7\u00e3o, Sensores para Monitoramento e Software para Calibra\u00e7\u00e3o, Ensaio e Inspe\u00e7\u00e3o","url":"https:\/\/auna.com.br\/auna\/","logo":{"@type":"ImageObject","inLanguage":"pt-BR","@id":"https:\/\/auna.com.br\/auna\/#\/schema\/logo\/image\/","url":"https:\/\/auna.com.br\/auna\/wp-content\/uploads\/2023\/03\/cropped-AUNA_Logo_Transparente.png","contentUrl":"https:\/\/auna.com.br\/auna\/wp-content\/uploads\/2023\/03\/cropped-AUNA_Logo_Transparente.png","width":960,"height":430,"caption":"AUNA Metrologia e Instrumenta\u00e7\u00e3o - Instrumentos de Medi\u00e7\u00e3o, Sensores para Monitoramento e Software para Calibra\u00e7\u00e3o, Ensaio e Inspe\u00e7\u00e3o"},"image":{"@id":"https:\/\/auna.com.br\/auna\/#\/schema\/logo\/image\/"}}]}},"_links":{"self":[{"href":"https:\/\/auna.com.br\/auna\/wp-json\/wp\/v2\/product\/6812","targetHints":{"allow":["GET"]}}],"collection":[{"href":"https:\/\/auna.com.br\/auna\/wp-json\/wp\/v2\/product"}],"about":[{"href":"https:\/\/auna.com.br\/auna\/wp-json\/wp\/v2\/types\/product"}],"replies":[{"embeddable":true,"href":"https:\/\/auna.com.br\/auna\/wp-json\/wp\/v2\/comments?post=6812"}],"wp:featuredmedia":[{"embeddable":true,"href":"https:\/\/auna.com.br\/auna\/wp-json\/wp\/v2\/media\/6807"}],"wp:attachment":[{"href":"https:\/\/auna.com.br\/auna\/wp-json\/wp\/v2\/media?parent=6812"}],"wp:term":[{"taxonomy":"product_brand","embeddable":true,"href":"https:\/\/auna.com.br\/auna\/wp-json\/wp\/v2\/product_brand?post=6812"},{"taxonomy":"product_cat","embeddable":true,"href":"https:\/\/auna.com.br\/auna\/wp-json\/wp\/v2\/product_cat?post=6812"},{"taxonomy":"product_tag","embeddable":true,"href":"https:\/\/auna.com.br\/auna\/wp-json\/wp\/v2\/product_tag?post=6812"},{"taxonomy":"wpstream_actors","embeddable":true,"href":"https:\/\/auna.com.br\/auna\/wp-json\/wp\/v2\/wpstream_actors?post=6812"},{"taxonomy":"wpstream_category","embeddable":true,"href":"https:\/\/auna.com.br\/auna\/wp-json\/wp\/v2\/wpstream_category?post=6812"},{"taxonomy":"wpstream_movie_rating","embeddable":true,"href":"https:\/\/auna.com.br\/auna\/wp-json\/wp\/v2\/wpstream_movie_rating?post=6812"}],"curies":[{"name":"wp","href":"https:\/\/api.w.org\/{rel}","templated":true}]}}