{"id":831,"date":"2019-06-10T17:14:47","date_gmt":"2019-06-10T17:14:47","guid":{"rendered":"https:\/\/www.aunarepresentacoes.com.br\/?post_type=product&#038;p=831"},"modified":"2022-04-22T16:03:39","modified_gmt":"2022-04-22T19:03:39","slug":"hpc50","status":"publish","type":"product","link":"https:\/\/auna.com.br\/auna\/produto\/hpc50\/","title":{"rendered":"HPC50"},"content":{"rendered":"<p><strong>Calibrador de Press\u00e3o Intrinsecamente Seguro da S\u00e9rie HPC50<\/strong><\/p>\n<p>O\u00a0<strong>HPC50<\/strong>\u00a0combina as funcionalidades que voc\u00ea gosta do calibrador de press\u00e3o\u00a0<strong>HPC40<\/strong>\u00a0tais como bateria de longa durabilidade, display a prova de sol, c\u00e1lculo de percentual de vaz\u00e3o, conex\u00f5es com m\u00f3dulos externos e \u00e9 claro\u00a0<strong>Seguran\u00e7a Intr\u00ednseca<\/strong>.<\/p>\n<p>O\u00a0<strong>HPC50<\/strong>\u00a0possui certifica\u00e7\u00e3o\u00a0<strong>ATEX<\/strong>\u00a0tamb\u00e9m para\u00a0<strong>Zona 0<\/strong>. Tal como todo equipamento da Crystal Engineering,ele possui compensa\u00e7\u00e3o total de temperatura para todas as especifica\u00e7\u00f5es incluindo medi\u00e7\u00f5es de press\u00e3o, temperatura e sinais el\u00e9tricos.<\/p>\n<p>As 2 (duas) portas de conex\u00e3o situadas na lateral esquerda do\u00a0<strong>HPC50<\/strong>\u00a0permitem a conex\u00e3o de m\u00f3dulos de press\u00e3o (<strong>APMi<\/strong>) e de temperatura (<strong>ATMi<\/strong>), elas possuem o mesmo tipo de conector ent\u00e3o voc\u00ea poder\u00e1 conectar dois m\u00f3dulos de temperatura que permitir\u00e1 a medi\u00e7\u00e3o da temperatura de dois par\u00e2metros tais como ambiente e processo. Combinando esta medi\u00e7\u00e3o com os dois m\u00f3dulos de press\u00e3o internos, voc\u00ea pode ler dois valores de press\u00e3o e dois de temperatura no mesmo instrumento. Ou ainda, voc\u00ea pode conectar dois m\u00f3dulos de press\u00e3o exernos APMi e ler quatro press\u00f5es ao mesmo tempo.<\/p>\n<p>A interface &#8220;advanced Simplicity&#8221; tamb\u00e9m est\u00e1 presente no calibrador\u00a0<strong>HPC50<\/strong>\u00a0bem como nos outros calibradores da Crystal.<\/p>\n<div><strong>Principais Caracter\u00edsticas:<\/strong><\/div>\n<div>\u2022 HPC51 com um m\u00f3dulo de press\u00e3o interno ou HPC52 com dois m\u00f3dulos de press\u00e3o internos<\/div>\n<div>\u2022 Exatid\u00e3o na medi\u00e7\u00e3o de press\u00e3o de 0,035% da leitura<\/div>\n<div>\u2022 Faixas de press\u00e3o dispon\u00edveis at\u00e9 15000 psi \/ 1000 bar \/ 100 MPa<\/div>\n<div>\u2022 Faixa barom\u00e9trica opcional para permitir a leitura de press\u00f5es absolutas<\/div>\n<div>\u2022 Leitura de sinais el\u00e9tricos 0-55mA, 0-28Vdc e teste de contato el\u00e9trico<\/div>\n<div>\u2022 Gera\u00e7\u00e3o de sinal de corrente 0-25mA<\/div>\n<div>\u2022 Term\u00f4metro de alta exatid\u00e3o atrav\u00e9s da tecnologia &#8220;True Ohm&#8221;<\/div>\n<div>\u2022 Armazena e recupera telas utilizadas previsamente<\/div>\n<div>\u2022 Customize as configura\u00e7\u00f5es atrav\u00e9s do software CrystalControl (gratuito)<\/div>\n<div>\u2022 Leve e pequeno (567 gramas &#8211; 89x43x176 mm)<\/div>\n<div>\u2022 Combine com o Sistema de Press\u00e3o que inclui bomba para gera\u00e7\u00e3o de press\u00e3o e case de transporte<\/div>\n<div><\/div>\n<div>Acesse os links abaixo e assista os v\u00eddeos para conhecer mais sobre o<strong>\u00a0HPC50.<\/strong><\/div>\n<div>\u2022 Vis\u00e3o Geral (<a title=\"Vis\u00e3o Geral\" href=\"https:\/\/www.youtube.com\/watch?v=voqUKKUsCkw\" target=\"_blank\" rel=\"noopener noreferrer\">link<\/a>)<\/div>\n<div>\u2022 Navegando pelo Menu (<a title=\"Navegando pelo Menu\" href=\"https:\/\/www.youtube.com\/watch?v=yVtm9UQ6BXg\" target=\"_blank\" rel=\"noopener noreferrer\">link<\/a>)<\/div>\n<div>\u2022 Tipos de press\u00e3o (<a title=\"Tipos de press\u00e3o\" href=\"https:\/\/www.youtube.com\/watch?v=MEcjpo1-UH8\" target=\"_blank\" rel=\"noopener noreferrer\">link<\/a>)<\/div>\n<div>\u2022 Fun\u00e7\u00f5es Escala e C\u00e1lculo de Erro (<a title=\"Fun\u00e7\u00f5es Escala e C\u00e1lculo de Erro\" href=\"https:\/\/www.youtube.com\/watch?v=QfBDJod4zFA\" target=\"_blank\" rel=\"noopener noreferrer\">link<\/a>)<\/div>\n","protected":false},"excerpt":{"rendered":"<p>Calibrador de Press\u00e3o Intrinsecamente Seguro da S\u00e9rie HPC50 O\u00a0HPC50\u00a0combina as funcionalidades que voc\u00ea gosta do calibrador de press\u00e3o\u00a0HPC40\u00a0tais como bateria de longa durabilidade, display a prova de sol, c\u00e1lculo de percentual de vaz\u00e3o, conex\u00f5es com m\u00f3dulos externos e \u00e9 claro\u00a0Seguran\u00e7a Intr\u00ednseca. O\u00a0HPC50\u00a0possui certifica\u00e7\u00e3o\u00a0ATEX\u00a0tamb\u00e9m para\u00a0Zona 0. Tal como todo equipamento da Crystal Engineering,ele possui compensa\u00e7\u00e3o total [&hellip;]<\/p>\n","protected":false},"featured_media":832,"comment_status":"closed","ping_status":"closed","template":"","meta":[],"product_brand":[],"product_cat":[63,62],"product_tag":[],"wpstream_actors":[],"wpstream_category":[],"wpstream_movie_rating":[],"class_list":{"0":"post-831","1":"product","2":"type-product","3":"status-publish","4":"has-post-thumbnail","6":"product_cat-calibrador-de-pressao","7":"product_cat-calibradores-pressao","9":"first","10":"onbackorder","11":"taxable","12":"shipping-taxable","13":"product-type-simple","14":"czr-hentry"},"yoast_head":"<!-- This site is optimized with the Yoast SEO plugin v27.5 - https:\/\/yoast.com\/product\/yoast-seo-wordpress\/ -->\n<title>HPC50 - AUNA Metrologia e Instrumenta\u00e7\u00e3o - Instrumentos de Medi\u00e7\u00e3o, Sensores para Monitoramento e Software para Calibra\u00e7\u00e3o, Ensaio e Inspe\u00e7\u00e3o<\/title>\n<meta name=\"robots\" content=\"index, follow, max-snippet:-1, max-image-preview:large, max-video-preview:-1\" \/>\n<link rel=\"canonical\" href=\"https:\/\/auna.com.br\/auna\/produto\/hpc50\/\" \/>\n<meta property=\"og:locale\" content=\"pt_BR\" \/>\n<meta property=\"og:type\" content=\"article\" \/>\n<meta property=\"og:title\" content=\"HPC50 - AUNA Metrologia e Instrumenta\u00e7\u00e3o - Instrumentos de Medi\u00e7\u00e3o, Sensores para Monitoramento e Software para Calibra\u00e7\u00e3o, Ensaio e Inspe\u00e7\u00e3o\" \/>\n<meta property=\"og:description\" content=\"Calibrador de Press\u00e3o Intrinsecamente Seguro da S\u00e9rie HPC50 O\u00a0HPC50\u00a0combina as funcionalidades que voc\u00ea gosta do calibrador de press\u00e3o\u00a0HPC40\u00a0tais como bateria de longa durabilidade, display a prova de sol, c\u00e1lculo de percentual de vaz\u00e3o, conex\u00f5es com m\u00f3dulos externos e \u00e9 claro\u00a0Seguran\u00e7a Intr\u00ednseca. O\u00a0HPC50\u00a0possui certifica\u00e7\u00e3o\u00a0ATEX\u00a0tamb\u00e9m para\u00a0Zona 0. Tal como todo equipamento da Crystal Engineering,ele possui compensa\u00e7\u00e3o total [&hellip;]\" \/>\n<meta property=\"og:url\" content=\"https:\/\/auna.com.br\/auna\/produto\/hpc50\/\" \/>\n<meta property=\"og:site_name\" content=\"AUNA Metrologia e Instrumenta\u00e7\u00e3o - Instrumentos de Medi\u00e7\u00e3o, Sensores para Monitoramento e Software para Calibra\u00e7\u00e3o, Ensaio e Inspe\u00e7\u00e3o\" \/>\n<meta property=\"article:modified_time\" content=\"2022-04-22T19:03:39+00:00\" \/>\n<meta property=\"og:image\" content=\"https:\/\/auna.com.br\/auna\/wp-content\/uploads\/2019\/06\/hpc50_front-02_hi-res.jpg\" \/>\n\t<meta property=\"og:image:width\" content=\"400\" \/>\n\t<meta property=\"og:image:height\" content=\"400\" \/>\n\t<meta property=\"og:image:type\" content=\"image\/jpeg\" \/>\n<meta name=\"twitter:card\" content=\"summary_large_image\" \/>\n<meta name=\"twitter:label1\" content=\"Est. tempo de leitura\" \/>\n\t<meta name=\"twitter:data1\" content=\"2 minutos\" \/>\n<script type=\"application\/ld+json\" class=\"yoast-schema-graph\">{\"@context\":\"https:\\\/\\\/schema.org\",\"@graph\":[{\"@type\":\"WebPage\",\"@id\":\"https:\\\/\\\/auna.com.br\\\/auna\\\/produto\\\/hpc50\\\/\",\"url\":\"https:\\\/\\\/auna.com.br\\\/auna\\\/produto\\\/hpc50\\\/\",\"name\":\"HPC50 - AUNA Metrologia e Instrumenta\u00e7\u00e3o - Instrumentos de Medi\u00e7\u00e3o, Sensores para Monitoramento e Software para Calibra\u00e7\u00e3o, Ensaio e Inspe\u00e7\u00e3o\",\"isPartOf\":{\"@id\":\"https:\\\/\\\/auna.com.br\\\/auna\\\/#website\"},\"primaryImageOfPage\":{\"@id\":\"https:\\\/\\\/auna.com.br\\\/auna\\\/produto\\\/hpc50\\\/#primaryimage\"},\"image\":{\"@id\":\"https:\\\/\\\/auna.com.br\\\/auna\\\/produto\\\/hpc50\\\/#primaryimage\"},\"thumbnailUrl\":\"https:\\\/\\\/auna.com.br\\\/auna\\\/wp-content\\\/uploads\\\/2019\\\/06\\\/hpc50_front-02_hi-res.jpg\",\"datePublished\":\"2019-06-10T17:14:47+00:00\",\"dateModified\":\"2022-04-22T19:03:39+00:00\",\"breadcrumb\":{\"@id\":\"https:\\\/\\\/auna.com.br\\\/auna\\\/produto\\\/hpc50\\\/#breadcrumb\"},\"inLanguage\":\"pt-BR\",\"potentialAction\":[{\"@type\":\"ReadAction\",\"target\":[\"https:\\\/\\\/auna.com.br\\\/auna\\\/produto\\\/hpc50\\\/\"]}]},{\"@type\":\"ImageObject\",\"inLanguage\":\"pt-BR\",\"@id\":\"https:\\\/\\\/auna.com.br\\\/auna\\\/produto\\\/hpc50\\\/#primaryimage\",\"url\":\"https:\\\/\\\/auna.com.br\\\/auna\\\/wp-content\\\/uploads\\\/2019\\\/06\\\/hpc50_front-02_hi-res.jpg\",\"contentUrl\":\"https:\\\/\\\/auna.com.br\\\/auna\\\/wp-content\\\/uploads\\\/2019\\\/06\\\/hpc50_front-02_hi-res.jpg\",\"width\":400,\"height\":400},{\"@type\":\"BreadcrumbList\",\"@id\":\"https:\\\/\\\/auna.com.br\\\/auna\\\/produto\\\/hpc50\\\/#breadcrumb\",\"itemListElement\":[{\"@type\":\"ListItem\",\"position\":1,\"name\":\"In\u00edcio\",\"item\":\"https:\\\/\\\/auna.com.br\\\/auna\\\/\"},{\"@type\":\"ListItem\",\"position\":2,\"name\":\"Instrumentos\",\"item\":\"https:\\\/\\\/auna.com.br\\\/auna\\\/loja\\\/\"},{\"@type\":\"ListItem\",\"position\":3,\"name\":\"HPC50\"}]},{\"@type\":\"WebSite\",\"@id\":\"https:\\\/\\\/auna.com.br\\\/auna\\\/#website\",\"url\":\"https:\\\/\\\/auna.com.br\\\/auna\\\/\",\"name\":\"AUNA Metrologia e Instrumenta\u00e7\u00e3o - Instrumentos de Medi\u00e7\u00e3o, Sensores para Monitoramento e Software para Calibra\u00e7\u00e3o, Ensaio e Inspe\u00e7\u00e3o\",\"description\":\"comercial@auna.com.br || +55 15 9 8129-4041\",\"publisher\":{\"@id\":\"https:\\\/\\\/auna.com.br\\\/auna\\\/#organization\"},\"potentialAction\":[{\"@type\":\"SearchAction\",\"target\":{\"@type\":\"EntryPoint\",\"urlTemplate\":\"https:\\\/\\\/auna.com.br\\\/auna\\\/?s={search_term_string}\"},\"query-input\":{\"@type\":\"PropertyValueSpecification\",\"valueRequired\":true,\"valueName\":\"search_term_string\"}}],\"inLanguage\":\"pt-BR\"},{\"@type\":\"Organization\",\"@id\":\"https:\\\/\\\/auna.com.br\\\/auna\\\/#organization\",\"name\":\"AUNA Metrologia e Instrumenta\u00e7\u00e3o - Instrumentos de Medi\u00e7\u00e3o, Sensores para Monitoramento e Software para Calibra\u00e7\u00e3o, Ensaio e Inspe\u00e7\u00e3o\",\"url\":\"https:\\\/\\\/auna.com.br\\\/auna\\\/\",\"logo\":{\"@type\":\"ImageObject\",\"inLanguage\":\"pt-BR\",\"@id\":\"https:\\\/\\\/auna.com.br\\\/auna\\\/#\\\/schema\\\/logo\\\/image\\\/\",\"url\":\"https:\\\/\\\/auna.com.br\\\/auna\\\/wp-content\\\/uploads\\\/2023\\\/03\\\/cropped-AUNA_Logo_Transparente.png\",\"contentUrl\":\"https:\\\/\\\/auna.com.br\\\/auna\\\/wp-content\\\/uploads\\\/2023\\\/03\\\/cropped-AUNA_Logo_Transparente.png\",\"width\":960,\"height\":430,\"caption\":\"AUNA Metrologia e Instrumenta\u00e7\u00e3o - Instrumentos de Medi\u00e7\u00e3o, Sensores para Monitoramento e Software para Calibra\u00e7\u00e3o, Ensaio e Inspe\u00e7\u00e3o\"},\"image\":{\"@id\":\"https:\\\/\\\/auna.com.br\\\/auna\\\/#\\\/schema\\\/logo\\\/image\\\/\"}}]}<\/script>\n<!-- \/ Yoast SEO plugin. -->","yoast_head_json":{"title":"HPC50 - AUNA Metrologia e Instrumenta\u00e7\u00e3o - Instrumentos de Medi\u00e7\u00e3o, Sensores para Monitoramento e Software para Calibra\u00e7\u00e3o, Ensaio e Inspe\u00e7\u00e3o","robots":{"index":"index","follow":"follow","max-snippet":"max-snippet:-1","max-image-preview":"max-image-preview:large","max-video-preview":"max-video-preview:-1"},"canonical":"https:\/\/auna.com.br\/auna\/produto\/hpc50\/","og_locale":"pt_BR","og_type":"article","og_title":"HPC50 - AUNA Metrologia e Instrumenta\u00e7\u00e3o - Instrumentos de Medi\u00e7\u00e3o, Sensores para Monitoramento e Software para Calibra\u00e7\u00e3o, Ensaio e Inspe\u00e7\u00e3o","og_description":"Calibrador de Press\u00e3o Intrinsecamente Seguro da S\u00e9rie HPC50 O\u00a0HPC50\u00a0combina as funcionalidades que voc\u00ea gosta do calibrador de press\u00e3o\u00a0HPC40\u00a0tais como bateria de longa durabilidade, display a prova de sol, c\u00e1lculo de percentual de vaz\u00e3o, conex\u00f5es com m\u00f3dulos externos e \u00e9 claro\u00a0Seguran\u00e7a Intr\u00ednseca. O\u00a0HPC50\u00a0possui certifica\u00e7\u00e3o\u00a0ATEX\u00a0tamb\u00e9m para\u00a0Zona 0. Tal como todo equipamento da Crystal Engineering,ele possui compensa\u00e7\u00e3o total [&hellip;]","og_url":"https:\/\/auna.com.br\/auna\/produto\/hpc50\/","og_site_name":"AUNA Metrologia e Instrumenta\u00e7\u00e3o - Instrumentos de Medi\u00e7\u00e3o, Sensores para Monitoramento e Software para Calibra\u00e7\u00e3o, Ensaio e Inspe\u00e7\u00e3o","article_modified_time":"2022-04-22T19:03:39+00:00","og_image":[{"width":400,"height":400,"url":"https:\/\/auna.com.br\/auna\/wp-content\/uploads\/2019\/06\/hpc50_front-02_hi-res.jpg","type":"image\/jpeg"}],"twitter_card":"summary_large_image","twitter_misc":{"Est. tempo de leitura":"2 minutos"},"schema":{"@context":"https:\/\/schema.org","@graph":[{"@type":"WebPage","@id":"https:\/\/auna.com.br\/auna\/produto\/hpc50\/","url":"https:\/\/auna.com.br\/auna\/produto\/hpc50\/","name":"HPC50 - AUNA Metrologia e Instrumenta\u00e7\u00e3o - Instrumentos de Medi\u00e7\u00e3o, Sensores para Monitoramento e Software para Calibra\u00e7\u00e3o, Ensaio e Inspe\u00e7\u00e3o","isPartOf":{"@id":"https:\/\/auna.com.br\/auna\/#website"},"primaryImageOfPage":{"@id":"https:\/\/auna.com.br\/auna\/produto\/hpc50\/#primaryimage"},"image":{"@id":"https:\/\/auna.com.br\/auna\/produto\/hpc50\/#primaryimage"},"thumbnailUrl":"https:\/\/auna.com.br\/auna\/wp-content\/uploads\/2019\/06\/hpc50_front-02_hi-res.jpg","datePublished":"2019-06-10T17:14:47+00:00","dateModified":"2022-04-22T19:03:39+00:00","breadcrumb":{"@id":"https:\/\/auna.com.br\/auna\/produto\/hpc50\/#breadcrumb"},"inLanguage":"pt-BR","potentialAction":[{"@type":"ReadAction","target":["https:\/\/auna.com.br\/auna\/produto\/hpc50\/"]}]},{"@type":"ImageObject","inLanguage":"pt-BR","@id":"https:\/\/auna.com.br\/auna\/produto\/hpc50\/#primaryimage","url":"https:\/\/auna.com.br\/auna\/wp-content\/uploads\/2019\/06\/hpc50_front-02_hi-res.jpg","contentUrl":"https:\/\/auna.com.br\/auna\/wp-content\/uploads\/2019\/06\/hpc50_front-02_hi-res.jpg","width":400,"height":400},{"@type":"BreadcrumbList","@id":"https:\/\/auna.com.br\/auna\/produto\/hpc50\/#breadcrumb","itemListElement":[{"@type":"ListItem","position":1,"name":"In\u00edcio","item":"https:\/\/auna.com.br\/auna\/"},{"@type":"ListItem","position":2,"name":"Instrumentos","item":"https:\/\/auna.com.br\/auna\/loja\/"},{"@type":"ListItem","position":3,"name":"HPC50"}]},{"@type":"WebSite","@id":"https:\/\/auna.com.br\/auna\/#website","url":"https:\/\/auna.com.br\/auna\/","name":"AUNA Metrologia e Instrumenta\u00e7\u00e3o - Instrumentos de Medi\u00e7\u00e3o, Sensores para Monitoramento e Software para Calibra\u00e7\u00e3o, Ensaio e Inspe\u00e7\u00e3o","description":"comercial@auna.com.br || +55 15 9 8129-4041","publisher":{"@id":"https:\/\/auna.com.br\/auna\/#organization"},"potentialAction":[{"@type":"SearchAction","target":{"@type":"EntryPoint","urlTemplate":"https:\/\/auna.com.br\/auna\/?s={search_term_string}"},"query-input":{"@type":"PropertyValueSpecification","valueRequired":true,"valueName":"search_term_string"}}],"inLanguage":"pt-BR"},{"@type":"Organization","@id":"https:\/\/auna.com.br\/auna\/#organization","name":"AUNA Metrologia e Instrumenta\u00e7\u00e3o - Instrumentos de Medi\u00e7\u00e3o, Sensores para Monitoramento e Software para Calibra\u00e7\u00e3o, Ensaio e Inspe\u00e7\u00e3o","url":"https:\/\/auna.com.br\/auna\/","logo":{"@type":"ImageObject","inLanguage":"pt-BR","@id":"https:\/\/auna.com.br\/auna\/#\/schema\/logo\/image\/","url":"https:\/\/auna.com.br\/auna\/wp-content\/uploads\/2023\/03\/cropped-AUNA_Logo_Transparente.png","contentUrl":"https:\/\/auna.com.br\/auna\/wp-content\/uploads\/2023\/03\/cropped-AUNA_Logo_Transparente.png","width":960,"height":430,"caption":"AUNA Metrologia e Instrumenta\u00e7\u00e3o - Instrumentos de Medi\u00e7\u00e3o, Sensores para Monitoramento e Software para Calibra\u00e7\u00e3o, Ensaio e Inspe\u00e7\u00e3o"},"image":{"@id":"https:\/\/auna.com.br\/auna\/#\/schema\/logo\/image\/"}}]}},"_links":{"self":[{"href":"https:\/\/auna.com.br\/auna\/wp-json\/wp\/v2\/product\/831","targetHints":{"allow":["GET"]}}],"collection":[{"href":"https:\/\/auna.com.br\/auna\/wp-json\/wp\/v2\/product"}],"about":[{"href":"https:\/\/auna.com.br\/auna\/wp-json\/wp\/v2\/types\/product"}],"replies":[{"embeddable":true,"href":"https:\/\/auna.com.br\/auna\/wp-json\/wp\/v2\/comments?post=831"}],"wp:featuredmedia":[{"embeddable":true,"href":"https:\/\/auna.com.br\/auna\/wp-json\/wp\/v2\/media\/832"}],"wp:attachment":[{"href":"https:\/\/auna.com.br\/auna\/wp-json\/wp\/v2\/media?parent=831"}],"wp:term":[{"taxonomy":"product_brand","embeddable":true,"href":"https:\/\/auna.com.br\/auna\/wp-json\/wp\/v2\/product_brand?post=831"},{"taxonomy":"product_cat","embeddable":true,"href":"https:\/\/auna.com.br\/auna\/wp-json\/wp\/v2\/product_cat?post=831"},{"taxonomy":"product_tag","embeddable":true,"href":"https:\/\/auna.com.br\/auna\/wp-json\/wp\/v2\/product_tag?post=831"},{"taxonomy":"wpstream_actors","embeddable":true,"href":"https:\/\/auna.com.br\/auna\/wp-json\/wp\/v2\/wpstream_actors?post=831"},{"taxonomy":"wpstream_category","embeddable":true,"href":"https:\/\/auna.com.br\/auna\/wp-json\/wp\/v2\/wpstream_category?post=831"},{"taxonomy":"wpstream_movie_rating","embeddable":true,"href":"https:\/\/auna.com.br\/auna\/wp-json\/wp\/v2\/wpstream_movie_rating?post=831"}],"curies":[{"name":"wp","href":"https:\/\/api.w.org\/{rel}","templated":true}]}}