{"id":8786,"date":"2023-04-07T09:34:17","date_gmt":"2023-04-07T12:34:17","guid":{"rendered":"https:\/\/auna.com.br\/auna\/?post_type=product&#038;p=8786"},"modified":"2025-12-20T10:11:18","modified_gmt":"2025-12-20T13:11:18","slug":"adt762-gerador-e-controlador-automatico-de-alta-pressao-hidraulico","status":"publish","type":"product","link":"https:\/\/auna.com.br\/auna\/produto\/adt762-gerador-e-controlador-automatico-de-alta-pressao-hidraulico\/","title":{"rendered":"ADT762 W &#8211; Gerador e Controlador Autom\u00e1tico de Alta Press\u00e3o Hidr\u00e1ulico"},"content":{"rendered":"<div>\n<div><b>Especifica\u00e7\u00f5es de press\u00e3o\u00a0<\/b><\/div>\n<\/div>\n<div>M\u00f3dulo interno de press\u00e3o faixa dupla 3000 psi e 10000 psi com sele\u00e7\u00e3o manual ou autom\u00e1tica<\/div>\n<div>Exatid\u00e3o de 0,01%FS ou 0,02%FS<\/div>\n<div>Estabilidade de controle &lt; 0,005%FS<\/div>\n<div>Duas entradas para leitura de press\u00e3o atrav\u00e9s dos m\u00f3dulos de press\u00e3o externos ADT161<\/div>\n<div><\/div>\n<div>\n<div>\n<div><b>Especifica\u00e7\u00f5es de Sinais El\u00e9tricos\u00a0<\/b><\/div>\n<\/div>\n<div>Medi\u00e7\u00e3o de Corrente Auto-range \u00b125 ou \u00b150 mA<\/div>\n<div>Medi\u00e7\u00e3o de Tens\u00e3o Auto-range \u00b15, \u00b112 ou \u00b130 V<\/div>\n<div>Fonte de Loop 24Vdc<\/div>\n<div>Gera\u00e7\u00e3o de Corrente 0 a 25 mA<\/div>\n<div>Gera\u00e7\u00e3o de Tens\u00e3o 0 a 16V<\/div>\n<div>Teste de Pressostatos<\/div>\n<div><\/div>\n<\/div>\n<div>\n<div>\n<div><b>Outras Caracter\u00edsticas\u00a0<\/b><\/div>\n<\/div>\n<div>Opera\u00e7\u00e3o com bateria recarreg\u00e1vel, dura\u00e7\u00e3o 12 horas, &lt;5 horas para recarga<\/div>\n<div>Mem\u00f3ria interna &lt;8GBytes, permite o armazenamento de 1000 tarefas e resultados de calibra\u00e7\u00e3o bem como 1000000 de loggers<\/div>\n<div>Tarefas pr\u00e9-definidas, passo autom\u00e1tico, teste de Contato, teste de vazamento<\/div>\n<div>Comunica\u00e7\u00e3o com instrumentos HART e Profibus PA<\/div>\n<\/div>\n<div>Interfaces USB, LAN<\/div>\n<div>Softwares compat\u00edveis ACal (opcional), Additel Land (gratuito)<\/div>\n<div>App Additel Link (gratuito \u2013 para uso em Smartfones e Tablets)<\/div>\n","protected":false},"excerpt":{"rendered":"<p>O ADT762W \u00e9 um calibrador de press\u00e3o totalmente diferente dos existentes no mercado. Este produto revolucion\u00e1rio \u00e9 uma solu\u00e7\u00e3o completa para a automa\u00e7\u00e3o das calibra\u00e7\u00f5es de press\u00e3o at\u00e9 10000 psi para os sistemas que n\u00e3o podem usar \u00f3leo como flu\u00eddo hidr\u00e1ulico. Desenvolvido para uso no campo ou em laborat\u00f3rio, a portabilidade e exatid\u00e3o deste produto estado da arte far\u00e1 com que este calibrador se torne rapidamente o padr\u00e3o de trabalho favorito dos t\u00e9cnicos e profissionais dos laborat\u00f3rios de calibra\u00e7\u00e3o.<\/p>\n<p>Exclusivo sistema que evita o retorno do flu\u00eddo hidr\u00e1ulico para o calibrador para que n\u00e3o ocorra contamina\u00e7\u00e3o, desta forma o instrumento ter\u00e1 maior tempo de trabalho e de vida reduzindo poss\u00edveis manuten\u00e7\u00f5es e mantendo sua estabilidade de controle.<\/p>\n<p>A Additel atendeu com este equipamento as necessidades de nossos clientes com este produto que permite a calibra\u00e7\u00e3o autom\u00e1tica para transdutores e transmissores de press\u00e3o, pressostatos, man\u00f4metros anal\u00f3gicos ou digitais, incluindo ainda a comunica\u00e7\u00e3o com instrumentos HART e PROFIBUS em conjunto com fun\u00e7\u00f5es de tarefas integradas, datalogger.<\/p>\n","protected":false},"featured_media":8801,"comment_status":"closed","ping_status":"closed","template":"","meta":[],"product_brand":[],"product_cat":[63,64],"product_tag":[],"wpstream_actors":[],"wpstream_category":[],"wpstream_movie_rating":[],"class_list":{"0":"post-8786","1":"product","2":"type-product","3":"status-publish","4":"has-post-thumbnail","6":"product_cat-calibrador-de-pressao","7":"product_cat-calibrador-de-pressao-automatico","9":"first","10":"onbackorder","11":"taxable","12":"shipping-taxable","13":"product-type-simple","14":"czr-hentry"},"yoast_head":"<!-- This site is optimized with the Yoast SEO plugin v27.5 - https:\/\/yoast.com\/product\/yoast-seo-wordpress\/ -->\n<title>ADT762 W - Gerador e Controlador Autom\u00e1tico de Alta Press\u00e3o Hidr\u00e1ulico - AUNA Metrologia e Instrumenta\u00e7\u00e3o - Instrumentos de Medi\u00e7\u00e3o, Sensores para Monitoramento e Software para Calibra\u00e7\u00e3o, Ensaio e Inspe\u00e7\u00e3o<\/title>\n<meta name=\"robots\" content=\"index, follow, max-snippet:-1, max-image-preview:large, max-video-preview:-1\" \/>\n<link rel=\"canonical\" href=\"https:\/\/auna.com.br\/auna\/produto\/adt762-gerador-e-controlador-automatico-de-alta-pressao-hidraulico\/\" \/>\n<meta property=\"og:locale\" content=\"pt_BR\" \/>\n<meta property=\"og:type\" content=\"article\" \/>\n<meta property=\"og:title\" content=\"ADT762 W - Gerador e Controlador Autom\u00e1tico de Alta Press\u00e3o Hidr\u00e1ulico - AUNA Metrologia e Instrumenta\u00e7\u00e3o - Instrumentos de Medi\u00e7\u00e3o, Sensores para Monitoramento e Software para Calibra\u00e7\u00e3o, Ensaio e Inspe\u00e7\u00e3o\" \/>\n<meta property=\"og:description\" content=\"O ADT762W \u00e9 um calibrador de press\u00e3o totalmente diferente dos existentes no mercado. Este produto revolucion\u00e1rio \u00e9 uma solu\u00e7\u00e3o completa para a automa\u00e7\u00e3o das calibra\u00e7\u00f5es de press\u00e3o at\u00e9 10000 psi para os sistemas que n\u00e3o podem usar \u00f3leo como flu\u00eddo hidr\u00e1ulico. Desenvolvido para uso no campo ou em laborat\u00f3rio, a portabilidade e exatid\u00e3o deste produto estado da arte far\u00e1 com que este calibrador se torne rapidamente o padr\u00e3o de trabalho favorito dos t\u00e9cnicos e profissionais dos laborat\u00f3rios de calibra\u00e7\u00e3o.  Exclusivo sistema que evita o retorno do flu\u00eddo hidr\u00e1ulico para o calibrador para que n\u00e3o ocorra contamina\u00e7\u00e3o, desta forma o instrumento ter\u00e1 maior tempo de trabalho e de vida reduzindo poss\u00edveis manuten\u00e7\u00f5es e mantendo sua estabilidade de controle.  A Additel atendeu com este equipamento as necessidades de nossos clientes com este produto que permite a calibra\u00e7\u00e3o autom\u00e1tica para transdutores e transmissores de press\u00e3o, pressostatos, man\u00f4metros anal\u00f3gicos ou digitais, incluindo ainda a comunica\u00e7\u00e3o com instrumentos HART e PROFIBUS em conjunto com fun\u00e7\u00f5es de tarefas integradas, datalogger.\" \/>\n<meta property=\"og:url\" content=\"https:\/\/auna.com.br\/auna\/produto\/adt762-gerador-e-controlador-automatico-de-alta-pressao-hidraulico\/\" \/>\n<meta property=\"og:site_name\" content=\"AUNA Metrologia e Instrumenta\u00e7\u00e3o - Instrumentos de Medi\u00e7\u00e3o, Sensores para Monitoramento e Software para Calibra\u00e7\u00e3o, Ensaio e Inspe\u00e7\u00e3o\" \/>\n<meta property=\"article:modified_time\" content=\"2025-12-20T13:11:18+00:00\" \/>\n<meta property=\"og:image\" content=\"https:\/\/auna.com.br\/auna\/wp-content\/uploads\/2023\/04\/ADT760W.jpg\" \/>\n\t<meta property=\"og:image:width\" content=\"1654\" \/>\n\t<meta property=\"og:image:height\" content=\"1654\" \/>\n\t<meta property=\"og:image:type\" content=\"image\/jpeg\" \/>\n<meta name=\"twitter:card\" content=\"summary_large_image\" \/>\n<meta name=\"twitter:label1\" content=\"Est. tempo de leitura\" \/>\n\t<meta name=\"twitter:data1\" content=\"1 minuto\" \/>\n<script type=\"application\/ld+json\" class=\"yoast-schema-graph\">{\"@context\":\"https:\\\/\\\/schema.org\",\"@graph\":[{\"@type\":\"WebPage\",\"@id\":\"https:\\\/\\\/auna.com.br\\\/auna\\\/produto\\\/adt762-gerador-e-controlador-automatico-de-alta-pressao-hidraulico\\\/\",\"url\":\"https:\\\/\\\/auna.com.br\\\/auna\\\/produto\\\/adt762-gerador-e-controlador-automatico-de-alta-pressao-hidraulico\\\/\",\"name\":\"ADT762 W - Gerador e Controlador Autom\u00e1tico de Alta Press\u00e3o Hidr\u00e1ulico - AUNA Metrologia e Instrumenta\u00e7\u00e3o - Instrumentos de Medi\u00e7\u00e3o, Sensores para Monitoramento e Software para Calibra\u00e7\u00e3o, Ensaio e Inspe\u00e7\u00e3o\",\"isPartOf\":{\"@id\":\"https:\\\/\\\/auna.com.br\\\/auna\\\/#website\"},\"primaryImageOfPage\":{\"@id\":\"https:\\\/\\\/auna.com.br\\\/auna\\\/produto\\\/adt762-gerador-e-controlador-automatico-de-alta-pressao-hidraulico\\\/#primaryimage\"},\"image\":{\"@id\":\"https:\\\/\\\/auna.com.br\\\/auna\\\/produto\\\/adt762-gerador-e-controlador-automatico-de-alta-pressao-hidraulico\\\/#primaryimage\"},\"thumbnailUrl\":\"https:\\\/\\\/auna.com.br\\\/auna\\\/wp-content\\\/uploads\\\/2023\\\/04\\\/ADT760W.jpg\",\"datePublished\":\"2023-04-07T12:34:17+00:00\",\"dateModified\":\"2025-12-20T13:11:18+00:00\",\"breadcrumb\":{\"@id\":\"https:\\\/\\\/auna.com.br\\\/auna\\\/produto\\\/adt762-gerador-e-controlador-automatico-de-alta-pressao-hidraulico\\\/#breadcrumb\"},\"inLanguage\":\"pt-BR\",\"potentialAction\":[{\"@type\":\"ReadAction\",\"target\":[\"https:\\\/\\\/auna.com.br\\\/auna\\\/produto\\\/adt762-gerador-e-controlador-automatico-de-alta-pressao-hidraulico\\\/\"]}]},{\"@type\":\"ImageObject\",\"inLanguage\":\"pt-BR\",\"@id\":\"https:\\\/\\\/auna.com.br\\\/auna\\\/produto\\\/adt762-gerador-e-controlador-automatico-de-alta-pressao-hidraulico\\\/#primaryimage\",\"url\":\"https:\\\/\\\/auna.com.br\\\/auna\\\/wp-content\\\/uploads\\\/2023\\\/04\\\/ADT760W.jpg\",\"contentUrl\":\"https:\\\/\\\/auna.com.br\\\/auna\\\/wp-content\\\/uploads\\\/2023\\\/04\\\/ADT760W.jpg\",\"width\":1654,\"height\":1654},{\"@type\":\"BreadcrumbList\",\"@id\":\"https:\\\/\\\/auna.com.br\\\/auna\\\/produto\\\/adt762-gerador-e-controlador-automatico-de-alta-pressao-hidraulico\\\/#breadcrumb\",\"itemListElement\":[{\"@type\":\"ListItem\",\"position\":1,\"name\":\"In\u00edcio\",\"item\":\"https:\\\/\\\/auna.com.br\\\/auna\\\/\"},{\"@type\":\"ListItem\",\"position\":2,\"name\":\"Instrumentos\",\"item\":\"https:\\\/\\\/auna.com.br\\\/auna\\\/loja\\\/\"},{\"@type\":\"ListItem\",\"position\":3,\"name\":\"ADT762 W &#8211; Gerador e Controlador Autom\u00e1tico de Alta Press\u00e3o Hidr\u00e1ulico\"}]},{\"@type\":\"WebSite\",\"@id\":\"https:\\\/\\\/auna.com.br\\\/auna\\\/#website\",\"url\":\"https:\\\/\\\/auna.com.br\\\/auna\\\/\",\"name\":\"AUNA Metrologia e Instrumenta\u00e7\u00e3o - Instrumentos de Medi\u00e7\u00e3o, Sensores para Monitoramento e Software para Calibra\u00e7\u00e3o, Ensaio e Inspe\u00e7\u00e3o\",\"description\":\"comercial@auna.com.br || +55 15 9 8129-4041\",\"publisher\":{\"@id\":\"https:\\\/\\\/auna.com.br\\\/auna\\\/#organization\"},\"potentialAction\":[{\"@type\":\"SearchAction\",\"target\":{\"@type\":\"EntryPoint\",\"urlTemplate\":\"https:\\\/\\\/auna.com.br\\\/auna\\\/?s={search_term_string}\"},\"query-input\":{\"@type\":\"PropertyValueSpecification\",\"valueRequired\":true,\"valueName\":\"search_term_string\"}}],\"inLanguage\":\"pt-BR\"},{\"@type\":\"Organization\",\"@id\":\"https:\\\/\\\/auna.com.br\\\/auna\\\/#organization\",\"name\":\"AUNA Metrologia e Instrumenta\u00e7\u00e3o - Instrumentos de Medi\u00e7\u00e3o, Sensores para Monitoramento e Software para Calibra\u00e7\u00e3o, Ensaio e Inspe\u00e7\u00e3o\",\"url\":\"https:\\\/\\\/auna.com.br\\\/auna\\\/\",\"logo\":{\"@type\":\"ImageObject\",\"inLanguage\":\"pt-BR\",\"@id\":\"https:\\\/\\\/auna.com.br\\\/auna\\\/#\\\/schema\\\/logo\\\/image\\\/\",\"url\":\"https:\\\/\\\/auna.com.br\\\/auna\\\/wp-content\\\/uploads\\\/2023\\\/03\\\/cropped-AUNA_Logo_Transparente.png\",\"contentUrl\":\"https:\\\/\\\/auna.com.br\\\/auna\\\/wp-content\\\/uploads\\\/2023\\\/03\\\/cropped-AUNA_Logo_Transparente.png\",\"width\":960,\"height\":430,\"caption\":\"AUNA Metrologia e Instrumenta\u00e7\u00e3o - Instrumentos de Medi\u00e7\u00e3o, Sensores para Monitoramento e Software para Calibra\u00e7\u00e3o, Ensaio e Inspe\u00e7\u00e3o\"},\"image\":{\"@id\":\"https:\\\/\\\/auna.com.br\\\/auna\\\/#\\\/schema\\\/logo\\\/image\\\/\"}}]}<\/script>\n<!-- \/ Yoast SEO plugin. -->","yoast_head_json":{"title":"ADT762 W - Gerador e Controlador Autom\u00e1tico de Alta Press\u00e3o Hidr\u00e1ulico - AUNA Metrologia e Instrumenta\u00e7\u00e3o - Instrumentos de Medi\u00e7\u00e3o, Sensores para Monitoramento e Software para Calibra\u00e7\u00e3o, Ensaio e Inspe\u00e7\u00e3o","robots":{"index":"index","follow":"follow","max-snippet":"max-snippet:-1","max-image-preview":"max-image-preview:large","max-video-preview":"max-video-preview:-1"},"canonical":"https:\/\/auna.com.br\/auna\/produto\/adt762-gerador-e-controlador-automatico-de-alta-pressao-hidraulico\/","og_locale":"pt_BR","og_type":"article","og_title":"ADT762 W - Gerador e Controlador Autom\u00e1tico de Alta Press\u00e3o Hidr\u00e1ulico - AUNA Metrologia e Instrumenta\u00e7\u00e3o - Instrumentos de Medi\u00e7\u00e3o, Sensores para Monitoramento e Software para Calibra\u00e7\u00e3o, Ensaio e Inspe\u00e7\u00e3o","og_description":"O ADT762W \u00e9 um calibrador de press\u00e3o totalmente diferente dos existentes no mercado. Este produto revolucion\u00e1rio \u00e9 uma solu\u00e7\u00e3o completa para a automa\u00e7\u00e3o das calibra\u00e7\u00f5es de press\u00e3o at\u00e9 10000 psi para os sistemas que n\u00e3o podem usar \u00f3leo como flu\u00eddo hidr\u00e1ulico. Desenvolvido para uso no campo ou em laborat\u00f3rio, a portabilidade e exatid\u00e3o deste produto estado da arte far\u00e1 com que este calibrador se torne rapidamente o padr\u00e3o de trabalho favorito dos t\u00e9cnicos e profissionais dos laborat\u00f3rios de calibra\u00e7\u00e3o.  Exclusivo sistema que evita o retorno do flu\u00eddo hidr\u00e1ulico para o calibrador para que n\u00e3o ocorra contamina\u00e7\u00e3o, desta forma o instrumento ter\u00e1 maior tempo de trabalho e de vida reduzindo poss\u00edveis manuten\u00e7\u00f5es e mantendo sua estabilidade de controle.  A Additel atendeu com este equipamento as necessidades de nossos clientes com este produto que permite a calibra\u00e7\u00e3o autom\u00e1tica para transdutores e transmissores de press\u00e3o, pressostatos, man\u00f4metros anal\u00f3gicos ou digitais, incluindo ainda a comunica\u00e7\u00e3o com instrumentos HART e PROFIBUS em conjunto com fun\u00e7\u00f5es de tarefas integradas, datalogger.","og_url":"https:\/\/auna.com.br\/auna\/produto\/adt762-gerador-e-controlador-automatico-de-alta-pressao-hidraulico\/","og_site_name":"AUNA Metrologia e Instrumenta\u00e7\u00e3o - Instrumentos de Medi\u00e7\u00e3o, Sensores para Monitoramento e Software para Calibra\u00e7\u00e3o, Ensaio e Inspe\u00e7\u00e3o","article_modified_time":"2025-12-20T13:11:18+00:00","og_image":[{"width":1654,"height":1654,"url":"https:\/\/auna.com.br\/auna\/wp-content\/uploads\/2023\/04\/ADT760W.jpg","type":"image\/jpeg"}],"twitter_card":"summary_large_image","twitter_misc":{"Est. tempo de leitura":"1 minuto"},"schema":{"@context":"https:\/\/schema.org","@graph":[{"@type":"WebPage","@id":"https:\/\/auna.com.br\/auna\/produto\/adt762-gerador-e-controlador-automatico-de-alta-pressao-hidraulico\/","url":"https:\/\/auna.com.br\/auna\/produto\/adt762-gerador-e-controlador-automatico-de-alta-pressao-hidraulico\/","name":"ADT762 W - Gerador e Controlador Autom\u00e1tico de Alta Press\u00e3o Hidr\u00e1ulico - AUNA Metrologia e Instrumenta\u00e7\u00e3o - Instrumentos de Medi\u00e7\u00e3o, Sensores para Monitoramento e Software para Calibra\u00e7\u00e3o, Ensaio e Inspe\u00e7\u00e3o","isPartOf":{"@id":"https:\/\/auna.com.br\/auna\/#website"},"primaryImageOfPage":{"@id":"https:\/\/auna.com.br\/auna\/produto\/adt762-gerador-e-controlador-automatico-de-alta-pressao-hidraulico\/#primaryimage"},"image":{"@id":"https:\/\/auna.com.br\/auna\/produto\/adt762-gerador-e-controlador-automatico-de-alta-pressao-hidraulico\/#primaryimage"},"thumbnailUrl":"https:\/\/auna.com.br\/auna\/wp-content\/uploads\/2023\/04\/ADT760W.jpg","datePublished":"2023-04-07T12:34:17+00:00","dateModified":"2025-12-20T13:11:18+00:00","breadcrumb":{"@id":"https:\/\/auna.com.br\/auna\/produto\/adt762-gerador-e-controlador-automatico-de-alta-pressao-hidraulico\/#breadcrumb"},"inLanguage":"pt-BR","potentialAction":[{"@type":"ReadAction","target":["https:\/\/auna.com.br\/auna\/produto\/adt762-gerador-e-controlador-automatico-de-alta-pressao-hidraulico\/"]}]},{"@type":"ImageObject","inLanguage":"pt-BR","@id":"https:\/\/auna.com.br\/auna\/produto\/adt762-gerador-e-controlador-automatico-de-alta-pressao-hidraulico\/#primaryimage","url":"https:\/\/auna.com.br\/auna\/wp-content\/uploads\/2023\/04\/ADT760W.jpg","contentUrl":"https:\/\/auna.com.br\/auna\/wp-content\/uploads\/2023\/04\/ADT760W.jpg","width":1654,"height":1654},{"@type":"BreadcrumbList","@id":"https:\/\/auna.com.br\/auna\/produto\/adt762-gerador-e-controlador-automatico-de-alta-pressao-hidraulico\/#breadcrumb","itemListElement":[{"@type":"ListItem","position":1,"name":"In\u00edcio","item":"https:\/\/auna.com.br\/auna\/"},{"@type":"ListItem","position":2,"name":"Instrumentos","item":"https:\/\/auna.com.br\/auna\/loja\/"},{"@type":"ListItem","position":3,"name":"ADT762 W &#8211; Gerador e Controlador Autom\u00e1tico de Alta Press\u00e3o Hidr\u00e1ulico"}]},{"@type":"WebSite","@id":"https:\/\/auna.com.br\/auna\/#website","url":"https:\/\/auna.com.br\/auna\/","name":"AUNA Metrologia e Instrumenta\u00e7\u00e3o - Instrumentos de Medi\u00e7\u00e3o, Sensores para Monitoramento e Software para Calibra\u00e7\u00e3o, Ensaio e Inspe\u00e7\u00e3o","description":"comercial@auna.com.br || +55 15 9 8129-4041","publisher":{"@id":"https:\/\/auna.com.br\/auna\/#organization"},"potentialAction":[{"@type":"SearchAction","target":{"@type":"EntryPoint","urlTemplate":"https:\/\/auna.com.br\/auna\/?s={search_term_string}"},"query-input":{"@type":"PropertyValueSpecification","valueRequired":true,"valueName":"search_term_string"}}],"inLanguage":"pt-BR"},{"@type":"Organization","@id":"https:\/\/auna.com.br\/auna\/#organization","name":"AUNA Metrologia e Instrumenta\u00e7\u00e3o - Instrumentos de Medi\u00e7\u00e3o, Sensores para Monitoramento e Software para Calibra\u00e7\u00e3o, Ensaio e Inspe\u00e7\u00e3o","url":"https:\/\/auna.com.br\/auna\/","logo":{"@type":"ImageObject","inLanguage":"pt-BR","@id":"https:\/\/auna.com.br\/auna\/#\/schema\/logo\/image\/","url":"https:\/\/auna.com.br\/auna\/wp-content\/uploads\/2023\/03\/cropped-AUNA_Logo_Transparente.png","contentUrl":"https:\/\/auna.com.br\/auna\/wp-content\/uploads\/2023\/03\/cropped-AUNA_Logo_Transparente.png","width":960,"height":430,"caption":"AUNA Metrologia e Instrumenta\u00e7\u00e3o - Instrumentos de Medi\u00e7\u00e3o, Sensores para Monitoramento e Software para Calibra\u00e7\u00e3o, Ensaio e Inspe\u00e7\u00e3o"},"image":{"@id":"https:\/\/auna.com.br\/auna\/#\/schema\/logo\/image\/"}}]}},"_links":{"self":[{"href":"https:\/\/auna.com.br\/auna\/wp-json\/wp\/v2\/product\/8786","targetHints":{"allow":["GET"]}}],"collection":[{"href":"https:\/\/auna.com.br\/auna\/wp-json\/wp\/v2\/product"}],"about":[{"href":"https:\/\/auna.com.br\/auna\/wp-json\/wp\/v2\/types\/product"}],"replies":[{"embeddable":true,"href":"https:\/\/auna.com.br\/auna\/wp-json\/wp\/v2\/comments?post=8786"}],"wp:featuredmedia":[{"embeddable":true,"href":"https:\/\/auna.com.br\/auna\/wp-json\/wp\/v2\/media\/8801"}],"wp:attachment":[{"href":"https:\/\/auna.com.br\/auna\/wp-json\/wp\/v2\/media?parent=8786"}],"wp:term":[{"taxonomy":"product_brand","embeddable":true,"href":"https:\/\/auna.com.br\/auna\/wp-json\/wp\/v2\/product_brand?post=8786"},{"taxonomy":"product_cat","embeddable":true,"href":"https:\/\/auna.com.br\/auna\/wp-json\/wp\/v2\/product_cat?post=8786"},{"taxonomy":"product_tag","embeddable":true,"href":"https:\/\/auna.com.br\/auna\/wp-json\/wp\/v2\/product_tag?post=8786"},{"taxonomy":"wpstream_actors","embeddable":true,"href":"https:\/\/auna.com.br\/auna\/wp-json\/wp\/v2\/wpstream_actors?post=8786"},{"taxonomy":"wpstream_category","embeddable":true,"href":"https:\/\/auna.com.br\/auna\/wp-json\/wp\/v2\/wpstream_category?post=8786"},{"taxonomy":"wpstream_movie_rating","embeddable":true,"href":"https:\/\/auna.com.br\/auna\/wp-json\/wp\/v2\/wpstream_movie_rating?post=8786"}],"curies":[{"name":"wp","href":"https:\/\/api.w.org\/{rel}","templated":true}]}}