{"id":891,"date":"2019-06-11T01:56:39","date_gmt":"2019-06-11T01:56:39","guid":{"rendered":"https:\/\/www.aunarepresentacoes.com.br\/?post_type=product&#038;p=891"},"modified":"2022-04-22T15:52:04","modified_gmt":"2022-04-22T18:52:04","slug":"additel-780","status":"publish","type":"product","link":"https:\/\/auna.com.br\/auna\/produto\/additel-780\/","title":{"rendered":"Additel 780"},"content":{"rendered":"<p><strong>Additel 780 &#8211; Controlador de Press\u00e3o<\/strong><\/p>\n<p>Os controladores de Press\u00e3o da S\u00e9rie Additel 780 oferecem duas faixas b\u00e1sicas: 70 bar (1000 psi) e 200 bar (3000 psi). Selecione uma destas faixas e em seguida o P\/N do m\u00f3dulo de press\u00e3o ADT160A que deseja podendo ser de exatid\u00e3o standard (CP) ou vers\u00e3o de precis\u00e3o (AP). Adicionalmente ele possui a capacidade de efetuar medi\u00e7\u00f5es de corrente e tens\u00e3o, possui fonte fixa 24Vdc para alimenta\u00e7\u00e3o de loop, capacidade de comunica\u00e7\u00e3o HART\u00ae e Profibus PA bem como teste de pressostatos.<\/p>\n<div>\u2022 Faixas de Press\u00e3o de v\u00e1cuo a 3000 psi (200 bar)<br \/>\n\u2022 Sensores de press\u00e3o inteligentes remov\u00edveis e intercambi\u00e1veis<br \/>\n\u2022 Vers\u00e3o de Precis\u00e3o com exatid\u00e3o de 0,005% da leitura mais 0,005% FE<br \/>\n\u2022 Vers\u00e3o Standard com exatid\u00e3o de 0,02% FE<\/div>\n<div>\u2022 Novas Vers\u00f5es com exatid\u00e3o de 0,01% da leitura<\/div>\n<div>\u2022 Estabilidade de controle 0,003%FE<\/div>\n<div>\u2022 Solu\u00e7\u00e3o integrada 3000 psi (200 bar), n\u00e3o requer garrafa de g\u00e1s quando utilizada com op\u00e7\u00e3o Bomba El\u00e9trica e booster<br \/>\n\u2022\u00a0Solu\u00e7\u00e3o integrada 1000 psi (70 bar), n\u00e3o requer garrafa de g\u00e1s quando utilizada com op\u00e7\u00e3o Bomba El\u00e9trica<br \/>\n\u2022 M\u00f3dulos de press\u00e3o externos at\u00e9 3000 psi (200 bar)<br \/>\n\u2022 Comunica\u00e7\u00e3o WiFi (802.11)<br \/>\n\u2022 Temperatura totalmente compensada entre 0\u00b0C a 50\u00b0C<br \/>\n\u2022 Display colorido de 7\u201d e utiliza\u00e7\u00e3o por toque (touch screen)<br \/>\n\u2022 Bar\u00f4metro interno permite a opera\u00e7\u00e3o nos modos manom\u00e9trico e absoluto<\/div>\n<div>\u2022 Fornecido com manifold externo ADT127com 3 conex\u00f5es<\/div>\n<div>\n<div><\/div>\n<div><strong>Sinais El\u00e9tricos<\/strong><strong><br \/>\n<\/strong><\/div>\n<div>\u2022 Medi\u00e7\u00e3o de tens\u00e3o faixas -30\/30V e -300\/300mV dc<\/div>\n<div>\u2022 Medi\u00e7\u00e3o de corrente faixa -30\/30mA dc<\/div>\n<div>\u2022 Teste de pressostato<\/div>\n<div>\u2022 Fonte fixa 24 Vdc @ 30mA<\/div>\n<div><\/div>\n<div><strong>ADT780-1K-EPUMP\u00a0<\/strong><strong>Electric Pump<\/strong><\/div>\n<\/div>\n<div>\u2022\u00a0Gera de v\u00e1cuo -13,5 at\u00e9 1080 (-0,95 a 75 bar)<\/div>\n<div>\u2022 Incorcopra filtro e separador de l\u00edquido<\/div>\n<div>\n<div><strong>ADT780-3K-BST Booster de Press\u00e3o<\/strong><\/div>\n<div>\u2022 Press\u00e3o na porta de entrada 300 psi)<\/div>\n<div>\u2022 Press\u00e3o na porta de sa\u00edda 3600 psi<\/div>\n<div>\u2022 Vaz\u00e3o 500 ml\/min<\/div>\n<div>\u2022 Volume 375 mL<\/div>\n<div>\u2022 Alimenta\u00e7\u00e3o nitrog\u00eanio ou g\u00e1s limpo<\/div>\n<\/div>\n","protected":false},"excerpt":{"rendered":"<p>Additel 780 &#8211; Controlador de Press\u00e3o Os controladores de Press\u00e3o da S\u00e9rie Additel 780 oferecem duas faixas b\u00e1sicas: 70 bar (1000 psi) e 200 bar (3000 psi). Selecione uma destas faixas e em seguida o P\/N do m\u00f3dulo de press\u00e3o ADT160A que deseja podendo ser de exatid\u00e3o standard (CP) ou vers\u00e3o de precis\u00e3o (AP). Adicionalmente [&hellip;]<\/p>\n","protected":false},"featured_media":890,"comment_status":"closed","ping_status":"closed","template":"","meta":[],"product_brand":[],"product_cat":[68],"product_tag":[],"wpstream_actors":[],"wpstream_category":[],"wpstream_movie_rating":[],"class_list":{"0":"post-891","1":"product","2":"type-product","3":"status-publish","4":"has-post-thumbnail","6":"product_cat-controladores-de-pressao","8":"first","9":"onbackorder","10":"taxable","11":"shipping-taxable","12":"product-type-simple","13":"czr-hentry"},"yoast_head":"<!-- This site is optimized with the Yoast SEO plugin v27.5 - https:\/\/yoast.com\/product\/yoast-seo-wordpress\/ -->\n<title>Additel 780 - AUNA Metrologia e Instrumenta\u00e7\u00e3o - Instrumentos de Medi\u00e7\u00e3o, Sensores para Monitoramento e Software para Calibra\u00e7\u00e3o, Ensaio e Inspe\u00e7\u00e3o<\/title>\n<meta name=\"robots\" content=\"index, follow, max-snippet:-1, max-image-preview:large, max-video-preview:-1\" \/>\n<link rel=\"canonical\" href=\"https:\/\/auna.com.br\/auna\/produto\/additel-780\/\" \/>\n<meta property=\"og:locale\" content=\"pt_BR\" \/>\n<meta property=\"og:type\" content=\"article\" \/>\n<meta property=\"og:title\" content=\"Additel 780 - AUNA Metrologia e Instrumenta\u00e7\u00e3o - Instrumentos de Medi\u00e7\u00e3o, Sensores para Monitoramento e Software para Calibra\u00e7\u00e3o, Ensaio e Inspe\u00e7\u00e3o\" \/>\n<meta property=\"og:description\" content=\"Additel 780 &#8211; Controlador de Press\u00e3o Os controladores de Press\u00e3o da S\u00e9rie Additel 780 oferecem duas faixas b\u00e1sicas: 70 bar (1000 psi) e 200 bar (3000 psi). Selecione uma destas faixas e em seguida o P\/N do m\u00f3dulo de press\u00e3o ADT160A que deseja podendo ser de exatid\u00e3o standard (CP) ou vers\u00e3o de precis\u00e3o (AP). Adicionalmente [&hellip;]\" \/>\n<meta property=\"og:url\" content=\"https:\/\/auna.com.br\/auna\/produto\/additel-780\/\" \/>\n<meta property=\"og:site_name\" content=\"AUNA Metrologia e Instrumenta\u00e7\u00e3o - Instrumentos de Medi\u00e7\u00e3o, Sensores para Monitoramento e Software para Calibra\u00e7\u00e3o, Ensaio e Inspe\u00e7\u00e3o\" \/>\n<meta property=\"article:modified_time\" content=\"2022-04-22T18:52:04+00:00\" \/>\n<meta property=\"og:image\" content=\"https:\/\/auna.com.br\/auna\/wp-content\/uploads\/2019\/06\/additel_780.jpg\" \/>\n\t<meta property=\"og:image:width\" content=\"400\" \/>\n\t<meta property=\"og:image:height\" content=\"400\" \/>\n\t<meta property=\"og:image:type\" content=\"image\/jpeg\" \/>\n<meta name=\"twitter:card\" content=\"summary_large_image\" \/>\n<meta name=\"twitter:label1\" content=\"Est. tempo de leitura\" \/>\n\t<meta name=\"twitter:data1\" content=\"2 minutos\" \/>\n<script type=\"application\/ld+json\" class=\"yoast-schema-graph\">{\"@context\":\"https:\\\/\\\/schema.org\",\"@graph\":[{\"@type\":\"WebPage\",\"@id\":\"https:\\\/\\\/auna.com.br\\\/auna\\\/produto\\\/additel-780\\\/\",\"url\":\"https:\\\/\\\/auna.com.br\\\/auna\\\/produto\\\/additel-780\\\/\",\"name\":\"Additel 780 - AUNA Metrologia e Instrumenta\u00e7\u00e3o - Instrumentos de Medi\u00e7\u00e3o, Sensores para Monitoramento e Software para Calibra\u00e7\u00e3o, Ensaio e Inspe\u00e7\u00e3o\",\"isPartOf\":{\"@id\":\"https:\\\/\\\/auna.com.br\\\/auna\\\/#website\"},\"primaryImageOfPage\":{\"@id\":\"https:\\\/\\\/auna.com.br\\\/auna\\\/produto\\\/additel-780\\\/#primaryimage\"},\"image\":{\"@id\":\"https:\\\/\\\/auna.com.br\\\/auna\\\/produto\\\/additel-780\\\/#primaryimage\"},\"thumbnailUrl\":\"https:\\\/\\\/auna.com.br\\\/auna\\\/wp-content\\\/uploads\\\/2019\\\/06\\\/additel_780.jpg\",\"datePublished\":\"2019-06-11T01:56:39+00:00\",\"dateModified\":\"2022-04-22T18:52:04+00:00\",\"breadcrumb\":{\"@id\":\"https:\\\/\\\/auna.com.br\\\/auna\\\/produto\\\/additel-780\\\/#breadcrumb\"},\"inLanguage\":\"pt-BR\",\"potentialAction\":[{\"@type\":\"ReadAction\",\"target\":[\"https:\\\/\\\/auna.com.br\\\/auna\\\/produto\\\/additel-780\\\/\"]}]},{\"@type\":\"ImageObject\",\"inLanguage\":\"pt-BR\",\"@id\":\"https:\\\/\\\/auna.com.br\\\/auna\\\/produto\\\/additel-780\\\/#primaryimage\",\"url\":\"https:\\\/\\\/auna.com.br\\\/auna\\\/wp-content\\\/uploads\\\/2019\\\/06\\\/additel_780.jpg\",\"contentUrl\":\"https:\\\/\\\/auna.com.br\\\/auna\\\/wp-content\\\/uploads\\\/2019\\\/06\\\/additel_780.jpg\",\"width\":400,\"height\":400},{\"@type\":\"BreadcrumbList\",\"@id\":\"https:\\\/\\\/auna.com.br\\\/auna\\\/produto\\\/additel-780\\\/#breadcrumb\",\"itemListElement\":[{\"@type\":\"ListItem\",\"position\":1,\"name\":\"In\u00edcio\",\"item\":\"https:\\\/\\\/auna.com.br\\\/auna\\\/\"},{\"@type\":\"ListItem\",\"position\":2,\"name\":\"Instrumentos\",\"item\":\"https:\\\/\\\/auna.com.br\\\/auna\\\/loja\\\/\"},{\"@type\":\"ListItem\",\"position\":3,\"name\":\"Additel 780\"}]},{\"@type\":\"WebSite\",\"@id\":\"https:\\\/\\\/auna.com.br\\\/auna\\\/#website\",\"url\":\"https:\\\/\\\/auna.com.br\\\/auna\\\/\",\"name\":\"AUNA Metrologia e Instrumenta\u00e7\u00e3o - Instrumentos de Medi\u00e7\u00e3o, Sensores para Monitoramento e Software para Calibra\u00e7\u00e3o, Ensaio e Inspe\u00e7\u00e3o\",\"description\":\"comercial@auna.com.br || +55 15 9 8129-4041\",\"publisher\":{\"@id\":\"https:\\\/\\\/auna.com.br\\\/auna\\\/#organization\"},\"potentialAction\":[{\"@type\":\"SearchAction\",\"target\":{\"@type\":\"EntryPoint\",\"urlTemplate\":\"https:\\\/\\\/auna.com.br\\\/auna\\\/?s={search_term_string}\"},\"query-input\":{\"@type\":\"PropertyValueSpecification\",\"valueRequired\":true,\"valueName\":\"search_term_string\"}}],\"inLanguage\":\"pt-BR\"},{\"@type\":\"Organization\",\"@id\":\"https:\\\/\\\/auna.com.br\\\/auna\\\/#organization\",\"name\":\"AUNA Metrologia e Instrumenta\u00e7\u00e3o - Instrumentos de Medi\u00e7\u00e3o, Sensores para Monitoramento e Software para Calibra\u00e7\u00e3o, Ensaio e Inspe\u00e7\u00e3o\",\"url\":\"https:\\\/\\\/auna.com.br\\\/auna\\\/\",\"logo\":{\"@type\":\"ImageObject\",\"inLanguage\":\"pt-BR\",\"@id\":\"https:\\\/\\\/auna.com.br\\\/auna\\\/#\\\/schema\\\/logo\\\/image\\\/\",\"url\":\"https:\\\/\\\/auna.com.br\\\/auna\\\/wp-content\\\/uploads\\\/2023\\\/03\\\/cropped-AUNA_Logo_Transparente.png\",\"contentUrl\":\"https:\\\/\\\/auna.com.br\\\/auna\\\/wp-content\\\/uploads\\\/2023\\\/03\\\/cropped-AUNA_Logo_Transparente.png\",\"width\":960,\"height\":430,\"caption\":\"AUNA Metrologia e Instrumenta\u00e7\u00e3o - Instrumentos de Medi\u00e7\u00e3o, Sensores para Monitoramento e Software para Calibra\u00e7\u00e3o, Ensaio e Inspe\u00e7\u00e3o\"},\"image\":{\"@id\":\"https:\\\/\\\/auna.com.br\\\/auna\\\/#\\\/schema\\\/logo\\\/image\\\/\"}}]}<\/script>\n<!-- \/ Yoast SEO plugin. -->","yoast_head_json":{"title":"Additel 780 - AUNA Metrologia e Instrumenta\u00e7\u00e3o - Instrumentos de Medi\u00e7\u00e3o, Sensores para Monitoramento e Software para Calibra\u00e7\u00e3o, Ensaio e Inspe\u00e7\u00e3o","robots":{"index":"index","follow":"follow","max-snippet":"max-snippet:-1","max-image-preview":"max-image-preview:large","max-video-preview":"max-video-preview:-1"},"canonical":"https:\/\/auna.com.br\/auna\/produto\/additel-780\/","og_locale":"pt_BR","og_type":"article","og_title":"Additel 780 - AUNA Metrologia e Instrumenta\u00e7\u00e3o - Instrumentos de Medi\u00e7\u00e3o, Sensores para Monitoramento e Software para Calibra\u00e7\u00e3o, Ensaio e Inspe\u00e7\u00e3o","og_description":"Additel 780 &#8211; Controlador de Press\u00e3o Os controladores de Press\u00e3o da S\u00e9rie Additel 780 oferecem duas faixas b\u00e1sicas: 70 bar (1000 psi) e 200 bar (3000 psi). Selecione uma destas faixas e em seguida o P\/N do m\u00f3dulo de press\u00e3o ADT160A que deseja podendo ser de exatid\u00e3o standard (CP) ou vers\u00e3o de precis\u00e3o (AP). Adicionalmente [&hellip;]","og_url":"https:\/\/auna.com.br\/auna\/produto\/additel-780\/","og_site_name":"AUNA Metrologia e Instrumenta\u00e7\u00e3o - Instrumentos de Medi\u00e7\u00e3o, Sensores para Monitoramento e Software para Calibra\u00e7\u00e3o, Ensaio e Inspe\u00e7\u00e3o","article_modified_time":"2022-04-22T18:52:04+00:00","og_image":[{"width":400,"height":400,"url":"https:\/\/auna.com.br\/auna\/wp-content\/uploads\/2019\/06\/additel_780.jpg","type":"image\/jpeg"}],"twitter_card":"summary_large_image","twitter_misc":{"Est. tempo de leitura":"2 minutos"},"schema":{"@context":"https:\/\/schema.org","@graph":[{"@type":"WebPage","@id":"https:\/\/auna.com.br\/auna\/produto\/additel-780\/","url":"https:\/\/auna.com.br\/auna\/produto\/additel-780\/","name":"Additel 780 - AUNA Metrologia e Instrumenta\u00e7\u00e3o - Instrumentos de Medi\u00e7\u00e3o, Sensores para Monitoramento e Software para Calibra\u00e7\u00e3o, Ensaio e Inspe\u00e7\u00e3o","isPartOf":{"@id":"https:\/\/auna.com.br\/auna\/#website"},"primaryImageOfPage":{"@id":"https:\/\/auna.com.br\/auna\/produto\/additel-780\/#primaryimage"},"image":{"@id":"https:\/\/auna.com.br\/auna\/produto\/additel-780\/#primaryimage"},"thumbnailUrl":"https:\/\/auna.com.br\/auna\/wp-content\/uploads\/2019\/06\/additel_780.jpg","datePublished":"2019-06-11T01:56:39+00:00","dateModified":"2022-04-22T18:52:04+00:00","breadcrumb":{"@id":"https:\/\/auna.com.br\/auna\/produto\/additel-780\/#breadcrumb"},"inLanguage":"pt-BR","potentialAction":[{"@type":"ReadAction","target":["https:\/\/auna.com.br\/auna\/produto\/additel-780\/"]}]},{"@type":"ImageObject","inLanguage":"pt-BR","@id":"https:\/\/auna.com.br\/auna\/produto\/additel-780\/#primaryimage","url":"https:\/\/auna.com.br\/auna\/wp-content\/uploads\/2019\/06\/additel_780.jpg","contentUrl":"https:\/\/auna.com.br\/auna\/wp-content\/uploads\/2019\/06\/additel_780.jpg","width":400,"height":400},{"@type":"BreadcrumbList","@id":"https:\/\/auna.com.br\/auna\/produto\/additel-780\/#breadcrumb","itemListElement":[{"@type":"ListItem","position":1,"name":"In\u00edcio","item":"https:\/\/auna.com.br\/auna\/"},{"@type":"ListItem","position":2,"name":"Instrumentos","item":"https:\/\/auna.com.br\/auna\/loja\/"},{"@type":"ListItem","position":3,"name":"Additel 780"}]},{"@type":"WebSite","@id":"https:\/\/auna.com.br\/auna\/#website","url":"https:\/\/auna.com.br\/auna\/","name":"AUNA Metrologia e Instrumenta\u00e7\u00e3o - Instrumentos de Medi\u00e7\u00e3o, Sensores para Monitoramento e Software para Calibra\u00e7\u00e3o, Ensaio e Inspe\u00e7\u00e3o","description":"comercial@auna.com.br || +55 15 9 8129-4041","publisher":{"@id":"https:\/\/auna.com.br\/auna\/#organization"},"potentialAction":[{"@type":"SearchAction","target":{"@type":"EntryPoint","urlTemplate":"https:\/\/auna.com.br\/auna\/?s={search_term_string}"},"query-input":{"@type":"PropertyValueSpecification","valueRequired":true,"valueName":"search_term_string"}}],"inLanguage":"pt-BR"},{"@type":"Organization","@id":"https:\/\/auna.com.br\/auna\/#organization","name":"AUNA Metrologia e Instrumenta\u00e7\u00e3o - Instrumentos de Medi\u00e7\u00e3o, Sensores para Monitoramento e Software para Calibra\u00e7\u00e3o, Ensaio e Inspe\u00e7\u00e3o","url":"https:\/\/auna.com.br\/auna\/","logo":{"@type":"ImageObject","inLanguage":"pt-BR","@id":"https:\/\/auna.com.br\/auna\/#\/schema\/logo\/image\/","url":"https:\/\/auna.com.br\/auna\/wp-content\/uploads\/2023\/03\/cropped-AUNA_Logo_Transparente.png","contentUrl":"https:\/\/auna.com.br\/auna\/wp-content\/uploads\/2023\/03\/cropped-AUNA_Logo_Transparente.png","width":960,"height":430,"caption":"AUNA Metrologia e Instrumenta\u00e7\u00e3o - Instrumentos de Medi\u00e7\u00e3o, Sensores para Monitoramento e Software para Calibra\u00e7\u00e3o, Ensaio e Inspe\u00e7\u00e3o"},"image":{"@id":"https:\/\/auna.com.br\/auna\/#\/schema\/logo\/image\/"}}]}},"_links":{"self":[{"href":"https:\/\/auna.com.br\/auna\/wp-json\/wp\/v2\/product\/891","targetHints":{"allow":["GET"]}}],"collection":[{"href":"https:\/\/auna.com.br\/auna\/wp-json\/wp\/v2\/product"}],"about":[{"href":"https:\/\/auna.com.br\/auna\/wp-json\/wp\/v2\/types\/product"}],"replies":[{"embeddable":true,"href":"https:\/\/auna.com.br\/auna\/wp-json\/wp\/v2\/comments?post=891"}],"wp:featuredmedia":[{"embeddable":true,"href":"https:\/\/auna.com.br\/auna\/wp-json\/wp\/v2\/media\/890"}],"wp:attachment":[{"href":"https:\/\/auna.com.br\/auna\/wp-json\/wp\/v2\/media?parent=891"}],"wp:term":[{"taxonomy":"product_brand","embeddable":true,"href":"https:\/\/auna.com.br\/auna\/wp-json\/wp\/v2\/product_brand?post=891"},{"taxonomy":"product_cat","embeddable":true,"href":"https:\/\/auna.com.br\/auna\/wp-json\/wp\/v2\/product_cat?post=891"},{"taxonomy":"product_tag","embeddable":true,"href":"https:\/\/auna.com.br\/auna\/wp-json\/wp\/v2\/product_tag?post=891"},{"taxonomy":"wpstream_actors","embeddable":true,"href":"https:\/\/auna.com.br\/auna\/wp-json\/wp\/v2\/wpstream_actors?post=891"},{"taxonomy":"wpstream_category","embeddable":true,"href":"https:\/\/auna.com.br\/auna\/wp-json\/wp\/v2\/wpstream_category?post=891"},{"taxonomy":"wpstream_movie_rating","embeddable":true,"href":"https:\/\/auna.com.br\/auna\/wp-json\/wp\/v2\/wpstream_movie_rating?post=891"}],"curies":[{"name":"wp","href":"https:\/\/api.w.org\/{rel}","templated":true}]}}